{"id":55,"date":"2008-10-29T19:42:21","date_gmt":"2008-10-29T18:42:21","guid":{"rendered":"http:\/\/www.wowil.coldlight.pl\/bobik\/?page_id=55"},"modified":"2008-10-29T19:42:21","modified_gmt":"2008-10-29T18:42:21","slug":"truskawka","status":"publish","type":"page","link":"https:\/\/blog-bobika.eu\/?page_id=55","title":{"rendered":"Truskawka"},"content":{"rendered":"<p class=\"MsoPlainText\"><span>Cho\u0107by mi kto\u015b obieca\u0142<br \/>\nwi\u0119ksze ni\u017c \u017cycie stawki,<br \/>\nw \u017cyciu si\u0119 nie podejm\u0119<br \/>\nprzechytrzenia truskawki.<br \/>\nZ\u0142o\u015bliwa chytro\u015b\u0107 tej\u017ce<br \/>\njest zgo\u0142a przys\u0142owiowa,<br \/>\nwystarczy spojrze\u0107 jak si\u0119<br \/>\nprzed okiem ona chowa.<br \/>\nJak\u017ce si\u0119 robi przykro<br \/>\nka\u017cdemu daltoni\u015bcie,<br \/>\ngdy s\u0142yszy \u015bmiech truskawki<br \/>\nzaszytej sprytnie w li\u015bcie,<br \/>\na i kr\u00f3tkowidz zwyk\u0142y,<br \/>\ncho\u0107 w szk\u0142a si\u0119 zaopatrzy,<br \/>\nzemdleje z g\u0142odu zanim<br \/>\ntruskawk\u0119 gdzie\u015b wypatrzy.<br \/>\nWi\u0119c by si\u0119 z tych gagatk\u00f3w<br \/>\nnie mierzy\u0107 ca\u0142ym klanem,<br \/>\nkupuj\u0119 chytruskawki<br \/>\nprzez innych ju\u017c zebrane!<\/span><\/p>\n","protected":false},"excerpt":{"rendered":"<p>Cho\u0107by mi kto\u015b obieca\u0142 wi\u0119ksze ni\u017c \u017cycie stawki, w \u017cyciu si\u0119 nie podejm\u0119 przechytrzenia truskawki. Z\u0142o\u015bliwa chytro\u015b\u0107 tej\u017ce jest zgo\u0142a przys\u0142owiowa, wystarczy spojrze\u0107 jak si\u0119 przed okiem ona chowa. Jak\u017ce si\u0119 robi przykro ka\u017cdemu daltoni\u015bcie, gdy s\u0142yszy \u015bmiech truskawki zaszytej sprytnie w li\u015bcie, a i kr\u00f3tkowidz zwyk\u0142y, cho\u0107 w szk\u0142a si\u0119 zaopatrzy, zemdleje z g\u0142odu zanim truskawk\u0119 gdzie\u015b wypatrzy. Wi\u0119c by si\u0119 z tych gagatk\u00f3w nie mierzy\u0107 ca\u0142ym klanem, kupuj\u0119 chytruskawki przez innych ju\u017c zebrane!<\/p>\n","protected":false},"author":274,"featured_media":0,"parent":3,"menu_order":0,"comment_status":"open","ping_status":"open","template":"wiersze1.php","meta":{"footnotes":""},"class_list":["post-55","page","type-page","status-publish","hentry"],"_links":{"self":[{"href":"https:\/\/blog-bobika.eu\/index.php?rest_route=\/wp\/v2\/pages\/55","targetHints":{"allow":["GET"]}}],"collection":[{"href":"https:\/\/blog-bobika.eu\/index.php?rest_route=\/wp\/v2\/pages"}],"about":[{"href":"https:\/\/blog-bobika.eu\/index.php?rest_route=\/wp\/v2\/types\/page"}],"author":[{"embeddable":true,"href":"https:\/\/blog-bobika.eu\/index.php?rest_route=\/wp\/v2\/users\/274"}],"replies":[{"embeddable":true,"href":"https:\/\/blog-bobika.eu\/index.php?rest_route=%2Fwp%2Fv2%2Fcomments&post=55"}],"version-history":[{"count":0,"href":"https:\/\/blog-bobika.eu\/index.php?rest_route=\/wp\/v2\/pages\/55\/revisions"}],"up":[{"embeddable":true,"href":"https:\/\/blog-bobika.eu\/index.php?rest_route=\/wp\/v2\/pages\/3"}],"wp:attachment":[{"href":"https:\/\/blog-bobika.eu\/index.php?rest_route=%2Fwp%2Fv2%2Fmedia&parent=55"}],"curies":[{"name":"wp","href":"https:\/\/api.w.org\/{rel}","templated":true}]}}