{"id":49,"date":"2008-10-29T19:33:57","date_gmt":"2008-10-29T18:33:57","guid":{"rendered":"http:\/\/www.wowil.coldlight.pl\/bobik\/?page_id=49"},"modified":"2008-10-30T13:18:24","modified_gmt":"2008-10-30T12:18:24","slug":"pierog","status":"publish","type":"page","link":"https:\/\/blog-bobika.eu\/?page_id=49","title":{"rendered":"Pierogi"},"content":{"rendered":"<p>Pierogi mo\u017cna kupi\u0107 w sklepie<br \/>\n(wszak w\u0142asnor\u0119cznie ich nie zlepi\u0119?),<br \/>\nlecz z dawna wiedz\u0105 m\u0105dre g\u0142owy &#8211;<br \/>\npier\u00f3g powinien by\u0107 domowy,<br \/>\nczy to z jagod\u0105, czy z bor\u00f3wk\u0105,<br \/>\nwspaniale wp\u0142ywa nam na zdr\u00f3wko,<br \/>\nz mi\u0119siwem pie\u015bci podniebienie,<br \/>\nz kapust\u0105 te\u017c go sobie ceni\u0119,<br \/>\nruskie mi mog\u0105 zwozi\u0107 ZI\u0141-em<br \/>\n(Kto prosi\u0142 ruskie? &#8211; Ja prosi\u0142em!),<br \/>\na za grzybowe oddam \u017cycie.<br \/>\nNie da si\u0119 jednak nale\u017cycie<br \/>\nodda\u0107 rozpu\u015bcie piero\u017canej<br \/>\nbez Dochodz\u0105cej tak oddanej,<br \/>\n\u017ce odda r\u0119cznym si\u0119 rob\u00f3tkom<br \/>\nna ca\u0142kiem d\u0142ugo, nie na kr\u00f3tko,<br \/>\nulepi nam pierog\u00f3w stosik<br \/>\ni we\u017amie za to marny grosik.<br \/>\nBez posiadania takiej pani<br \/>\nnie cieszy mnie Manolo Blahnik,<br \/>\nnawet Armani jest do bani<br \/>\ni Lagerfelda te\u017c mam za nic.<br \/>\nZacna Gosposiu! Skarbie drogi!<br \/>\nJedyna szanso na pierogi!<br \/>\nTy nie zostawiaj mnie w potrzebie,<br \/>\no wodzie i z kie\u0142bas\u0105 chlebie!<\/p>\n","protected":false},"excerpt":{"rendered":"<p>Pierogi mo\u017cna kupi\u0107 w sklepie (wszak w\u0142asnor\u0119cznie ich nie zlepi\u0119?), lecz z dawna wiedz\u0105 m\u0105dre g\u0142owy &#8211; pier\u00f3g powinien by\u0107 domowy, czy to z jagod\u0105, czy z bor\u00f3wk\u0105, wspaniale wp\u0142ywa nam na zdr\u00f3wko, z mi\u0119siwem pie\u015bci podniebienie, z kapust\u0105 te\u017c go sobie ceni\u0119, ruskie mi mog\u0105 zwozi\u0107 ZI\u0141-em (Kto prosi\u0142 ruskie? &#8211; Ja prosi\u0142em!), a za grzybowe oddam \u017cycie. Nie da si\u0119 jednak nale\u017cycie odda\u0107 rozpu\u015bcie piero\u017canej bez Dochodz\u0105cej tak oddanej, \u017ce odda r\u0119cznym si\u0119 rob\u00f3tkom na ca\u0142kiem d\u0142ugo, nie na kr\u00f3tko, ulepi nam pierog\u00f3w stosik i we\u017amie za to marny grosik. Bez posiadania takiej pani nie cieszy mnie Manolo [&hellip;]<\/p>\n","protected":false},"author":274,"featured_media":0,"parent":3,"menu_order":0,"comment_status":"open","ping_status":"open","template":"wiersze1.php","meta":{"footnotes":""},"class_list":["post-49","page","type-page","status-publish","hentry"],"_links":{"self":[{"href":"https:\/\/blog-bobika.eu\/index.php?rest_route=\/wp\/v2\/pages\/49","targetHints":{"allow":["GET"]}}],"collection":[{"href":"https:\/\/blog-bobika.eu\/index.php?rest_route=\/wp\/v2\/pages"}],"about":[{"href":"https:\/\/blog-bobika.eu\/index.php?rest_route=\/wp\/v2\/types\/page"}],"author":[{"embeddable":true,"href":"https:\/\/blog-bobika.eu\/index.php?rest_route=\/wp\/v2\/users\/274"}],"replies":[{"embeddable":true,"href":"https:\/\/blog-bobika.eu\/index.php?rest_route=%2Fwp%2Fv2%2Fcomments&post=49"}],"version-history":[{"count":0,"href":"https:\/\/blog-bobika.eu\/index.php?rest_route=\/wp\/v2\/pages\/49\/revisions"}],"up":[{"embeddable":true,"href":"https:\/\/blog-bobika.eu\/index.php?rest_route=\/wp\/v2\/pages\/3"}],"wp:attachment":[{"href":"https:\/\/blog-bobika.eu\/index.php?rest_route=%2Fwp%2Fv2%2Fmedia&parent=49"}],"curies":[{"name":"wp","href":"https:\/\/api.w.org\/{rel}","templated":true}]}}