{"id":48,"date":"2008-10-29T19:33:04","date_gmt":"2008-10-29T18:33:04","guid":{"rendered":"http:\/\/www.wowil.coldlight.pl\/bobik\/?page_id=48"},"modified":"2008-10-29T19:33:04","modified_gmt":"2008-10-29T18:33:04","slug":"parma","status":"publish","type":"page","link":"https:\/\/blog-bobika.eu\/?page_id=48","title":{"rendered":"Parma"},"content":{"rendered":"<p class=\"MsoPlainText\"><span>W straszliwych lochach Parmy<br \/>\nna hakach wisz\u0105 szynki.<br \/>\nNikt im nie daje karmy,<br \/>\nni wody ociupinki.<br \/>\nNie dla nich s\u0142odki melon,<br \/>\nni figa w \u017cycia wio\u015bnie,<br \/>\nwisz\u0105 w po\u015bwiacie zielon-<br \/>\nkawej i schn\u0105 \u017ca\u0142o\u015bnie.<br \/>\nTak pragn\u0105 cho\u0107by bia\u0142ym<br \/>\nwinem przep\u0142uka\u0107 nerki,<br \/>\nza gruszk\u0119 by si\u0119 da\u0142y<br \/>\npokraja\u0107 na plasterki&#8230;<br \/>\nAch, marze\u0144 tok daremny,<br \/>\nwszak wieszczy ka\u017cdy chuch, \u017ce<br \/>\nb\u0119d\u0105 w tym lochu ciemnym<br \/>\nwci\u0105\u017c l\u017cejsze, cie\u0144sze, suchsze.<br \/>\nA je\u015bli po miesi\u0105cach<br \/>\nz m\u0105k je uwolni smakosz,<br \/>\nto ich pocz\u0105tek ko\u0144ca<br \/>\n<\/span><span>b\u0119dzie. I marze\u0144 tako\u017c. \ud83d\ude41<\/span><\/p>\n","protected":false},"excerpt":{"rendered":"<p>W straszliwych lochach Parmy na hakach wisz\u0105 szynki. Nikt im nie daje karmy, ni wody ociupinki. Nie dla nich s\u0142odki melon, ni figa w \u017cycia wio\u015bnie, wisz\u0105 w po\u015bwiacie zielon- kawej i schn\u0105 \u017ca\u0142o\u015bnie. Tak pragn\u0105 cho\u0107by bia\u0142ym winem przep\u0142uka\u0107 nerki, za gruszk\u0119 by si\u0119 da\u0142y pokraja\u0107 na plasterki&#8230; Ach, marze\u0144 tok daremny, wszak wieszczy ka\u017cdy chuch, \u017ce b\u0119d\u0105 w tym lochu ciemnym wci\u0105\u017c l\u017cejsze, cie\u0144sze, suchsze. A je\u015bli po miesi\u0105cach z m\u0105k je uwolni smakosz, to ich pocz\u0105tek ko\u0144ca b\u0119dzie. I marze\u0144 tako\u017c. \ud83d\ude41<\/p>\n","protected":false},"author":274,"featured_media":0,"parent":3,"menu_order":0,"comment_status":"open","ping_status":"open","template":"wiersze1.php","meta":{"footnotes":""},"class_list":["post-48","page","type-page","status-publish","hentry"],"_links":{"self":[{"href":"https:\/\/blog-bobika.eu\/index.php?rest_route=\/wp\/v2\/pages\/48","targetHints":{"allow":["GET"]}}],"collection":[{"href":"https:\/\/blog-bobika.eu\/index.php?rest_route=\/wp\/v2\/pages"}],"about":[{"href":"https:\/\/blog-bobika.eu\/index.php?rest_route=\/wp\/v2\/types\/page"}],"author":[{"embeddable":true,"href":"https:\/\/blog-bobika.eu\/index.php?rest_route=\/wp\/v2\/users\/274"}],"replies":[{"embeddable":true,"href":"https:\/\/blog-bobika.eu\/index.php?rest_route=%2Fwp%2Fv2%2Fcomments&post=48"}],"version-history":[{"count":0,"href":"https:\/\/blog-bobika.eu\/index.php?rest_route=\/wp\/v2\/pages\/48\/revisions"}],"up":[{"embeddable":true,"href":"https:\/\/blog-bobika.eu\/index.php?rest_route=\/wp\/v2\/pages\/3"}],"wp:attachment":[{"href":"https:\/\/blog-bobika.eu\/index.php?rest_route=%2Fwp%2Fv2%2Fmedia&parent=48"}],"curies":[{"name":"wp","href":"https:\/\/api.w.org\/{rel}","templated":true}]}}