{"id":42,"date":"2008-10-29T18:52:06","date_gmt":"2008-10-29T17:52:06","guid":{"rendered":"http:\/\/www.wowil.coldlight.pl\/bobik\/?page_id=42"},"modified":"2012-01-02T13:46:20","modified_gmt":"2012-01-02T12:46:20","slug":"kwasne-mleko","status":"publish","type":"page","link":"https:\/\/blog-bobika.eu\/?page_id=42","title":{"rendered":"Kwa\u015bne mleko"},"content":{"rendered":"<p class=\"MsoPlainText\"><span>Nieszcz\u0119sne p\u00f3\u017ane wnuki, kt\u00f3rych w obcej ziemi<br \/>\n\u017cycie srogie nie pie\u015bci mlekami kwa\u015bnemi,<br \/>\nani zsiad\u0142\u0105 ich wersj\u0105, bo tu si\u0119 nie zsiada,<br \/>\nchocia\u017cby\u015b jak ten obraz przemawia\u0142 do dziada!<br \/>\nTak ci\u0119\u017ckie tu poranki bez zacnej kwa\u015bnizny,<br \/>\n\u017ce si\u0119 cz\u0142ekowi nie chce nawet wdzia\u0107 bielizny,<br \/>\n\u0142ypie jeno spod ko\u0142dry okiem zapuchni\u0119tym,<br \/>\njogurtem owocowym ledwo napocz\u0119tym<br \/>\npirzga z wielkim wysi\u0142kiem w przeciwleg\u0142\u0105 \u015bcian\u0119<br \/>\ni kotom \u0142eb ukr\u0119ca, bo tupi\u0105, skubane.<br \/>\nAch, gdyby chocia\u017c jedna \u0142y\u017cka kwa\u015bnej bieli,<br \/>\nzaraz by wnuczek ra\u017ano wyskoczy\u0142 z po\u015bcieli,<br \/>\nTurk\u00f3w pogoni\u0142, ogie\u0144 \u015bwi\u0119tej wojny wznieci\u0142,<br \/>\nkrzy\u017cakom ich zdradliwe porozrywa\u0142 sieci?<br \/>\nAle nic z tego. W kraju, gdzie nic si\u0119 nie kisi<br \/>\nnie chce wsta\u0107 si\u0119 wnukowi i wszystko mu wisi,<br \/>\nserce zsiad\u0142ej pociechy darmo upatruje,<br \/>\n<\/span><span>a w szklance Alka-Seltzer sm\u0119tnie posykuje. <\/span><\/p>\n","protected":false},"excerpt":{"rendered":"<p>Nieszcz\u0119sne p\u00f3\u017ane wnuki, kt\u00f3rych w obcej ziemi \u017cycie srogie nie pie\u015bci mlekami kwa\u015bnemi, ani zsiad\u0142\u0105 ich wersj\u0105, bo tu si\u0119 nie zsiada, chocia\u017cby\u015b jak ten obraz przemawia\u0142 do dziada! Tak ci\u0119\u017ckie tu poranki bez zacnej kwa\u015bnizny, \u017ce si\u0119 cz\u0142ekowi nie chce nawet wdzia\u0107 bielizny, \u0142ypie jeno spod ko\u0142dry okiem zapuchni\u0119tym, jogurtem owocowym ledwo napocz\u0119tym pirzga z wielkim wysi\u0142kiem w przeciwleg\u0142\u0105 \u015bcian\u0119 i kotom \u0142eb ukr\u0119ca, bo tupi\u0105, skubane. Ach, gdyby chocia\u017c jedna \u0142y\u017cka kwa\u015bnej bieli, zaraz by wnuczek ra\u017ano wyskoczy\u0142 z po\u015bcieli, Turk\u00f3w pogoni\u0142, ogie\u0144 \u015bwi\u0119tej wojny wznieci\u0142, krzy\u017cakom ich zdradliwe porozrywa\u0142 sieci? Ale nic z tego. W kraju, gdzie [&hellip;]<\/p>\n","protected":false},"author":274,"featured_media":0,"parent":3,"menu_order":0,"comment_status":"open","ping_status":"open","template":"wiersze1.php","meta":{"footnotes":""},"class_list":["post-42","page","type-page","status-publish","hentry"],"_links":{"self":[{"href":"https:\/\/blog-bobika.eu\/index.php?rest_route=\/wp\/v2\/pages\/42","targetHints":{"allow":["GET"]}}],"collection":[{"href":"https:\/\/blog-bobika.eu\/index.php?rest_route=\/wp\/v2\/pages"}],"about":[{"href":"https:\/\/blog-bobika.eu\/index.php?rest_route=\/wp\/v2\/types\/page"}],"author":[{"embeddable":true,"href":"https:\/\/blog-bobika.eu\/index.php?rest_route=\/wp\/v2\/users\/274"}],"replies":[{"embeddable":true,"href":"https:\/\/blog-bobika.eu\/index.php?rest_route=%2Fwp%2Fv2%2Fcomments&post=42"}],"version-history":[{"count":1,"href":"https:\/\/blog-bobika.eu\/index.php?rest_route=\/wp\/v2\/pages\/42\/revisions"}],"predecessor-version":[{"id":963,"href":"https:\/\/blog-bobika.eu\/index.php?rest_route=\/wp\/v2\/pages\/42\/revisions\/963"}],"up":[{"embeddable":true,"href":"https:\/\/blog-bobika.eu\/index.php?rest_route=\/wp\/v2\/pages\/3"}],"wp:attachment":[{"href":"https:\/\/blog-bobika.eu\/index.php?rest_route=%2Fwp%2Fv2%2Fmedia&parent=42"}],"curies":[{"name":"wp","href":"https:\/\/api.w.org\/{rel}","templated":true}]}}