{"id":40,"date":"2008-10-29T18:50:31","date_gmt":"2008-10-29T17:50:31","guid":{"rendered":"http:\/\/www.wowil.coldlight.pl\/bobik\/?page_id=40"},"modified":"2008-10-29T18:50:31","modified_gmt":"2008-10-29T17:50:31","slug":"kalafior","status":"publish","type":"page","link":"https:\/\/blog-bobika.eu\/?page_id=40","title":{"rendered":"Kalafior"},"content":{"rendered":"<p class=\"MsoPlainText\"><span>Kalafior, stw\u00f3r bulwiasty, mo\u0142ojeck\u0105 s\u0142aw\u0119<br \/>\nzawdzi\u0119cza paru akcjom, co nawet jaskrawe<br \/>\nczyny pora przeros\u0142y i ju\u017c jako sta\u0142a<br \/>\npozycja figuruj\u0105 w ro\u015blinnych anna\u0142ach.<br \/>\nZnawca historii jarzyn, profesor Warzywniak<br \/>\npisze: &#8222;chocia\u017c kalafior wygl\u0105da jak sztywniak,<br \/>\nto jego ruchy gi\u0119tkie i zdolno\u015b\u0107 mimikry<br \/>\npotrafi\u0105 zaskakiwa\u0107 wrog\u00f3w w spos\u00f3b przykry.<br \/>\nPewne przymioty ducha, pomy\u015blunek bystry,<br \/>\nby\u0142yby go zapewne zawiod\u0142y w ministry,<br \/>\ngdyby nie wielka sk\u0142onno\u015b\u0107 do g\u0142upich kawa\u0142\u00f3w,<br \/>\nkt\u00f3re wszystkim uszami wychodz\u0105 poma\u0142u.&#8221;<br \/>\nIstotnie, na to cz\u0119sto nabywcy si\u0119 skar\u017c\u0105<br \/>\ni nie chc\u0105 kalafiora, cho\u0107by z nisk\u0105 mar\u017c\u0105.<br \/>\n<span> <\/span><br \/>\nUwa\u017caj wi\u0119c z tym typem, nie wypu\u015b\u0107 go z klatki,<br \/>\nbo mo\u017ce ci on k\u0142opot sprokurowa\u0107 rzadki.<br \/>\nPotrafi jedn\u0105 bulw\u0105 zdeprawowa\u0107 zi\u0119cia,<br \/>\na drug\u0105 u te\u015bciowej spowodowa\u0107 wzd\u0119cia,<br \/>\nk\u0142ad\u0105c trzeci\u0105 tymczasem cichutko na schodku,<br \/>\nby cioci\u0119-staruszeczk\u0119 obserwowa\u0107 w lotku.<br \/>\nMo\u017ce do odp\u0142ywowej przedosta\u0107 si\u0119 rury<br \/>\ni siedzie\u0107 tam rechocz\u0105c: wyjmij-no mnie kt\u00f3ry!<br \/>\nalbo butelk\u0119 perfum zarazi\u0107 sw\u0105 woni\u0105<br \/>\ndok\u0142adnie w tym momencie, kiedy si\u0119gasz po ni\u0105.<\/p>\n<p>By jednak sprawiedliwie roz\u0142o\u017cy\u0107 akcenty,<br \/>\nprzyznajmy: cho\u0107 kalafior wcale nie jest \u015bwi\u0119ty,<br \/>\nodpowiednio trzymany, pod przykryciem z mas\u0142a<br \/>\ni zrumienionej bu\u0142ki, kt\u00f3r\u0105 si\u0119 go zas\u0142a-<br \/>\nnia, lub pod tartym serem i pod beszamelem,<br \/>\npotrafi by\u0107 ludzko\u015bci wielkim przyjacielem.<br \/>\n<\/span><\/p>\n","protected":false},"excerpt":{"rendered":"<p>Kalafior, stw\u00f3r bulwiasty, mo\u0142ojeck\u0105 s\u0142aw\u0119 zawdzi\u0119cza paru akcjom, co nawet jaskrawe czyny pora przeros\u0142y i ju\u017c jako sta\u0142a pozycja figuruj\u0105 w ro\u015blinnych anna\u0142ach. Znawca historii jarzyn, profesor Warzywniak pisze: &#8222;chocia\u017c kalafior wygl\u0105da jak sztywniak, to jego ruchy gi\u0119tkie i zdolno\u015b\u0107 mimikry potrafi\u0105 zaskakiwa\u0107 wrog\u00f3w w spos\u00f3b przykry. Pewne przymioty ducha, pomy\u015blunek bystry, by\u0142yby go zapewne zawiod\u0142y w ministry, gdyby nie wielka sk\u0142onno\u015b\u0107 do g\u0142upich kawa\u0142\u00f3w, kt\u00f3re wszystkim uszami wychodz\u0105 poma\u0142u.&#8221; Istotnie, na to cz\u0119sto nabywcy si\u0119 skar\u017c\u0105 i nie chc\u0105 kalafiora, cho\u0107by z nisk\u0105 mar\u017c\u0105. Uwa\u017caj wi\u0119c z tym typem, nie wypu\u015b\u0107 go z klatki, bo mo\u017ce ci on k\u0142opot [&hellip;]<\/p>\n","protected":false},"author":274,"featured_media":0,"parent":3,"menu_order":0,"comment_status":"open","ping_status":"open","template":"wiersze1.php","meta":{"footnotes":""},"class_list":["post-40","page","type-page","status-publish","hentry"],"_links":{"self":[{"href":"https:\/\/blog-bobika.eu\/index.php?rest_route=\/wp\/v2\/pages\/40","targetHints":{"allow":["GET"]}}],"collection":[{"href":"https:\/\/blog-bobika.eu\/index.php?rest_route=\/wp\/v2\/pages"}],"about":[{"href":"https:\/\/blog-bobika.eu\/index.php?rest_route=\/wp\/v2\/types\/page"}],"author":[{"embeddable":true,"href":"https:\/\/blog-bobika.eu\/index.php?rest_route=\/wp\/v2\/users\/274"}],"replies":[{"embeddable":true,"href":"https:\/\/blog-bobika.eu\/index.php?rest_route=%2Fwp%2Fv2%2Fcomments&post=40"}],"version-history":[{"count":0,"href":"https:\/\/blog-bobika.eu\/index.php?rest_route=\/wp\/v2\/pages\/40\/revisions"}],"up":[{"embeddable":true,"href":"https:\/\/blog-bobika.eu\/index.php?rest_route=\/wp\/v2\/pages\/3"}],"wp:attachment":[{"href":"https:\/\/blog-bobika.eu\/index.php?rest_route=%2Fwp%2Fv2%2Fmedia&parent=40"}],"curies":[{"name":"wp","href":"https:\/\/api.w.org\/{rel}","templated":true}]}}