{"id":3443,"date":"2020-04-04T17:02:50","date_gmt":"2020-04-04T15:02:50","guid":{"rendered":"http:\/\/blog-bobika.eu\/?page_id=3443"},"modified":"2020-04-04T17:09:55","modified_gmt":"2020-04-04T15:09:55","slug":"corona-niemcy-sz","status":"publish","type":"page","link":"https:\/\/blog-bobika.eu\/?page_id=3443","title":{"rendered":"Corona Niemcy SZ"},"content":{"rendered":"<p><a href=\"https:\/\/www.sueddeutsche.de\/politik\/coronavirus-deutschland-chronik-1.4852683\">https:\/\/www.sueddeutsche.de\/politik\/coronavirus-deutschland-chronik-1.4852683<\/a><\/p>\n<p>Kiedy pod koniec stycznia w Bawarii zidentyfikowano pierwszych pacjent\u00f3w zaka\u017conych koronawirusem , wci\u0105\u017c istnia\u0142a nadzieja, \u017ce \u200b\u200buda si\u0119 zapobiec powa\u017cnemu wybuchowi choroby . To z\u0142udzenie. Nieca\u0142e cztery tygodnie p\u00f3\u017aniej zdarzaj\u0105 si\u0119 przypadki w Badenii-Wirtembergii i Nadrenii P\u00f3\u0142nocnej-Westfalii. Nast\u0119pnie wirus rozprzestrzenia si\u0119 coraz szybciej. Jako pierwsza dalekosi\u0119\u017cna reakcja mi\u0119dzynarodowe targi podr\u00f3\u017cy ITB Berlin zosta\u0142y odwo\u0142ane 28 lutego. 3 marca og\u0142oszone zostanie, \u017ce nie odb\u0119d\u0105 si\u0119 tak\u017ce lipskie targi ksi\u0105\u017cki. Inne wa\u017cne wydarzenia zosta\u0142y prze\u0142o\u017cone.<\/p>\n<p>W przeciwnym razie \u017cycie publiczne trwa bez ko\u0144ca. Kiedy rz\u0105d zaleca nast\u0119pnie, aby wydarzenia z udzia\u0142em ponad 1000 os\u00f3b nie mia\u0142y miejsca, jest to pocz\u0105tek szeregu powa\u017cnych ogranicze\u0144 dla ludzi w Niemczech. Jedyn\u0105 rzecz\u0105 jest teraz spowolnienie rozprzestrzeniania si\u0119 patogenu, aby nie przeci\u0105\u017ca\u0107 systemu opieki zdrowotnej. W ten spos\u00f3b nale\u017cy unika\u0107 ofiar \u015bmiertelnych. Co zosta\u0142o zrobione do tej pory:<\/p>\n<p>11 marca 2020 r<br \/>\nNa wsp\u00f3lnej konferencji prasowej kanclerz Angela Merkel, federalna minister zdrowia Jens Spahn i prezydent RKI Lothar Wieler prosz\u0105 ludno\u015b\u0107 o jak najszybsze rozprzestrzenianie si\u0119 koronawirusa. Poniewa\u017c im wi\u0119cej ludzi choruje, tym mniej lekarzy mo\u017ce leczy\u0107 powa\u017cnie chorych pacjent\u00f3w. Wzywaj\u0105 do odwo\u0142ania  du\u017cych wydarze\u0144 z udzia\u0142em ponad 1000 odwiedzaj\u0105cych &#8211; zalecenie Federalnego Ministerstwa Zdrowia i Federalnego Ministerstwa Spraw Wewn\u0119trznych. W ci\u0105gu kilku nast\u0119pnych dni coraz wi\u0119cej organizator\u00f3w odpowiada na to \u017c\u0105danie. Coraz wi\u0119cej teatr\u00f3w, sal koncertowych i kin ogranicza si\u0119 lub ca\u0142kowicie przestaje dzia\u0142a\u0107.<\/p>\n<p>12 marca 2020 r<\/p>\n<p>DPA<br \/>\nNa \u017cywop\u0142ocie wisi zamkni\u0119ta szcz\u0119ka przed zamkni\u0119t\u0105 ca\u0142odzienn\u0105 szko\u0142\u0105 w Kraju Saary.<br \/>\nPierwszymi daleko id\u0105cymi \u015brodkami, kt\u00f3re nale\u017cy podj\u0105\u0107 w Niemczech przeciwko wirusowi korony, s\u0105 zamkni\u0119cie szk\u00f3\u0142 i przedszkoli. Po zamkni\u0119ciu przez w\u0142adze s\u0142u\u017cby zdrowia w sumie 150 szk\u00f3\u0142, Saara jest pierwszym krajem federalnym, kt\u00f3ry wprowadzi\u0142 ten \u015brodek w ca\u0142ym kraju &#8211; b\u0119dzie on obowi\u0105zywa\u0142 od nast\u0119pnego poniedzia\u0142ku.<\/p>\n<p>Pi\u0105tek 13 marca 2020 r<\/p>\n<p>DPA<br \/>\nGraj przed pustymi szeregami, a potem nie ma wi\u0119cej gier: Bundesliga w czasach wirusa korony.<br \/>\nMinister zdrowia Spahn apeluje do wszystkich niemieckich szpitali o zatrudnienie dodatkowego personelu. Zak\u0142ady ubezpiecze\u0144 zdrowotnych powinny zrekompensowa\u0107 konsekwencje ekonomiczne. Bawaria i Nadrenia P\u00f3\u0142nocna-Westfalia decyduj\u0105 si\u0119 na zamkni\u0119cie szk\u00f3\u0142 od nast\u0119pnego poniedzia\u0142ku &#8211; tylko opieka w nag\u0142ych wypadkach. Berlin, Bawaria i Badenia-Wirtembergia przed\u0142u\u017caj\u0105 semestraln\u0105 przerw\u0119 na uniwersytetach nauk stosowanych. Bawaria zakazuje tak\u017ce odwiedzania dom\u00f3w opieki i dom\u00f3w opieki dla os\u00f3b starszych, podczas gdy bary, kluby i bary znajduj\u0105 si\u0119 w Berlinie. <\/p>\n<p>Gorzki dla kibic\u00f3w: Niemiecka Liga Pi\u0142ki No\u017cnej (DFL) przestaje prowadzi\u0107 Bundeslig\u0119; Uefa zatrzymuje Lig\u0119 Mistrz\u00f3w i Lig\u0119 Europejsk\u0105. Kanclerz Angela Merkel (CDU) wyja\u015bnia, \u017ce \u200b\u200btam, gdzie to mo\u017cliwe, nale\u017cy unika\u0107 kontakt\u00f3w spo\u0142ecznych.  <\/p>\n<p>14 marca 2020 r<br \/>\nSzlezwik-Holsztyn i Berlin wydaj\u0105 teraz r\u00f3wnie\u017c przepisy i zakazy dotycz\u0105ce \u017cycia publicznego. W Szlezwiku-Holsztynie dzia\u0142alno\u015b\u0107 szk\u00f3\u0142 i przedszkoli zako\u0144czy si\u0119 od poniedzia\u0142ku; nast\u0119pnie stopniowo wszystkie kraje zwi\u0105zkowe podejmuj\u0105 t\u0119 decyzj\u0119 . Wydarzenia publiczne nie odbywaj\u0105 si\u0119 ju\u017c w Szlezwiku-Holsztynie, nale\u017cy unika\u0107 bar\u00f3w, klub\u00f3w, teatr\u00f3w, muze\u00f3w lub centr\u00f3w edukacji doros\u0142ych. W Berlinie szko\u0142y i o\u015brodki opieki dziennej powinny by\u0107 zamkni\u0119te tylko od wtorku i nie mog\u0105 odbywa\u0107 si\u0119 \u017cadne imprezy ani spotkania z udzia\u0142em wi\u0119cej ni\u017c 50 os\u00f3b. W NRW obowi\u0105zuje zakaz odwiedzania dom\u00f3w starc\u00f3w i dom\u00f3w opieki. <\/p>\n<p>Minister zdrowia Spahn sprzeciwia si\u0119 plotkom o zbli\u017caj\u0105cym si\u0119 \u201ezablokowaniu\u201d w Niemczech. Wzywa jednak wszystkich powracaj\u0105cych z W\u0142och, Austrii i Szwajcarii do dobrowolnego odizolowania si\u0119.<\/p>\n<p>15 marca 2020 r<\/p>\n<p>DPA<br \/>\nSpecjalne ustalenia dotycz\u0105ce wybor\u00f3w lokalnych w Bawarii.<br \/>\nWybory lokalne odbywaj\u0105 si\u0119 w Bawarii pomimo pandemii, ale podejmowane s\u0105 \u015brodki ostro\u017cno\u015bci w celu zminimalizowania ryzyka infekcji w lokalach wyborczych; partie rezygnuj\u0105 z partii wyborczych. Federalny minister spraw wewn\u0119trznych Horst Seehofer (CSU) og\u0142asza kontrole i zakazy wjazdu na granicy ze Szwajcari\u0105, Francj\u0105, Austri\u0105, Dani\u0105 i Luksemburgiem na poniedzia\u0142ek rano. Handel towarami ma by\u0107 kontynuowany. W Szlezwiku-Holsztynie wyspy Morza P\u00f3\u0142nocnego i Morza Ba\u0142tyckiego s\u0105 zamkni\u0119te dla turyst\u00f3w, a granica z Dani\u0105 jest zamkni\u0119ta. Koleje m\u00f3wi\u0105 o ograniczeniu regionalnego rozk\u0142adu jazdy od wtorku. A Bundeswehra obiecuje pomoc w walce z wirusem.  <\/p>\n<p>\u201eW przypadku podr\u00f3\u017cnych bez wa\u017cnego powodu podr\u00f3\u017cy obowi\u0105zuje zasada, \u017ce \u200b\u200bnie mog\u0105 ju\u017c wjecha\u0107\u201d.<br \/>\nFederalny minister spraw wewn\u0119trznych Horst Seehofer (CSU) w sprawie zakaz\u00f3w wjazdu ze Szwajcarii, Francji, Austrii, Danii i Luksemburga<br \/>\n16 marca 2020 r<\/p>\n<p>DPA<br \/>\nMarkus S\u00f6der, premier Bawarii, wyja\u015bnia spraw\u0119 katastrofy wraz z ministrem gospodarki Hubertem Aiwanger (wolni wyborcy, l.), Melanie Huml (CSU, m.), Minister zdrowia i minister spraw wewn\u0119trznych Joachim Herrmann (CSU, r.).<br \/>\nBawaria nazywa katastrof\u0119i zapewnia dziesi\u0119\u0107 miliard\u00f3w euro na poch\u0142oni\u0119cie konsekwencji dla gospodarki i spo\u0142ecze\u0144stwa. DAX spada poni\u017cej 9000 punkt\u00f3w do najni\u017cszego poziomu od 2016 r. Po po\u0142udniu og\u0142asza si\u0119, \u017ce rz\u0105d federalny, w porozumieniu z krajami zwi\u0105zkowymi, zaleca dalsze daleko id\u0105ce \u015brodki: sklepy powinny by\u0107 zamkni\u0119te, z wyj\u0105tkiem supermarket\u00f3w. Spotkania wewn\u0105trz i na zewn\u0105trz budynk\u00f3w powinny by\u0107 zabronione. Obejmowa\u0142y one wydarzenia kulturalne, ale tak\u017ce us\u0142ugi i noce w hotelach turystycznych nie powinny ju\u017c mie\u0107 miejsca. Zach\u0119ca si\u0119 obywateli do pozostania w domu i unikania kontakt\u00f3w towarzyskich. Poniewa\u017c wiele os\u00f3b jeszcze tego nie przestrzega\u0142o, place zabaw w NRW s\u0105 r\u00f3wnie\u017c zamkni\u0119te. Zara\u017conych jest tam ponad 3000 os\u00f3b. Nowe \u015bmierci s\u0105 znane ka\u017cdego dnia.  <\/p>\n<p>\u201eNie mog\u0119 obieca\u0107, \u017ce b\u0119dzie to ostatni krok\u201d.<br \/>\nPremier Bawarii Markus S\u00f6der (CSU)<br \/>\n17 marca 2020 r<\/p>\n<p>GETTY IMAGES<br \/>\nSzef RKI Lothar Wieler<br \/>\nPodczas codziennej konferencji prasowej Instytutu Roberta Kocha eksperci z Wieler ustawili ocen\u0119 ryzyka dla Niemiec z \u201eumiarkowanej\u201d na \u201ewysok\u0105\u201d z powodu wirusa. Rz\u0105dy federalne i stanowe decyduj\u0105 o planach ratunkowych dla szpitali: \u201eModernizuj\u0105c, wyposa\u017caj\u0105c i przekszta\u0142caj\u0105c obiekty rehabilitacyjne, hotele lub wi\u0119ksze sale, mo\u017cna stworzy\u0107 dodatkowe mo\u017cliwo\u015bci dla wielu \u0142atwiejszych kurs\u00f3w leczenia\u201d. Nale\u017cy tak\u017ce podwoi\u0107 liczb\u0119 \u0142\u00f3\u017cek do intensywnej terapii. <\/p>\n<p>Od po\u0142udnia Niemcy b\u0119d\u0105 podlega\u0107 zakazowi wjazdu na\u0142o\u017conemu przez przyw\u00f3dc\u00f3w UE na obywateli spoza UE. Granice zewn\u0119trzne s\u0105 w du\u017cej mierze uszczelnione, ale przep\u0142yw towar\u00f3w jest wykluczony. Tymczasem rz\u0105d niemiecki wydaje globalne ostrze\u017cenie o podr\u00f3\u017cy. Poniewa\u017c coraz wi\u0119cej kraj\u00f3w ko\u0144czy po\u0142\u0105czenia lotnicze z Niemcami, minister spraw zagranicznych Heiko Maas rozpoczyna kampani\u0119 powrotn\u0105 dla Niemc\u00f3w, kt\u00f3rzy utkn\u0119li za granic\u0105 .<\/p>\n<p>\u201eEuropa jest obecnie przedmiotem pandemii\u201d.<br \/>\nSzef RKI Lothar Wieler<br \/>\n18 marca 2020 r<\/p>\n<p>DPA<br \/>\nKanclerz Angela Merkel w swoim komunikacie wideo.<br \/>\nTo dzie\u0144, kt\u00f3ry mo\u017ce przej\u015b\u0107 do historii: wieczorem kanclerz Angela Merkel przemawia do ludno\u015bci w historycznym przem\u00f3wieniu telewizyjnym . Wzywa mieszka\u0144c\u00f3w Niemiec do okazania solidarno\u015bci i do przestrzegania tymczasowych ogranicze\u0144. \u201eTo powa\u017cne. Potraktuj to powa\u017cnie \u201d- nalega kanclerz. Bawarskie miasto Mitterteich jest pierwszym miastem w Niemczech, kt\u00f3re wprowadzi\u0142o godzin\u0119 policyjn\u0105 .  Mieszka\u0144cy mog\u0105 opuszcza\u0107 domy tylko w wyj\u0105tkowych przypadkach, na przyk\u0142ad na wizyty u lekarza w celu p\u00f3j\u015bcia do pracy, a tak\u017ce na zakupy i tankowanie. <\/p>\n<p>Nic dziwnego, \u017ce konkurs piosenki Eurowizji r\u00f3wnie\u017c zosta\u0142 odwo\u0142any w czasie kryzysu. <\/p>\n<p>\u201eOd czasu jedno\u015bci Niemiec nie, od czasu drugiej wojny \u015bwiatowej nie by\u0142o ju\u017c dla naszego kraju wyzwania tak wa\u017cnego dla naszej wsp\u00f3lnej solidarno\u015bci\u201d.<br \/>\nKanclerz Angela Merkel<br \/>\n19 marca 2020 r<\/p>\n<p>DPA<br \/>\nPlac zabaw jest zamkni\u0119ty w Berlinie, aby unikn\u0105\u0107 infekcji mi\u0119dzy odwiedzaj\u0105cymi.<br \/>\nKilku premierom, w tym S\u00f6derowi i Arminowi Laschetowi (NRW), grozi godzina policyjna, poniewa\u017c cz\u0119\u015b\u0107 populacji nie utrzymuje niezb\u0119dnej odleg\u0142o\u015bci mi\u0119dzy lud\u017ami. Prywatne spotkania i imprezy &#8211; nawet \u201eimprezy koronowe\u201d &#8211; nadal odbywaj\u0105 si\u0119 na zewn\u0105trz. W wielu miejscach policja sprawdza teraz parki i przestrzenie publiczne w celu rozbicia wi\u0119kszych grup ludzi. Fryburg jest pierwszym du\u017cym miastem, kt\u00f3re zakazuje miejsc publicznych, kt\u00f3re b\u0119dzie obowi\u0105zywa\u0107 od soboty.<\/p>\n<p>Podczas federalnej konferencji prasowej w Berlinie minister obrony Annegret Kramp-Karrenbauer obieca\u0142a szerokie wsparcie niemieckich si\u0142 zbrojnych w walce z kryzysem koronawirusa. Armia niemiecka przygotowuje si\u0119 do pomocy tam, gdzie si\u0142y cywilne osi\u0105gn\u0105 swoje granice. Pomog\u0105 w \u201ebardzo pragmatyczny spos\u00f3b\u201d przy zakupie sprz\u0119tu ochronnego, urz\u0105dze\u0144 medycznych i lek\u00f3w. Tymczasem Europejski Bank Centralny EBC decyduje o programie awaryjnym na kwot\u0119 750 miliard\u00f3w euro.<\/p>\n<p>20 marca 2020 r<\/p>\n<p>W Bawarii premier Markus S\u00f6der og\u0142asza daleko id\u0105ce ograniczenia wyjazd\u00f3w do Wolnego Pa\u0144stwa. Opuszczenie w\u0142asnego domu jest dozwolone od pi\u0105tku wieczorem w pilnych przypadkach. Takie \u015brodki s\u0105 r\u00f3wnie\u017c nieuchronne w Kraju Saary. Inne kraje zwi\u0105zkowe pod\u0105\u017caj\u0105 za nimi i zamykaj\u0105 restauracje i bary. Niekt\u00f3re kraje obni\u017caj\u0105 pu\u0142ap publicznych spotka\u0144. W Badenii-Wirtembergii i Nadrenii-Palatynacie grupy powy\u017cej trzech os\u00f3b nie s\u0105 ju\u017c dozwolone. Istniej\u0105 na przyk\u0142ad wyj\u0105tki dla rodzin. Hamburg zabrania gromadzenia ponad sze\u015bciu os\u00f3b. W wielu innych krajach nadal nie ma og\u00f3lnych ogranicze\u0144 wyj\u015bcia. Na przyk\u0142ad w Hesji premier Volker Bouffier nie uwa\u017ca tego za konieczne, a Dolna Saksonia i Szlezwik-Holsztyn r\u00f3wnie\u017c chc\u0105 tego unikn\u0105\u0107. <\/p>\n<p>Federalny minister finans\u00f3w Olaf Scholz (SPD) chce z\u0142agodzi\u0107 kryzys zad\u0142u\u017cenia w ustawie zasadniczej w zwi\u0105zku z kryzysem. Rz\u0105d federalny planuje w poniedzia\u0142ek przyj\u0105\u0107 dodatkowy bud\u017cet w wysoko\u015bci 150 miliard\u00f3w euro. Niemcy mog\u0105 wytrzyma\u0107 \u201ebardzo d\u0142ugo\u201d pomimo napi\u0119\u0107.<\/p>\n<p>21 marca 2020 r<br \/>\nBerlin postanawia zakaza\u0107 imprez i spotka\u0144 z wi\u0119cej ni\u017c dziesi\u0119cioma osobami od niedzieli. Restauracje musz\u0105 zako\u0144czy\u0107 ruch publiczny. Szlezwik-Holsztyn zabrania gromadzenia wi\u0119cej ni\u017c pi\u0119ciu os\u00f3b. Zakazane s\u0105 r\u00f3wnie\u017c odpowiadaj\u0105ce im imprezy prywatne &#8211; z wyj\u0105tkiem cz\u0142onk\u00f3w rodziny. W Hesji obowi\u0105zuj\u0105 odpowiednie zakazy, a restauracje musz\u0105 by\u0107 r\u00f3wnie\u017c zamkni\u0119te od godziny 12 w po\u0142udnie. Nie wi\u0119cej ni\u017c sze\u015b\u0107 os\u00f3b mo\u017ce spotka\u0107 si\u0119 w Hamburgu, wszystkie restauracje s\u0105 zamkni\u0119te. R\u00f3wnie\u017c w Meklemburgii-Pomorzu Przednim, Dolnej Saksonii i Bremie od samego wieczoru kawiarnie i restauracje s\u0105 zamkni\u0119te. Wsz\u0119dzie wyj\u0105tki: us\u0142ugi dostawy, a tak\u017ce rodziny lub grupy os\u00f3b pracuj\u0105cych. Go\u015bcie wakacyjni na Norderney, Juist i Baltrum musz\u0105 opu\u015bci\u0107 wyspy do niedzieli.<\/p>\n<p>W Kraju Saary i Saksonii ludzie mog\u0105 opu\u015bci\u0107 swoje domy tylko wtedy, gdy maj\u0105 wa\u017cny pow\u00f3d &#8230; ale obejmuje to r\u00f3wnie\u017c drog\u0119 do pracy, zakupy, wizyty u lekarza. Dozwolone s\u0105 tak\u017ce spacery z cz\u0142onkami rodziny. Saksonia gromadzi surowe kary, je\u015bli ludzie si\u0119 gromadz\u0105. W Nadrenii P\u00f3\u0142nocnej-Westfalii nie ma jeszcze krajowych ogranicze\u0144 wyjazdowych, ale niekt\u00f3re miasta maj\u0105 ju\u017c surowe wymagania dotycz\u0105ce publicznych spotka\u0144 &#8211; takich jak Kolonia, Dortmund i Bochum. Brandenburgia r\u00f3wnie\u017c nie ma ogranicze\u0144 wyjazdowych.<\/p>\n<p>Krytykuje si\u0119 minister zdrowia Jensa Spahna, kt\u00f3ry ma wspiera\u0107 system opieki zdrowotnej pakietem pomocy w wysoko\u015bci oko\u0142o 3,3 miliarda &#8211; jego krytyka nie wystarczy.  <\/p>\n<p>22 marca 2020 r<\/p>\n<p>DPA<br \/>\nKanclerz Angela Merkel og\u0142asza \u015brodki przyj\u0119te przez rz\u0105dy federalne i stanowe &#8211; nast\u0119pnie przechodzi do kwarantanny.<br \/>\nPodczas telekonferencji rz\u0105dy federalne i stanowe decyduj\u0105 o katalogu \u015brodk\u00f3w, kt\u00f3re przedstawi kanclerz Angela Merkel . W zwi\u0105zku z tym nie wi\u0119cej ni\u017c dwie osoby powinny spotka\u0107 si\u0119 publicznie &#8211; chyba \u017ce s\u0105 to rodziny lub osoby ze wsp\u00f3lnego gospodarstwa domowego. Bawaria przestrzega bardziej rygorystycznych przepis\u00f3w: nikt nie mo\u017ce spotka\u0107 si\u0119 z publiczno\u015bci\u0105 spoza tego samego gospodarstwa domowego. W Hesji ludzie powinni wychodzi\u0107 z domu w spokoju &#8211; chyba \u017ce potrzebuj\u0105 wsparcia. Nie dotyczy to cz\u0142onk\u00f3w tego samego gospodarstwa domowego. W Niemczech restauracje i puby s\u0105 zamkni\u0119te w ca\u0142ym kraju, ale artyku\u0142y spo\u017cywcze mo\u017cna nadal dostarcza\u0107 lub odbiera\u0107. Fryzjerzy, salony pi\u0119kno\u015bci i gabinety masa\u017cu r\u00f3wnie\u017c musz\u0105 zosta\u0107 zamkni\u0119te. W niekt\u00f3rych krajach, takich jak Bawaria, Saksonia i Meklemburgia-Pomorze Przednie, opuszczenie mieszkania jest \u201ezabronione bez uzasadnionego powodu\u201d. Dobre powody to praca, zakupy, ale tak\u017ce sport i \u0107wiczenia.<\/p>\n<p>Wieczorem kanclerz Angela Merkel (CDU) wyja\u015bnia, \u017ce \u200b\u200bb\u0119dzie nadal pracowa\u0107 w kwarantannie, poniewa\u017c lekarz, kt\u00f3ry zaszczepi\u0142 j\u0105 przeciwko pneumokokom w pi\u0105tek, ma teraz pozytywny wynik testu na koronawirusa.  <\/p>\n<p>\u201eZdecydowana wi\u0119kszo\u015b\u0107 ludzi rozumie, \u017ce wszyscy s\u0105 teraz wa\u017cni i \u017ce ka\u017cdy mo\u017ce zrobi\u0107 swoj\u0105 cz\u0119\u015b\u0107, ale musi tak\u017ce zatrzyma\u0107 wirusa\u201d.<br \/>\nKanclerz Angela Merkel (CDU)<br \/>\n23 marca 2020 r<br \/>\nFederalny minister gospodarki Peter Altmaier (CDU) i minister finans\u00f3w Olaf Scholz (SPD) og\u0142aszaj\u0105, \u017ce rz\u0105d federalny wesprze rodziny, najemc\u00f3w, pracownik\u00f3w, osoby samozatrudnione i firmy w kryzysie koronowym: przeszed\u0142 kilka ochronnych tarcz i obszerne zmiany w prawie. Bundestag i Bundesrat nadal musz\u0105 si\u0119 zgodzi\u0107.<\/p>\n<p>RKI informuje, \u017ce wzrost liczby infekcji nie jest ju\u017c tak silny jak w ostatnich dniach.<\/p>\n","protected":false},"excerpt":{"rendered":"<p>https:\/\/www.sueddeutsche.de\/politik\/coronavirus-deutschland-chronik-1.4852683 Kiedy pod koniec stycznia w Bawarii zidentyfikowano pierwszych pacjent\u00f3w zaka\u017conych koronawirusem , wci\u0105\u017c istnia\u0142a nadzieja, \u017ce \u200b\u200buda si\u0119 zapobiec powa\u017cnemu wybuchowi choroby . To z\u0142udzenie. Nieca\u0142e cztery tygodnie p\u00f3\u017aniej zdarzaj\u0105 si\u0119 przypadki w Badenii-Wirtembergii i Nadrenii P\u00f3\u0142nocnej-Westfalii. Nast\u0119pnie wirus rozprzestrzenia si\u0119 coraz szybciej. Jako pierwsza dalekosi\u0119\u017cna reakcja mi\u0119dzynarodowe targi podr\u00f3\u017cy ITB Berlin zosta\u0142y odwo\u0142ane 28 lutego. 3 marca og\u0142oszone zostanie, \u017ce nie odb\u0119d\u0105 si\u0119 tak\u017ce lipskie targi ksi\u0105\u017cki. Inne wa\u017cne wydarzenia zosta\u0142y prze\u0142o\u017cone. W przeciwnym razie \u017cycie publiczne trwa bez ko\u0144ca. Kiedy rz\u0105d zaleca nast\u0119pnie, aby wydarzenia z udzia\u0142em ponad 1000 os\u00f3b nie mia\u0142y miejsca, jest to pocz\u0105tek szeregu [&hellip;]<\/p>\n","protected":false},"author":274,"featured_media":0,"parent":0,"menu_order":0,"comment_status":"open","ping_status":"open","template":"","meta":{"footnotes":""},"class_list":["post-3443","page","type-page","status-publish","hentry"],"_links":{"self":[{"href":"https:\/\/blog-bobika.eu\/index.php?rest_route=\/wp\/v2\/pages\/3443","targetHints":{"allow":["GET"]}}],"collection":[{"href":"https:\/\/blog-bobika.eu\/index.php?rest_route=\/wp\/v2\/pages"}],"about":[{"href":"https:\/\/blog-bobika.eu\/index.php?rest_route=\/wp\/v2\/types\/page"}],"author":[{"embeddable":true,"href":"https:\/\/blog-bobika.eu\/index.php?rest_route=\/wp\/v2\/users\/274"}],"replies":[{"embeddable":true,"href":"https:\/\/blog-bobika.eu\/index.php?rest_route=%2Fwp%2Fv2%2Fcomments&post=3443"}],"version-history":[{"count":2,"href":"https:\/\/blog-bobika.eu\/index.php?rest_route=\/wp\/v2\/pages\/3443\/revisions"}],"predecessor-version":[{"id":3445,"href":"https:\/\/blog-bobika.eu\/index.php?rest_route=\/wp\/v2\/pages\/3443\/revisions\/3445"}],"wp:attachment":[{"href":"https:\/\/blog-bobika.eu\/index.php?rest_route=%2Fwp%2Fv2%2Fmedia&parent=3443"}],"curies":[{"name":"wp","href":"https:\/\/api.w.org\/{rel}","templated":true}]}}