{"id":288,"date":"2010-01-18T23:06:22","date_gmt":"2010-01-18T22:06:22","guid":{"rendered":"http:\/\/blog-bobika.eu\/?page_id=288"},"modified":"2015-08-28T14:46:30","modified_gmt":"2015-08-28T12:46:30","slug":"lowy","status":"publish","type":"page","link":"https:\/\/blog-bobika.eu\/?page_id=288","title":{"rendered":"\u0141owy"},"content":{"rendered":"<p>Kurcz\u0119 wytrzyma\u0142o\u015bci kresu dochodzi\u0142o,<br \/>\nnic nie pomog\u0142o, \u017ce si\u0119 na chwil\u0119 ukry\u0142o,<br \/>\ndysz\u0105c ca\u0142e zgonione niby miech parowy,<br \/>\nw samym ko\u0144cu obory, za wymieniem krowy<br \/>\ni pad\u0142o martwym bykiem. Ju\u017c Bobik tu wpada,<br \/>\nkrow\u0119 na bok odsuwa, co\u015b tam do niej gada<br \/>\ndla zmy\u0142y, szybkim kroczkiem sun\u0105c do kurcz\u0119cia.<br \/>\nSam gospodarz, unikn\u0105\u0107 chc\u0105c kr\u00f3tkiego spi\u0119cia,<br \/>\nusi\u0142owa\u0142 Bobika chwyci\u0107 za obro\u017c\u0119,<br \/>\nlecz kt\u00f3\u017c poluj\u0105cego psa powstrzyma\u0107 mo\u017ce?<br \/>\nWyrwa\u0142 si\u0119 tedy Bobik, \u015bmign\u0105\u0142 jak rakieta,<br \/>\ngospodarz czubkiem buta jeszcze rozgni\u00f3t\u0142 peta<br \/>\ni od tej chwili tylko patrzy\u0107 m\u00f3g\u0142 bezradnie,<br \/>\njak szybko pies mu tego kurczaka dopadnie.<br \/>\nKurczak, nie w ciemi\u0119 bity, biegnie do chlewika<br \/>\ni z gdakaniem okrutnym za korytem znika,<br \/>\nprosi\u0119ta kwicz\u0105, knury chrz\u0105kaj\u0105 znacz\u0105co,<br \/>\nmaciory czyni\u0105 znak &#8222;a kysz!&#8221; racic\u0105 dr\u017c\u0105c\u0105,<br \/>\na Bobik robi slalom po\u015br\u00f3d wi\u0105zek s\u0142omy,<br \/>\nbo pozby\u0107 si\u0119 na kurcz\u0119 nie mo\u017ce oskomy.<br \/>\nJu\u017c je \u0142apie za skrzyd\u0142o, z\u0119by w nim zatapia,<br \/>\na tu&#8230; Pi\u00f3ro zosta\u0142o w pysku. O, kur zapia\u0142!<br \/>\nTo nie fair! &#8211; szczekn\u0105\u0142 Bobik i run\u0105\u0142 jak fala<br \/>\nza kurczakiem, co znowu migiem si\u0119 oddala,<br \/>\nzmierzaj\u0105c do kurnika i w jego czelu\u015bci<br \/>\ngin\u0105c. Na dalszy ci\u0105g zas\u0142on\u0119 lepiej spu\u015bci\u0107<br \/>\nmilczenia, bo gdy kura ju\u017c na grz\u0119dzie si\u0119dzie,<br \/>\nto wiadomo, \u017ce dalej nic z \u0142ow\u00f3w nie b\u0119dzie,<br \/>\njako \u017ce psy, cho\u0107 m\u0105dre i pe\u0142ne zdolno\u015bci,<br \/>\nz fruwaniem jednak maj\u0105 niejakie trudno\u015bci.   <\/p>\n","protected":false},"excerpt":{"rendered":"<p>Kurcz\u0119 wytrzyma\u0142o\u015bci kresu dochodzi\u0142o, nic nie pomog\u0142o, \u017ce si\u0119 na chwil\u0119 ukry\u0142o, dysz\u0105c ca\u0142e zgonione niby miech parowy, w samym ko\u0144cu obory, za wymieniem krowy i pad\u0142o martwym bykiem. Ju\u017c Bobik tu wpada, krow\u0119 na bok odsuwa, co\u015b tam do niej gada dla zmy\u0142y, szybkim kroczkiem sun\u0105c do kurcz\u0119cia. Sam gospodarz, unikn\u0105\u0107 chc\u0105c kr\u00f3tkiego spi\u0119cia, usi\u0142owa\u0142 Bobika chwyci\u0107 za obro\u017c\u0119, lecz kt\u00f3\u017c poluj\u0105cego psa powstrzyma\u0107 mo\u017ce? Wyrwa\u0142 si\u0119 tedy Bobik, \u015bmign\u0105\u0142 jak rakieta, gospodarz czubkiem buta jeszcze rozgni\u00f3t\u0142 peta i od tej chwili tylko patrzy\u0107 m\u00f3g\u0142 bezradnie, jak szybko pies mu tego kurczaka dopadnie. Kurczak, nie w ciemi\u0119 bity, biegnie [&hellip;]<\/p>\n","protected":false},"author":274,"featured_media":0,"parent":2565,"menu_order":0,"comment_status":"open","ping_status":"open","template":"wiersze_wypisy.php","meta":{"footnotes":""},"class_list":["post-288","page","type-page","status-publish","hentry"],"_links":{"self":[{"href":"https:\/\/blog-bobika.eu\/index.php?rest_route=\/wp\/v2\/pages\/288","targetHints":{"allow":["GET"]}}],"collection":[{"href":"https:\/\/blog-bobika.eu\/index.php?rest_route=\/wp\/v2\/pages"}],"about":[{"href":"https:\/\/blog-bobika.eu\/index.php?rest_route=\/wp\/v2\/types\/page"}],"author":[{"embeddable":true,"href":"https:\/\/blog-bobika.eu\/index.php?rest_route=\/wp\/v2\/users\/274"}],"replies":[{"embeddable":true,"href":"https:\/\/blog-bobika.eu\/index.php?rest_route=%2Fwp%2Fv2%2Fcomments&post=288"}],"version-history":[{"count":1,"href":"https:\/\/blog-bobika.eu\/index.php?rest_route=\/wp\/v2\/pages\/288\/revisions"}],"predecessor-version":[{"id":2589,"href":"https:\/\/blog-bobika.eu\/index.php?rest_route=\/wp\/v2\/pages\/288\/revisions\/2589"}],"up":[{"embeddable":true,"href":"https:\/\/blog-bobika.eu\/index.php?rest_route=\/wp\/v2\/pages\/2565"}],"wp:attachment":[{"href":"https:\/\/blog-bobika.eu\/index.php?rest_route=%2Fwp%2Fv2%2Fmedia&parent=288"}],"curies":[{"name":"wp","href":"https:\/\/api.w.org\/{rel}","templated":true}]}}