{"id":2836,"date":"2015-09-18T22:16:22","date_gmt":"2015-09-18T20:16:22","guid":{"rendered":"http:\/\/blog-bobika.eu\/?page_id=2836"},"modified":"2015-09-18T22:16:22","modified_gmt":"2015-09-18T20:16:22","slug":"kierowniczka-jubileusz","status":"publish","type":"page","link":"https:\/\/blog-bobika.eu\/?page_id=2836","title":{"rendered":"Kierowniczka jubileusz"},"content":{"rendered":"<p>Przy okazji trzeba rzec jubileuszu,<br \/>\nbileuszu, bileuszu,<br \/>\n\u017ce z korzy\u015bci\u0105 Kierowniczka jest dla uszu &#8211;<br \/>\njak kto ma, jak kto ma, jak kto ma.<\/p>\n<p>Zwodujemy Kierowniczk\u0119 na trzy setki,<br \/>\nna trzy setki, na trzy setki,<br \/>\nniechaj z niej po\u017cytek maj\u0105 i krewetki,<br \/>\noraz dorsz, oraz dorsz, oraz dorsz.<\/p>\n<p>Bo \u017ce ryby jakie\u015b g\u0142uche nic dziwnego,<br \/>\nnic dziwnego, nic dziwnego,<br \/>\nwszak brakuje im Dywanu Muzycznego,<br \/>\na\u017c do dzi\u015b, a\u017c do dzi\u015b, a\u017c do dzi\u015b.<\/p>\n<p>Lecz wystarczy Kierowniczk\u0119 im podrzuci\u0107,<br \/>\nim podrzuci\u0107, im podrzuci\u0107,<br \/>\nzaraz wszystkie zaczn\u0105 w g\u0142\u0119bi ch\u00f3rem nuci\u0107,<br \/>\nniby ptak, niby ptak, oj tak, tak.<\/p>\n<p>Ten Dywanik to przybytek edukacji,<br \/>\nedukacji, edukacji,<br \/>\npocojestnaklawiaturzeklawiszspacji,<br \/>\nwi\u0119c si\u0119 ucz, u\u017cyj \u00f3cz, w spacj\u0119 t\u0142ucz.<\/p>\n<p>Wszystkie dusze, w kt\u00f3rych gra tu siedz\u0105 rz\u0119dem,<br \/>\nsiedz\u0105 rz\u0119dem, siedz\u0105 rz\u0119dem,<br \/>\nnawet takie, kt\u00f3re wlaz\u0142y tu psim sw\u0119dem<br \/>\nm\u00f3wi\u0105c hau, m\u00f3wi\u0105c hau, m\u00f3wi\u0105c hau.<\/p>\n<p>Gdy fr\u0119dzelki na dywanie fristajluj\u0105,<br \/>\nfristajluj\u0105, fristajluj\u0105,<br \/>\nto co\u015b doda\u0107 wprawdzie mo\u017cna, lecz nic uj\u0105\u0107,<br \/>\nuj\u0105\u0107 nic, uj\u0105\u0107 nic, uj\u0105\u0107 nic.<\/p>\n<p>&nbsp;<\/p>\n","protected":false},"excerpt":{"rendered":"<p>Przy okazji trzeba rzec jubileuszu, bileuszu, bileuszu, \u017ce z korzy\u015bci\u0105 Kierowniczka jest dla uszu &#8211; jak kto ma, jak kto ma, jak kto ma. Zwodujemy Kierowniczk\u0119 na trzy setki, na trzy setki, na trzy setki, niechaj z niej po\u017cytek maj\u0105 i krewetki, oraz dorsz, oraz dorsz, oraz dorsz. Bo \u017ce ryby jakie\u015b g\u0142uche nic dziwnego, nic dziwnego, nic dziwnego, wszak brakuje im Dywanu Muzycznego, a\u017c do dzi\u015b, a\u017c do dzi\u015b, a\u017c do dzi\u015b. Lecz wystarczy Kierowniczk\u0119 im podrzuci\u0107, im podrzuci\u0107, im podrzuci\u0107, zaraz wszystkie zaczn\u0105 w g\u0142\u0119bi ch\u00f3rem nuci\u0107, niby ptak, niby ptak, oj tak, tak. Ten Dywanik to przybytek [&hellip;]<\/p>\n","protected":false},"author":274,"featured_media":0,"parent":2571,"menu_order":0,"comment_status":"open","ping_status":"open","template":"wiersze_muzyczne.php","meta":{"footnotes":""},"class_list":["post-2836","page","type-page","status-publish","hentry"],"_links":{"self":[{"href":"https:\/\/blog-bobika.eu\/index.php?rest_route=\/wp\/v2\/pages\/2836","targetHints":{"allow":["GET"]}}],"collection":[{"href":"https:\/\/blog-bobika.eu\/index.php?rest_route=\/wp\/v2\/pages"}],"about":[{"href":"https:\/\/blog-bobika.eu\/index.php?rest_route=\/wp\/v2\/types\/page"}],"author":[{"embeddable":true,"href":"https:\/\/blog-bobika.eu\/index.php?rest_route=\/wp\/v2\/users\/274"}],"replies":[{"embeddable":true,"href":"https:\/\/blog-bobika.eu\/index.php?rest_route=%2Fwp%2Fv2%2Fcomments&post=2836"}],"version-history":[{"count":1,"href":"https:\/\/blog-bobika.eu\/index.php?rest_route=\/wp\/v2\/pages\/2836\/revisions"}],"predecessor-version":[{"id":2837,"href":"https:\/\/blog-bobika.eu\/index.php?rest_route=\/wp\/v2\/pages\/2836\/revisions\/2837"}],"up":[{"embeddable":true,"href":"https:\/\/blog-bobika.eu\/index.php?rest_route=\/wp\/v2\/pages\/2571"}],"wp:attachment":[{"href":"https:\/\/blog-bobika.eu\/index.php?rest_route=%2Fwp%2Fv2%2Fmedia&parent=2836"}],"curies":[{"name":"wp","href":"https:\/\/api.w.org\/{rel}","templated":true}]}}