{"id":2831,"date":"2015-09-18T22:13:16","date_gmt":"2015-09-18T20:13:16","guid":{"rendered":"http:\/\/blog-bobika.eu\/?page_id=2831"},"modified":"2015-09-18T22:13:16","modified_gmt":"2015-09-18T20:13:16","slug":"kameleon","status":"publish","type":"page","link":"https:\/\/blog-bobika.eu\/?page_id=2831","title":{"rendered":"Kameleon"},"content":{"rendered":"<p>Pewien kameleon, muzykalne zwierz\u0119,<br \/>\nw Tel Awiwie grywa\u0142 zwykle na psanterze,<br \/>\na w Kioto raczej na koto,<br \/>\nchodzi\u0142o mu bowiem o to,<br \/>\n\u017ceby na sw\u00f3j temat nie podwa\u017ca\u0107 wierze\u0144.<\/p>\n","protected":false},"excerpt":{"rendered":"<p>Pewien kameleon, muzykalne zwierz\u0119, w Tel Awiwie grywa\u0142 zwykle na psanterze, a w Kioto raczej na koto, chodzi\u0142o mu bowiem o to, \u017ceby na sw\u00f3j temat nie podwa\u017ca\u0107 wierze\u0144.<\/p>\n","protected":false},"author":274,"featured_media":0,"parent":2571,"menu_order":0,"comment_status":"open","ping_status":"open","template":"wiersze_muzyczne.php","meta":{"footnotes":""},"class_list":["post-2831","page","type-page","status-publish","hentry"],"_links":{"self":[{"href":"https:\/\/blog-bobika.eu\/index.php?rest_route=\/wp\/v2\/pages\/2831","targetHints":{"allow":["GET"]}}],"collection":[{"href":"https:\/\/blog-bobika.eu\/index.php?rest_route=\/wp\/v2\/pages"}],"about":[{"href":"https:\/\/blog-bobika.eu\/index.php?rest_route=\/wp\/v2\/types\/page"}],"author":[{"embeddable":true,"href":"https:\/\/blog-bobika.eu\/index.php?rest_route=\/wp\/v2\/users\/274"}],"replies":[{"embeddable":true,"href":"https:\/\/blog-bobika.eu\/index.php?rest_route=%2Fwp%2Fv2%2Fcomments&post=2831"}],"version-history":[{"count":1,"href":"https:\/\/blog-bobika.eu\/index.php?rest_route=\/wp\/v2\/pages\/2831\/revisions"}],"predecessor-version":[{"id":2832,"href":"https:\/\/blog-bobika.eu\/index.php?rest_route=\/wp\/v2\/pages\/2831\/revisions\/2832"}],"up":[{"embeddable":true,"href":"https:\/\/blog-bobika.eu\/index.php?rest_route=\/wp\/v2\/pages\/2571"}],"wp:attachment":[{"href":"https:\/\/blog-bobika.eu\/index.php?rest_route=%2Fwp%2Fv2%2Fmedia&parent=2831"}],"curies":[{"name":"wp","href":"https:\/\/api.w.org\/{rel}","templated":true}]}}