{"id":2823,"date":"2015-09-18T22:07:28","date_gmt":"2015-09-18T20:07:28","guid":{"rendered":"http:\/\/blog-bobika.eu\/?page_id=2823"},"modified":"2015-09-18T22:07:28","modified_gmt":"2015-09-18T20:07:28","slug":"gra-w-mitenkach","status":"publish","type":"page","link":"https:\/\/blog-bobika.eu\/?page_id=2823","title":{"rendered":"Gra w mitenkach"},"content":{"rendered":"<p>Nadsekwa\u0144ski, szary bulwar<br \/>\nch\u0142odna mg\u0142a zasnuwa,<br \/>\npo zzi\u0119bni\u0119tej klawiaturze<br \/>\npianistka zasuwa.<\/p>\n<p>Nie do\u015b\u0107, \u017ce biedaczka tonie<br \/>\nw zwyk\u0142ych, tfurczych m\u0119kach,<br \/>\nto &#8211; o zgrozo! &#8211; jeszcze d\u0142onie<br \/>\nci\u0119giem ma w mitenkach.<\/p>\n<p>Jak muzyka w tych warunkach<br \/>\nma pop\u0142yn\u0105\u0107 szparko?<br \/>\nAch, ratunek tylko w trunkach,<br \/>\nchocia\u017c s\u0142ucha Sarko.<\/p>\n<p>Gdy tak zimno, r\u00f3\u017cnych pokus<br \/>\nspory jest arsena\u0142,<br \/>\ngra pianistka i na boku<br \/>\npoci\u0105ga Chopina.<\/p>\n","protected":false},"excerpt":{"rendered":"<p>Nadsekwa\u0144ski, szary bulwar ch\u0142odna mg\u0142a zasnuwa, po zzi\u0119bni\u0119tej klawiaturze pianistka zasuwa. Nie do\u015b\u0107, \u017ce biedaczka tonie w zwyk\u0142ych, tfurczych m\u0119kach, to &#8211; o zgrozo! &#8211; jeszcze d\u0142onie ci\u0119giem ma w mitenkach. Jak muzyka w tych warunkach ma pop\u0142yn\u0105\u0107 szparko? Ach, ratunek tylko w trunkach, chocia\u017c s\u0142ucha Sarko. Gdy tak zimno, r\u00f3\u017cnych pokus spory jest arsena\u0142, gra pianistka i na boku poci\u0105ga Chopina.<\/p>\n","protected":false},"author":274,"featured_media":0,"parent":2571,"menu_order":0,"comment_status":"open","ping_status":"open","template":"wiersze_muzyczne.php","meta":{"footnotes":""},"class_list":["post-2823","page","type-page","status-publish","hentry"],"_links":{"self":[{"href":"https:\/\/blog-bobika.eu\/index.php?rest_route=\/wp\/v2\/pages\/2823","targetHints":{"allow":["GET"]}}],"collection":[{"href":"https:\/\/blog-bobika.eu\/index.php?rest_route=\/wp\/v2\/pages"}],"about":[{"href":"https:\/\/blog-bobika.eu\/index.php?rest_route=\/wp\/v2\/types\/page"}],"author":[{"embeddable":true,"href":"https:\/\/blog-bobika.eu\/index.php?rest_route=\/wp\/v2\/users\/274"}],"replies":[{"embeddable":true,"href":"https:\/\/blog-bobika.eu\/index.php?rest_route=%2Fwp%2Fv2%2Fcomments&post=2823"}],"version-history":[{"count":1,"href":"https:\/\/blog-bobika.eu\/index.php?rest_route=\/wp\/v2\/pages\/2823\/revisions"}],"predecessor-version":[{"id":2824,"href":"https:\/\/blog-bobika.eu\/index.php?rest_route=\/wp\/v2\/pages\/2823\/revisions\/2824"}],"up":[{"embeddable":true,"href":"https:\/\/blog-bobika.eu\/index.php?rest_route=\/wp\/v2\/pages\/2571"}],"wp:attachment":[{"href":"https:\/\/blog-bobika.eu\/index.php?rest_route=%2Fwp%2Fv2%2Fmedia&parent=2823"}],"curies":[{"name":"wp","href":"https:\/\/api.w.org\/{rel}","templated":true}]}}