{"id":2815,"date":"2015-09-18T21:57:50","date_gmt":"2015-09-18T19:57:50","guid":{"rendered":"http:\/\/blog-bobika.eu\/?page_id=2815"},"modified":"2015-09-18T21:57:50","modified_gmt":"2015-09-18T19:57:50","slug":"dusza-slowianska","status":"publish","type":"page","link":"https:\/\/blog-bobika.eu\/?page_id=2815","title":{"rendered":"Dusza s\u0142owia\u0144ska"},"content":{"rendered":"<p>Sm\u0119tkiem zasnuta, butem obuta,<br \/>\nrozpacza dusza na skale.<br \/>\nCho\u0107 spod carskiego uciek\u0142a knuta,<br \/>\ntutaj nie lepiej jej wcale.<br \/>\nPluje w kanapk\u0119 deszcz, moi\u015bciewy,<br \/>\npogoda robi se jaja,<br \/>\na z okolicy dochodz\u0105 \u015bpiewy<br \/>\nniejakiego Lorelaja.<br \/>\nWredny Germanin duszy nie koi,<br \/>\ni nie rozumie jej g\u0142osu,<br \/>\nsama si\u0119 musi, nieszcz\u0119sna, poi\u0107,<br \/>\noj, kaw\u0105 Turek z termosu.<br \/>\nLecz nie triumfuj, z\u0142y Germaninie,<br \/>\ni na wstrzymanie we\u017a, ch\u0142opie!<br \/>\nDusza s\u0142owia\u0144ska, nim Renem sp\u0142ynie,<br \/>\nca\u0142e twe re\u0144skie wy\u017c\u0142opie!<\/p>\n","protected":false},"excerpt":{"rendered":"<p>Sm\u0119tkiem zasnuta, butem obuta, rozpacza dusza na skale. Cho\u0107 spod carskiego uciek\u0142a knuta, tutaj nie lepiej jej wcale. Pluje w kanapk\u0119 deszcz, moi\u015bciewy, pogoda robi se jaja, a z okolicy dochodz\u0105 \u015bpiewy niejakiego Lorelaja. Wredny Germanin duszy nie koi, i nie rozumie jej g\u0142osu, sama si\u0119 musi, nieszcz\u0119sna, poi\u0107, oj, kaw\u0105 Turek z termosu. Lecz nie triumfuj, z\u0142y Germaninie, i na wstrzymanie we\u017a, ch\u0142opie! Dusza s\u0142owia\u0144ska, nim Renem sp\u0142ynie, ca\u0142e twe re\u0144skie wy\u017c\u0142opie!<\/p>\n","protected":false},"author":274,"featured_media":0,"parent":2571,"menu_order":0,"comment_status":"open","ping_status":"open","template":"wiersze_muzyczne.php","meta":{"footnotes":""},"class_list":["post-2815","page","type-page","status-publish","hentry"],"_links":{"self":[{"href":"https:\/\/blog-bobika.eu\/index.php?rest_route=\/wp\/v2\/pages\/2815","targetHints":{"allow":["GET"]}}],"collection":[{"href":"https:\/\/blog-bobika.eu\/index.php?rest_route=\/wp\/v2\/pages"}],"about":[{"href":"https:\/\/blog-bobika.eu\/index.php?rest_route=\/wp\/v2\/types\/page"}],"author":[{"embeddable":true,"href":"https:\/\/blog-bobika.eu\/index.php?rest_route=\/wp\/v2\/users\/274"}],"replies":[{"embeddable":true,"href":"https:\/\/blog-bobika.eu\/index.php?rest_route=%2Fwp%2Fv2%2Fcomments&post=2815"}],"version-history":[{"count":1,"href":"https:\/\/blog-bobika.eu\/index.php?rest_route=\/wp\/v2\/pages\/2815\/revisions"}],"predecessor-version":[{"id":2816,"href":"https:\/\/blog-bobika.eu\/index.php?rest_route=\/wp\/v2\/pages\/2815\/revisions\/2816"}],"up":[{"embeddable":true,"href":"https:\/\/blog-bobika.eu\/index.php?rest_route=\/wp\/v2\/pages\/2571"}],"wp:attachment":[{"href":"https:\/\/blog-bobika.eu\/index.php?rest_route=%2Fwp%2Fv2%2Fmedia&parent=2815"}],"curies":[{"name":"wp","href":"https:\/\/api.w.org\/{rel}","templated":true}]}}