{"id":2813,"date":"2015-09-18T21:56:15","date_gmt":"2015-09-18T19:56:15","guid":{"rendered":"http:\/\/blog-bobika.eu\/?page_id=2813"},"modified":"2015-09-18T21:56:16","modified_gmt":"2015-09-18T19:56:16","slug":"duchy-muzyczne","status":"publish","type":"page","link":"https:\/\/blog-bobika.eu\/?page_id=2813","title":{"rendered":"Duchy muzyczne"},"content":{"rendered":"<p>Mozarta duch do mnie si\u0119 zg\u0142osi\u0142 w po\u0142udnie<br \/>\ni tak mi powiedzia\u0142: og\u00f3lnie jest cudnie,<br \/>\ndocenia publiczno\u015b\u0107 mnie, zna moje dzie\u0142o,<br \/>\ngdzie ucha nadstawi\u0107, tam furt Amadeo,<br \/>\nmelodie me stale fruwaj\u0105 po \u015bwiecie,<br \/>\ntu by\u0142y w La Scali, za chwil\u0119 s\u0105 w Mecie<br \/>\nlecz w jednej krainie do\u015b\u0107 marna ma karta,<br \/>\nnie dosy\u0107, mym zdaniem, tam wielbi\u0105 Mozarta.<br \/>\nNat\u0142uk\u0142em utwor\u00f3w jak w jakiej fabryce,<br \/>\na ludno\u015b\u0107 tamtejsza wci\u0105\u017c Frycek i Frycek.<br \/>\nGdzie jest sprawiedliwo\u015b\u0107 (ju\u017c mniejsza o prawo),<br \/>\nczy zechce kto\u015b wreszcie si\u0119 zaj\u0105\u0107 t\u0105 spraw\u0105?<\/p>\n<p>Gdy znikn\u0105\u0142 w lansadach, perfumach, zapachach<br \/>\nMozarta duch, zjawi\u0142 si\u0119 zaraz duch Bacha:<br \/>\nPopieram koleg\u0119! Bo prawda jest taka,<br \/>\n\u017ce tam w rzeczy samej promuj\u0105 swojaka.<br \/>\nFakt, wielbi\u0105 kantory, lecz w tym moja zmora,<br \/>\n\u017ce to nie dotyczy lipskiego kantora.<br \/>\nNa nic pasja, zapa\u0142, na nic d\u017awi\u0119k\u00f3w burza,<br \/>\ngdy nie chce za Chiny mnie gra\u0107 pani R\u00f3\u017ca.<\/p>\n<p>Nie przebrzmia\u0142 do ko\u0144ca argument ten chi\u0144ski,<br \/>\ngdy Bacha astralnie zast\u0105pi\u0142 Strawi\u0144ski<br \/>\ni j\u0119kn\u0105\u0142 ponuro: jak kocham matuszk\u0119,<br \/>\nprzez Fryca ja musz\u0119 sia\u0107 cz\u0119sto pietruszk\u0119,<br \/>\nbo co w Polsce ta\u0144czy\u0107 chce matka i c\u00f3rka?<br \/>\nNie balet rosyjski, a tylko mazurka.<\/p>\n<p>I znowu epoki przestawia si\u0119 wajcha,<br \/>\nw czapeczce na g\u0142owie zagl\u0105da duch Reicha.<br \/>\nJa tutaj przejazdem &#8211; zaznacza uczciwie &#8211;<br \/>\nlecz te\u017c sytuacji, well, troch\u0119 si\u0119 dziwi\u0119,<br \/>\nwszak sfery muzycznej nikt tak nie o\u017cywi,<br \/>\njak Igor czy Karlheinz, najlepiej za\u015b Stevie,<br \/>\nwell, guys, ja zaleca\u0142bym wujkom i ciociom,<br \/>\nby do mnie gwa\u0142towny zechcieli mie\u0107 poci\u0105g,<br \/>\nniech polski szachista do Pata si\u0119 \u015bmieje,<br \/>\na nie tylko w k\u00f3\u0142ko i w k\u00f3\u0142ko chopieje.<\/p>\n<p>T\u0142um jeszcze si\u0119 duch\u00f3w domaga\u0142 wpuszczenia,<br \/>\na ka\u017cdy z nich chopkizm surowo ocenia\u0142,<br \/>\nwtem Frycek z za\u015bwiat\u00f3w wychyn\u0105\u0142 wnerwiony<br \/>\ni rzek\u0142: szlag mnie trafia, gdy s\u0142ysz\u0119 te tony!<br \/>\nDlaczego pod strzechy nie trafi\u0142 z was kt\u00f3ry?<br \/>\nSpytajcie najlepiej ministra kultury,<br \/>\na mnie dajcie spok\u00f3j i sko\u0144czcie te k\u0142\u00f3tnie.<br \/>\nCom winien, \u017ce nar\u00f3d mnie kocha okrutnie?<br \/>\nMiast j\u0119cze\u0107 \u017ca\u0142o\u015bnie i bryzga\u0107 tu \u0142zami,<br \/>\nzmiatajcie na Dywan &#8211; tam zajm\u0105 si\u0119 wami,<br \/>\npog\u0142aszcz\u0105 po g\u0142\u00f3wkach, przytul\u0105 do \u0142ona,<br \/>\njak prawdy nie m\u00f3wi\u0119, niech zaraz tu skonam.<\/p>\n<p>W\u015br\u00f3d duch\u00f3w si\u0119 straszna zrobi\u0142a radocha,<br \/>\n\u017ce gdzie\u015b, w jakim\u015b miejscu publika je kocha,<br \/>\nruszy\u0142y wi\u0119c t\u0142umnie w kierunku Dywanu,<br \/>\nswe dzie\u0142a ze sob\u0105 targaj\u0105c dla szpanu<br \/>\ni trzeba im miejsca zostawi\u0107 co nieco,<br \/>\nbo ko\u0142o p\u00f3\u0142nocy si\u0119 wszystkie tu zlec\u0105.<\/p>\n","protected":false},"excerpt":{"rendered":"<p>Mozarta duch do mnie si\u0119 zg\u0142osi\u0142 w po\u0142udnie i tak mi powiedzia\u0142: og\u00f3lnie jest cudnie, docenia publiczno\u015b\u0107 mnie, zna moje dzie\u0142o, gdzie ucha nadstawi\u0107, tam furt Amadeo, melodie me stale fruwaj\u0105 po \u015bwiecie, tu by\u0142y w La Scali, za chwil\u0119 s\u0105 w Mecie lecz w jednej krainie do\u015b\u0107 marna ma karta, nie dosy\u0107, mym zdaniem, tam wielbi\u0105 Mozarta. Nat\u0142uk\u0142em utwor\u00f3w jak w jakiej fabryce, a ludno\u015b\u0107 tamtejsza wci\u0105\u017c Frycek i Frycek. Gdzie jest sprawiedliwo\u015b\u0107 (ju\u017c mniejsza o prawo), czy zechce kto\u015b wreszcie si\u0119 zaj\u0105\u0107 t\u0105 spraw\u0105? Gdy znikn\u0105\u0142 w lansadach, perfumach, zapachach Mozarta duch, zjawi\u0142 si\u0119 zaraz duch Bacha: Popieram [&hellip;]<\/p>\n","protected":false},"author":274,"featured_media":0,"parent":2571,"menu_order":0,"comment_status":"open","ping_status":"open","template":"wiersze_muzyczne.php","meta":{"footnotes":""},"class_list":["post-2813","page","type-page","status-publish","hentry"],"_links":{"self":[{"href":"https:\/\/blog-bobika.eu\/index.php?rest_route=\/wp\/v2\/pages\/2813","targetHints":{"allow":["GET"]}}],"collection":[{"href":"https:\/\/blog-bobika.eu\/index.php?rest_route=\/wp\/v2\/pages"}],"about":[{"href":"https:\/\/blog-bobika.eu\/index.php?rest_route=\/wp\/v2\/types\/page"}],"author":[{"embeddable":true,"href":"https:\/\/blog-bobika.eu\/index.php?rest_route=\/wp\/v2\/users\/274"}],"replies":[{"embeddable":true,"href":"https:\/\/blog-bobika.eu\/index.php?rest_route=%2Fwp%2Fv2%2Fcomments&post=2813"}],"version-history":[{"count":1,"href":"https:\/\/blog-bobika.eu\/index.php?rest_route=\/wp\/v2\/pages\/2813\/revisions"}],"predecessor-version":[{"id":2814,"href":"https:\/\/blog-bobika.eu\/index.php?rest_route=\/wp\/v2\/pages\/2813\/revisions\/2814"}],"up":[{"embeddable":true,"href":"https:\/\/blog-bobika.eu\/index.php?rest_route=\/wp\/v2\/pages\/2571"}],"wp:attachment":[{"href":"https:\/\/blog-bobika.eu\/index.php?rest_route=%2Fwp%2Fv2%2Fmedia&parent=2813"}],"curies":[{"name":"wp","href":"https:\/\/api.w.org\/{rel}","templated":true}]}}