{"id":2748,"date":"2015-09-04T23:21:43","date_gmt":"2015-09-04T21:21:43","guid":{"rendered":"http:\/\/blog-bobika.eu\/?page_id=2748"},"modified":"2015-09-04T23:21:43","modified_gmt":"2015-09-04T21:21:43","slug":"nisia-porno-star","status":"publish","type":"page","link":"https:\/\/blog-bobika.eu\/?page_id=2748","title":{"rendered":"Nisia porno-star"},"content":{"rendered":"<p>Od dzisiaj wie to ju\u017c ka\u017cdy Polak,<br \/>\n\u017ce Nisia ch\u0119tnie grywa w pornolach,<br \/>\nale nie z ka\u017cdym wcale, o, nie!<br \/>\nInteligenta do pary chce.<\/p>\n<p>Gdy si\u0119, powiedzmy, znajdzie w Lublinie<br \/>\ni jajog\u0142owy jej si\u0119 nawinie,<br \/>\nzaraz do piersi przytula go,<br \/>\nmrucz\u0105c \u201cto g\u0142owa jest, \u017ce ho-ho!\u201d<\/p>\n<p>Gdy swym pozycjom robi reklam\u0119,<br \/>\ntumult powstaje wok\u00f3\u0142 i zam\u0119t,<br \/>\nbo w ka\u017cdym mie\u015bcie ogromna \u0107ma<br \/>\ninteligent\u00f3w do niej si\u0119 pcha.<\/p>\n<p>Ka\u017cdy chce dopcha\u0107 si\u0119 jako pierwszy,<br \/>\na potem o tem kto\u015b pisze wierszyk<br \/>\ni cho\u0107by wtedy kto\u015b mord\u0119 dar\u0142,<br \/>\nju\u017c trudno, z Nisi jest porno-star.<\/p>\n","protected":false},"excerpt":{"rendered":"<p>Od dzisiaj wie to ju\u017c ka\u017cdy Polak, \u017ce Nisia ch\u0119tnie grywa w pornolach, ale nie z ka\u017cdym wcale, o, nie! Inteligenta do pary chce. Gdy si\u0119, powiedzmy, znajdzie w Lublinie i jajog\u0142owy jej si\u0119 nawinie, zaraz do piersi przytula go, mrucz\u0105c \u201cto g\u0142owa jest, \u017ce ho-ho!\u201d Gdy swym pozycjom robi reklam\u0119, tumult powstaje wok\u00f3\u0142 i zam\u0119t, bo w ka\u017cdym mie\u015bcie ogromna \u0107ma inteligent\u00f3w do niej si\u0119 pcha. Ka\u017cdy chce dopcha\u0107 si\u0119 jako pierwszy, a potem o tem kto\u015b pisze wierszyk i cho\u0107by wtedy kto\u015b mord\u0119 dar\u0142, ju\u017c trudno, z Nisi jest porno-star.<\/p>\n","protected":false},"author":274,"featured_media":0,"parent":2573,"menu_order":0,"comment_status":"open","ping_status":"open","template":"wiersze_osobowosci.php","meta":{"footnotes":""},"class_list":["post-2748","page","type-page","status-publish","hentry"],"_links":{"self":[{"href":"https:\/\/blog-bobika.eu\/index.php?rest_route=\/wp\/v2\/pages\/2748","targetHints":{"allow":["GET"]}}],"collection":[{"href":"https:\/\/blog-bobika.eu\/index.php?rest_route=\/wp\/v2\/pages"}],"about":[{"href":"https:\/\/blog-bobika.eu\/index.php?rest_route=\/wp\/v2\/types\/page"}],"author":[{"embeddable":true,"href":"https:\/\/blog-bobika.eu\/index.php?rest_route=\/wp\/v2\/users\/274"}],"replies":[{"embeddable":true,"href":"https:\/\/blog-bobika.eu\/index.php?rest_route=%2Fwp%2Fv2%2Fcomments&post=2748"}],"version-history":[{"count":1,"href":"https:\/\/blog-bobika.eu\/index.php?rest_route=\/wp\/v2\/pages\/2748\/revisions"}],"predecessor-version":[{"id":2749,"href":"https:\/\/blog-bobika.eu\/index.php?rest_route=\/wp\/v2\/pages\/2748\/revisions\/2749"}],"up":[{"embeddable":true,"href":"https:\/\/blog-bobika.eu\/index.php?rest_route=\/wp\/v2\/pages\/2573"}],"wp:attachment":[{"href":"https:\/\/blog-bobika.eu\/index.php?rest_route=%2Fwp%2Fv2%2Fmedia&parent=2748"}],"curies":[{"name":"wp","href":"https:\/\/api.w.org\/{rel}","templated":true}]}}