{"id":2742,"date":"2015-09-04T23:12:46","date_gmt":"2015-09-04T21:12:46","guid":{"rendered":"http:\/\/blog-bobika.eu\/?page_id=2742"},"modified":"2015-09-04T23:12:46","modified_gmt":"2015-09-04T21:12:46","slug":"konsekwencje-abstynencji","status":"publish","type":"page","link":"https:\/\/blog-bobika.eu\/?page_id=2742","title":{"rendered":"Konsekwencje abstynencji"},"content":{"rendered":"<p>Raz wyszed\u0142 Kotek na przechadzk\u0119<br \/>\npo lasku okolicznym.<br \/>\nW\u0105s mia\u0142 stercz\u0105cy, ruchy grackie,<br \/>\na dzionek by\u0142 prze\u015bliczny.<\/p>\n<p>Gdy id\u0105c wzrokiem do\u015b\u0107 niedba\u0142ym<br \/>\ntaksowa\u0142 le\u015bne runo,<br \/>\n\u0142apy mu nagle si\u0119 zachwia\u0142y,<br \/>\nz wra\u017cenia prawie run\u0105\u0142.<\/p>\n<p>W obj\u0119ciach runa \u0141yskacz le\u017ca\u0142,<br \/>\nw mchach ca\u0142y i porostach<br \/>\ni najwyra\u017aniej prosi\u0142 zwierza:<br \/>\nach, ty mnie tu nie zostaw!<\/p>\n<p>Wsp\u00f3\u0142czucie Kotka ogarn\u0119\u0142o,<br \/>\nw \u0141yskacza miaukn\u0105\u0142 stron\u0119:<br \/>\ngdy trafia mi si\u0119 zbo\u017cne dzie\u0142o,<br \/>\nby\u0107 musi wype\u0142nione.<\/p>\n<p>Da\u0107 ci tu le\u017ce\u0107 to makabra,<br \/>\nta opcja mnie nie n\u0119ci,<br \/>\nlecz jak mam ci\u0119 do domu zabra\u0107,<br \/>\ngdy tam s\u0105 abstynenci?<\/p>\n<p>Ja znajd\u0119 jednak spos\u00f3b jaki\u015b,<br \/>\nnie wpadaj w rozpacz, ch\u0142opie,<br \/>\nna przyk\u0142ad ci\u0119 zabior\u0119 w krzaki<br \/>\ni tam\u017ce ci\u0119 wy\u017c\u0142opi\u0119.<\/p>\n<p>Tu ju\u017c zakr\u0119tk\u0119 odkr\u0119ca\u0142a<br \/>\nkosmata kocia \u0142apa,<br \/>\n\u0141yskacza prosto w mordk\u0119 wla\u0142a,<br \/>\na potem Kot zachrapa\u0142.<\/p>\n<p>I \u015bni\u0142, \u017ce nie ma si\u0119 co \u0142udzi\u0107,<br \/>\nbo raptem po godzinie<br \/>\nz potwornym kacem si\u0119 obudzi,<br \/>\nz \u0142bem o rozmiarach dyni&#8230;<\/p>\n<p>Wi\u0119c kiedy w abstynencj\u0119 wpadniesz,<br \/>\nbacz, co ci\u0119 mo\u017ce spotka\u0107:<br \/>\nsam nie wypijesz, ale snadnie<br \/>\nw k\u0142opoty wp\u0119dzisz Kotka.<\/p>\n","protected":false},"excerpt":{"rendered":"<p>Raz wyszed\u0142 Kotek na przechadzk\u0119 po lasku okolicznym. W\u0105s mia\u0142 stercz\u0105cy, ruchy grackie, a dzionek by\u0142 prze\u015bliczny. Gdy id\u0105c wzrokiem do\u015b\u0107 niedba\u0142ym taksowa\u0142 le\u015bne runo, \u0142apy mu nagle si\u0119 zachwia\u0142y, z wra\u017cenia prawie run\u0105\u0142. W obj\u0119ciach runa \u0141yskacz le\u017ca\u0142, w mchach ca\u0142y i porostach i najwyra\u017aniej prosi\u0142 zwierza: ach, ty mnie tu nie zostaw! Wsp\u00f3\u0142czucie Kotka ogarn\u0119\u0142o, w \u0141yskacza miaukn\u0105\u0142 stron\u0119: gdy trafia mi si\u0119 zbo\u017cne dzie\u0142o, by\u0107 musi wype\u0142nione. Da\u0107 ci tu le\u017ce\u0107 to makabra, ta opcja mnie nie n\u0119ci, lecz jak mam ci\u0119 do domu zabra\u0107, gdy tam s\u0105 abstynenci? Ja znajd\u0119 jednak spos\u00f3b jaki\u015b, nie wpadaj w [&hellip;]<\/p>\n","protected":false},"author":274,"featured_media":0,"parent":2573,"menu_order":0,"comment_status":"open","ping_status":"open","template":"wiersze_osobowosci.php","meta":{"footnotes":""},"class_list":["post-2742","page","type-page","status-publish","hentry"],"_links":{"self":[{"href":"https:\/\/blog-bobika.eu\/index.php?rest_route=\/wp\/v2\/pages\/2742","targetHints":{"allow":["GET"]}}],"collection":[{"href":"https:\/\/blog-bobika.eu\/index.php?rest_route=\/wp\/v2\/pages"}],"about":[{"href":"https:\/\/blog-bobika.eu\/index.php?rest_route=\/wp\/v2\/types\/page"}],"author":[{"embeddable":true,"href":"https:\/\/blog-bobika.eu\/index.php?rest_route=\/wp\/v2\/users\/274"}],"replies":[{"embeddable":true,"href":"https:\/\/blog-bobika.eu\/index.php?rest_route=%2Fwp%2Fv2%2Fcomments&post=2742"}],"version-history":[{"count":1,"href":"https:\/\/blog-bobika.eu\/index.php?rest_route=\/wp\/v2\/pages\/2742\/revisions"}],"predecessor-version":[{"id":2743,"href":"https:\/\/blog-bobika.eu\/index.php?rest_route=\/wp\/v2\/pages\/2742\/revisions\/2743"}],"up":[{"embeddable":true,"href":"https:\/\/blog-bobika.eu\/index.php?rest_route=\/wp\/v2\/pages\/2573"}],"wp:attachment":[{"href":"https:\/\/blog-bobika.eu\/index.php?rest_route=%2Fwp%2Fv2%2Fmedia&parent=2742"}],"curies":[{"name":"wp","href":"https:\/\/api.w.org\/{rel}","templated":true}]}}