{"id":2736,"date":"2015-09-04T23:04:55","date_gmt":"2015-09-04T21:04:55","guid":{"rendered":"http:\/\/blog-bobika.eu\/?page_id=2736"},"modified":"2015-09-04T23:04:55","modified_gmt":"2015-09-04T21:04:55","slug":"mieszko-i-salatka","status":"publish","type":"page","link":"https:\/\/blog-bobika.eu\/?page_id=2736","title":{"rendered":"Mieszko i sa\u0142atka"},"content":{"rendered":"<p>Mieszko Pierwszy ju\u017c od paru<br \/>\nlat planowa\u0142 ochrzci\u0107 nar\u00f3d,<br \/>\nlecz przy chrzcinach trza musowo<br \/>\nmie\u0107 sa\u0142atk\u0119 jarzynow\u0105,<br \/>\n\u017ceby chrzestni i rodzina<br \/>\nsi\u0119 nie prze\u015bcigali w drwinach.<br \/>\nNo wi\u0119c ku ojczyzny chwale<br \/>\npos\u0142a\u0142 Mieszko po Puchal\u0119:<br \/>\nniech tu zaraz mknie z p\u00f3\u0142miskiem,<br \/>\nby nie wysz\u0142a z g\u0142odnym pyskiem<br \/>\nhurma zaproszonych go\u015bci,<br \/>\nco si\u0119 dzi\u015b zechcieli ochrzci\u0107.<br \/>\nA Puchala: nie ma sprawy,<br \/>\nmam ja bowiem taki nawyk,<br \/>\n\u017ca sa\u0142atki zapas spory<br \/>\nmi zajmuje p\u00f3\u0142 komory<br \/>\ni w potrzebie, dla narodu,<br \/>\nwszystko dam, co mam &#8211; do spodu.<br \/>\nMieszko szybko skmini\u0142 gadk\u0119,<br \/>\npos\u0142a\u0142 woj\u00f3w po sa\u0142atk\u0119,<br \/>\npo czym taki bankiet skr\u0119ci\u0142,<br \/>\n\u017ce do dzisiaj tkwi w pami\u0119ci.<\/p>\n<p>Wi\u0119c gdy historyk\u00f3w zgraja<br \/>\nco\u015b o Mieszku tym zagaja,<br \/>\nniech powiedz\u0105 prawd\u0119 ca\u0142\u0105:<br \/>\nnic by mu si\u0119 nie uda\u0142o,<br \/>\nnie da\u0142by nam tak popali\u0107,<br \/>\nbez sa\u0142atki od Puchali.<\/p>\n","protected":false},"excerpt":{"rendered":"<p>Mieszko Pierwszy ju\u017c od paru lat planowa\u0142 ochrzci\u0107 nar\u00f3d, lecz przy chrzcinach trza musowo mie\u0107 sa\u0142atk\u0119 jarzynow\u0105, \u017ceby chrzestni i rodzina si\u0119 nie prze\u015bcigali w drwinach. No wi\u0119c ku ojczyzny chwale pos\u0142a\u0142 Mieszko po Puchal\u0119: niech tu zaraz mknie z p\u00f3\u0142miskiem, by nie wysz\u0142a z g\u0142odnym pyskiem hurma zaproszonych go\u015bci, co si\u0119 dzi\u015b zechcieli ochrzci\u0107. A Puchala: nie ma sprawy, mam ja bowiem taki nawyk, \u017ca sa\u0142atki zapas spory mi zajmuje p\u00f3\u0142 komory i w potrzebie, dla narodu, wszystko dam, co mam &#8211; do spodu. Mieszko szybko skmini\u0142 gadk\u0119, pos\u0142a\u0142 woj\u00f3w po sa\u0142atk\u0119, po czym taki bankiet skr\u0119ci\u0142, \u017ce do [&hellip;]<\/p>\n","protected":false},"author":274,"featured_media":0,"parent":2573,"menu_order":0,"comment_status":"open","ping_status":"open","template":"wiersze_osobowosci.php","meta":{"footnotes":""},"class_list":["post-2736","page","type-page","status-publish","hentry"],"_links":{"self":[{"href":"https:\/\/blog-bobika.eu\/index.php?rest_route=\/wp\/v2\/pages\/2736","targetHints":{"allow":["GET"]}}],"collection":[{"href":"https:\/\/blog-bobika.eu\/index.php?rest_route=\/wp\/v2\/pages"}],"about":[{"href":"https:\/\/blog-bobika.eu\/index.php?rest_route=\/wp\/v2\/types\/page"}],"author":[{"embeddable":true,"href":"https:\/\/blog-bobika.eu\/index.php?rest_route=\/wp\/v2\/users\/274"}],"replies":[{"embeddable":true,"href":"https:\/\/blog-bobika.eu\/index.php?rest_route=%2Fwp%2Fv2%2Fcomments&post=2736"}],"version-history":[{"count":1,"href":"https:\/\/blog-bobika.eu\/index.php?rest_route=\/wp\/v2\/pages\/2736\/revisions"}],"predecessor-version":[{"id":2737,"href":"https:\/\/blog-bobika.eu\/index.php?rest_route=\/wp\/v2\/pages\/2736\/revisions\/2737"}],"up":[{"embeddable":true,"href":"https:\/\/blog-bobika.eu\/index.php?rest_route=\/wp\/v2\/pages\/2573"}],"wp:attachment":[{"href":"https:\/\/blog-bobika.eu\/index.php?rest_route=%2Fwp%2Fv2%2Fmedia&parent=2736"}],"curies":[{"name":"wp","href":"https:\/\/api.w.org\/{rel}","templated":true}]}}

Mieszko i sałatka

<p>Mieszko Pierwszy już od paru<br />
lat planował ochrzcić naród,<br />
lecz przy chrzcinach trza musowo<br />
mieć sałatkę jarzynową,<br />
żeby chrzestni i rodzina<br />
się nie prześcigali w drwinach.<br />
No więc ku ojczyzny chwale<br />
posłał Mieszko po Puchalę:<br />
niech tu zaraz mknie z półmiskiem,<br />
by nie wyszła z głodnym pyskiem<br />
hurma zaproszonych gości,<br />
co się dziś zechcieli ochrzcić.<br />
A Puchala: nie ma sprawy,<br />
mam ja bowiem taki nawyk,<br />
ża sałatki zapas spory<br />
mi zajmuje pół komory<br />
i w potrzebie, dla narodu,<br />
wszystko dam, co mam &#8211; do spodu.<br />
Mieszko szybko skminił gadkę,<br />
posłał wojów po sałatkę,<br />
po czym taki bankiet skręcił,<br />
że do dzisiaj tkwi w pamięci.</p>
<p>Więc gdy historyków zgraja<br />
coś o Mieszku tym zagaja,<br />
niech powiedzą prawdę całą:<br />
nic by mu się nie udało,<br />
nie dałby nam tak popalić,<br />
bez sałatki od Puchali.</p>

<p>Mieszko Pierwszy już od paru lat planował ochrzcić naród, lecz przy chrzcinach trza musowo mieć sałatkę jarzynową, żeby chrzestni i rodzina się nie prześcigali w drwinach. No więc ku ojczyzny chwale posłał Mieszko po Puchalę: niech tu zaraz mknie z półmiskiem, by nie wyszła z głodnym pyskiem hurma zaproszonych gości, co się dziś zechcieli ochrzcić. A Puchala: nie ma sprawy, mam ja bowiem taki nawyk, ża sałatki zapas spory mi zajmuje pół komory i w potrzebie, dla narodu, wszystko dam, co mam &#8211; do spodu. Mieszko szybko skminił gadkę, posłał wojów po sałatkę, po czym taki bankiet skręcił, że do [&hellip;]</p>
