{"id":2734,"date":"2015-09-04T23:03:17","date_gmt":"2015-09-04T21:03:17","guid":{"rendered":"http:\/\/blog-bobika.eu\/?page_id=2734"},"modified":"2015-09-04T23:03:17","modified_gmt":"2015-09-04T21:03:17","slug":"matylda","status":"publish","type":"page","link":"https:\/\/blog-bobika.eu\/?page_id=2734","title":{"rendered":"Matylda"},"content":{"rendered":"<p><em>O dziewczynce, kt\u00f3ra jest Kotem<\/em><\/p>\n<p>Cho\u0107 niekt\u00f3rzy si\u0119 dziwi\u0105, to dla mnie normalka,<br \/>\n\u017ce na myszach si\u0119 lepiej znam ni\u017ali na lalkach.<br \/>\nPrzed mym ostrym pazurem dr\u017cy ka\u017cda wersalka,<br \/>\nnie ma cz\u0142eka, co rozkaz by wyda\u0107 mi \u015bmia\u0142!<br \/>\nMiau!<\/p>\n<p>Gdy swoimi drogami przechadzam si\u0119 z wdzi\u0119kiem,<br \/>\ndoskona\u0142o\u015b\u0107 mych ruch\u00f3w napawa wr\u0119cz l\u0119kiem.<br \/>\nNiepotrzebne mi buty, ni zegarek na r\u0119k\u0119,<br \/>\nco najwy\u017cej z ba\u017canta tort by mi si\u0119 zda\u0142.<br \/>\nMiau!<\/p>\n<p>Inni musz\u0119 kostiumy kupowa\u0107 na bale,<br \/>\nja o kwestie przebrania nie troszcz\u0119 si\u0119 wcale.<br \/>\nJestem kotem, cho\u0107 r\u00f3wnie\u017c dziewczynk\u0105 &#8211; wspaniale!<br \/>\nBycie mn\u0105 jest przygod\u0105, jak zwa\u0142 mnie, tak zwa\u0142.<br \/>\nMiau!<\/p>\n","protected":false},"excerpt":{"rendered":"<p>O dziewczynce, kt\u00f3ra jest Kotem Cho\u0107 niekt\u00f3rzy si\u0119 dziwi\u0105, to dla mnie normalka, \u017ce na myszach si\u0119 lepiej znam ni\u017ali na lalkach. Przed mym ostrym pazurem dr\u017cy ka\u017cda wersalka, nie ma cz\u0142eka, co rozkaz by wyda\u0107 mi \u015bmia\u0142! Miau! Gdy swoimi drogami przechadzam si\u0119 z wdzi\u0119kiem, doskona\u0142o\u015b\u0107 mych ruch\u00f3w napawa wr\u0119cz l\u0119kiem. Niepotrzebne mi buty, ni zegarek na r\u0119k\u0119, co najwy\u017cej z ba\u017canta tort by mi si\u0119 zda\u0142. Miau! Inni musz\u0119 kostiumy kupowa\u0107 na bale, ja o kwestie przebrania nie troszcz\u0119 si\u0119 wcale. Jestem kotem, cho\u0107 r\u00f3wnie\u017c dziewczynk\u0105 &#8211; wspaniale! Bycie mn\u0105 jest przygod\u0105, jak zwa\u0142 mnie, tak zwa\u0142. Miau!<\/p>\n","protected":false},"author":274,"featured_media":0,"parent":2573,"menu_order":0,"comment_status":"open","ping_status":"open","template":"wiersze_osobowosci.php","meta":{"footnotes":""},"class_list":["post-2734","page","type-page","status-publish","hentry"],"_links":{"self":[{"href":"https:\/\/blog-bobika.eu\/index.php?rest_route=\/wp\/v2\/pages\/2734","targetHints":{"allow":["GET"]}}],"collection":[{"href":"https:\/\/blog-bobika.eu\/index.php?rest_route=\/wp\/v2\/pages"}],"about":[{"href":"https:\/\/blog-bobika.eu\/index.php?rest_route=\/wp\/v2\/types\/page"}],"author":[{"embeddable":true,"href":"https:\/\/blog-bobika.eu\/index.php?rest_route=\/wp\/v2\/users\/274"}],"replies":[{"embeddable":true,"href":"https:\/\/blog-bobika.eu\/index.php?rest_route=%2Fwp%2Fv2%2Fcomments&post=2734"}],"version-history":[{"count":1,"href":"https:\/\/blog-bobika.eu\/index.php?rest_route=\/wp\/v2\/pages\/2734\/revisions"}],"predecessor-version":[{"id":2735,"href":"https:\/\/blog-bobika.eu\/index.php?rest_route=\/wp\/v2\/pages\/2734\/revisions\/2735"}],"up":[{"embeddable":true,"href":"https:\/\/blog-bobika.eu\/index.php?rest_route=\/wp\/v2\/pages\/2573"}],"wp:attachment":[{"href":"https:\/\/blog-bobika.eu\/index.php?rest_route=%2Fwp%2Fv2%2Fmedia&parent=2734"}],"curies":[{"name":"wp","href":"https:\/\/api.w.org\/{rel}","templated":true}]}}