{"id":2694,"date":"2015-09-04T19:52:50","date_gmt":"2015-09-04T17:52:50","guid":{"rendered":"http:\/\/blog-bobika.eu\/?page_id=2694"},"modified":"2015-09-04T19:52:50","modified_gmt":"2015-09-04T17:52:50","slug":"brykanie-w-maglu","status":"publish","type":"page","link":"https:\/\/blog-bobika.eu\/?page_id=2694","title":{"rendered":"Brykanie w maglu"},"content":{"rendered":"<p>Czasy ostatnio trudne szalenie,<br \/>\nna ka\u017cdym kroku wida\u0107 zdziczenie,<br \/>\nnawet Rysiowi trudno pobryka\u0107<br \/>\ntak, by nie natkn\u0105\u0107 si\u0119 gdzie\u015b na dzika.<\/p>\n<p>Ry\u015b wprawdzie twierdzi &#8222;brykam jak lubi\u0119&#8221;,<br \/>\nlecz kto uwierzy mu w to? Na Kubie?<br \/>\nFidel nie zgodzi si\u0119, jak znam ch\u0142opa,<br \/>\nby tam ktokolwiek fikn\u0105\u0142 samopas.<\/p>\n<p>A poza Kub\u0105 te\u017c, moja pani,<br \/>\ngdzie tylko spojrze\u0107, wszystko do bani,<br \/>\nnie ma tak dobrze jak w czasy one,<br \/>\nco\u015bmy w nich stali si\u0119 hegemonem.<\/p>\n<p>Gdy faraon\u00f3w Lenin obali\u0142,<br \/>\nlud pracuj\u0105cy wzni\u00f3s\u0142 si\u0119 na fali,<br \/>\njak Kleopatra k\u0105pa\u0142 si\u0119 w mleku,<br \/>\n\u017ceby elitom zrobi\u0107 na przek\u00f3r.<\/p>\n<p>A teraz? Figa! Lud rany li\u017ce,<br \/>\nLenin mi\u0119tosi czapk\u0119 pod krzy\u017cem,<br \/>\ndzik w mleku p\u0142ywa, sro\u017cy si\u0119 szatan&#8230;<br \/>\nI jak tu poj\u0105\u0107 co\u015b z tego \u015bwiata?<\/p>\n","protected":false},"excerpt":{"rendered":"<p>Czasy ostatnio trudne szalenie, na ka\u017cdym kroku wida\u0107 zdziczenie, nawet Rysiowi trudno pobryka\u0107 tak, by nie natkn\u0105\u0107 si\u0119 gdzie\u015b na dzika. Ry\u015b wprawdzie twierdzi &#8222;brykam jak lubi\u0119&#8221;, lecz kto uwierzy mu w to? Na Kubie? Fidel nie zgodzi si\u0119, jak znam ch\u0142opa, by tam ktokolwiek fikn\u0105\u0142 samopas. A poza Kub\u0105 te\u017c, moja pani, gdzie tylko spojrze\u0107, wszystko do bani, nie ma tak dobrze jak w czasy one, co\u015bmy w nich stali si\u0119 hegemonem. Gdy faraon\u00f3w Lenin obali\u0142, lud pracuj\u0105cy wzni\u00f3s\u0142 si\u0119 na fali, jak Kleopatra k\u0105pa\u0142 si\u0119 w mleku, \u017ceby elitom zrobi\u0107 na przek\u00f3r. A teraz? Figa! Lud rany li\u017ce, [&hellip;]<\/p>\n","protected":false},"author":274,"featured_media":0,"parent":2573,"menu_order":0,"comment_status":"open","ping_status":"open","template":"wiersze_osobowosci.php","meta":{"footnotes":""},"class_list":["post-2694","page","type-page","status-publish","hentry"],"_links":{"self":[{"href":"https:\/\/blog-bobika.eu\/index.php?rest_route=\/wp\/v2\/pages\/2694","targetHints":{"allow":["GET"]}}],"collection":[{"href":"https:\/\/blog-bobika.eu\/index.php?rest_route=\/wp\/v2\/pages"}],"about":[{"href":"https:\/\/blog-bobika.eu\/index.php?rest_route=\/wp\/v2\/types\/page"}],"author":[{"embeddable":true,"href":"https:\/\/blog-bobika.eu\/index.php?rest_route=\/wp\/v2\/users\/274"}],"replies":[{"embeddable":true,"href":"https:\/\/blog-bobika.eu\/index.php?rest_route=%2Fwp%2Fv2%2Fcomments&post=2694"}],"version-history":[{"count":1,"href":"https:\/\/blog-bobika.eu\/index.php?rest_route=\/wp\/v2\/pages\/2694\/revisions"}],"predecessor-version":[{"id":2695,"href":"https:\/\/blog-bobika.eu\/index.php?rest_route=\/wp\/v2\/pages\/2694\/revisions\/2695"}],"up":[{"embeddable":true,"href":"https:\/\/blog-bobika.eu\/index.php?rest_route=\/wp\/v2\/pages\/2573"}],"wp:attachment":[{"href":"https:\/\/blog-bobika.eu\/index.php?rest_route=%2Fwp%2Fv2%2Fmedia&parent=2694"}],"curies":[{"name":"wp","href":"https:\/\/api.w.org\/{rel}","templated":true}]}}