{"id":2674,"date":"2015-09-01T01:04:33","date_gmt":"2015-08-31T23:04:33","guid":{"rendered":"http:\/\/blog-bobika.eu\/?page_id=2674"},"modified":"2015-09-01T01:04:33","modified_gmt":"2015-08-31T23:04:33","slug":"streszczenia-oper-na-twitter","status":"publish","type":"page","link":"https:\/\/blog-bobika.eu\/?page_id=2674","title":{"rendered":"Streszczenia oper (na twitter)"},"content":{"rendered":"<p>&#8222;Madame Butterfly&#8221;<br \/>\nOn: \u017ceni si\u0119, potem bimba.<br \/>\nOna: znu\u017cona tym. Ba!<br \/>\nOn: zn\u00f3w si\u0119 \u017ceni. Gejsza<br \/>\nliczb\u0119 ludno\u015bci zmniejsza.<\/p>\n<p>&#8222;Norma&#8221;<br \/>\nArcykap\u0142anka kr\u0119ci,<br \/>\nRzymianie te\u017c nie \u015bwi\u0119ci,<br \/>\nSystem karny: wymaga reformy.<br \/>\nLudno\u015b\u0107: dwoje poni\u017cej normy.<\/p>\n<p>&#8222;Carmen&#8221;<br \/>\nOn: \u017co\u0142nierz. Dyscypliny brak.<br \/>\nOna: raz m\u00f3wi nie, raz tak.<br \/>\nOn d\u017aga, a ona kona.<br \/>\nPopulacja: zmniejszona.<\/p>\n<p>&#8222;Halka&#8221;<br \/>\nOn: pod\u0142y.<br \/>\nWok\u00f3\u0142: jod\u0142y.<br \/>\nOna: nie\u017cywa.<br \/>\nLudno\u015b\u0107: ubywa.<\/p>\n<p>&#8222;Po\u0142awiacze pere\u0142&#8221;<br \/>\nDwaj oni, jedna ona,<br \/>\nw efekcie wie\u015b sfajczona.<br \/>\nArie si\u0119 perl\u0105, \u017ce hej!<br \/>\nLudno\u015bci znowu mniej.<\/p>\n<p>&#8222;Chowa\u0144szczyzna&#8221;<br \/>\nObrz\u0119d: stary.<br \/>\nNa scenie: bojary.<br \/>\nW uczuciach: zam\u0119t.<br \/>\nLudno\u015b\u0107: fajczy si\u0119 na ament.<\/p>\n<p>&#8222;Trubadur&#8221;<br \/>\nBracia: walcz\u0105 na no\u017ce.<br \/>\nOna: zamiast w klasztorze<br \/>\nzosta\u0107, wypija trutk\u0119,<br \/>\nze z\u0142ym dla \u017cycia skutkiem.<br \/>\nCyganka z Trubadurem<br \/>\nte\u017c gin\u0105 zgodnym ch\u00f3rem.<br \/>\nW sumie: a\u017c trzy umrzyki<br \/>\nwp\u0142ywaj\u0105 na statystyki.<\/p>\n<p>&#8222;Turandot&#8221;<br \/>\nOna: nie zna lito\u015bci<br \/>\ni skraca o g\u0142ow\u0119 go\u015bci.<br \/>\nOn: \u015bpiewa arie do rana.<br \/>\nLudno\u015b\u0107: ci\u0119\u017cko niewyspana.<\/p>\n<p>&#8222;Kr\u00f3l Roger&#8221;<br \/>\nDwaj pieniacze, bella bionda,<br \/>\nwszyscy w\u0142\u00f3cz\u0105 si\u0119 po s\u0105dach,<br \/>\nnie wiadomo, kto kanalia.<br \/>\nLudno\u015b\u0107: robi bachanalia.<br \/>\nPopulacja: rosn\u0105ca<br \/>\npo dziewi\u0119ciu miesi\u0105cach.<\/p>\n","protected":false},"excerpt":{"rendered":"<p>&#8222;Madame Butterfly&#8221; On: \u017ceni si\u0119, potem bimba. Ona: znu\u017cona tym. Ba! On: zn\u00f3w si\u0119 \u017ceni. Gejsza liczb\u0119 ludno\u015bci zmniejsza. &#8222;Norma&#8221; Arcykap\u0142anka kr\u0119ci, Rzymianie te\u017c nie \u015bwi\u0119ci, System karny: wymaga reformy. Ludno\u015b\u0107: dwoje poni\u017cej normy. &#8222;Carmen&#8221; On: \u017co\u0142nierz. Dyscypliny brak. Ona: raz m\u00f3wi nie, raz tak. On d\u017aga, a ona kona. Populacja: zmniejszona. &#8222;Halka&#8221; On: pod\u0142y. Wok\u00f3\u0142: jod\u0142y. Ona: nie\u017cywa. Ludno\u015b\u0107: ubywa. &#8222;Po\u0142awiacze pere\u0142&#8221; Dwaj oni, jedna ona, w efekcie wie\u015b sfajczona. Arie si\u0119 perl\u0105, \u017ce hej! Ludno\u015bci znowu mniej. &#8222;Chowa\u0144szczyzna&#8221; Obrz\u0119d: stary. Na scenie: bojary. W uczuciach: zam\u0119t. Ludno\u015b\u0107: fajczy si\u0119 na ament. &#8222;Trubadur&#8221; Bracia: walcz\u0105 na no\u017ce. Ona: zamiast [&hellip;]<\/p>\n","protected":false},"author":274,"featured_media":0,"parent":2571,"menu_order":0,"comment_status":"open","ping_status":"open","template":"wiersze_muzyczne.php","meta":{"footnotes":""},"class_list":["post-2674","page","type-page","status-publish","hentry"],"_links":{"self":[{"href":"https:\/\/blog-bobika.eu\/index.php?rest_route=\/wp\/v2\/pages\/2674","targetHints":{"allow":["GET"]}}],"collection":[{"href":"https:\/\/blog-bobika.eu\/index.php?rest_route=\/wp\/v2\/pages"}],"about":[{"href":"https:\/\/blog-bobika.eu\/index.php?rest_route=\/wp\/v2\/types\/page"}],"author":[{"embeddable":true,"href":"https:\/\/blog-bobika.eu\/index.php?rest_route=\/wp\/v2\/users\/274"}],"replies":[{"embeddable":true,"href":"https:\/\/blog-bobika.eu\/index.php?rest_route=%2Fwp%2Fv2%2Fcomments&post=2674"}],"version-history":[{"count":1,"href":"https:\/\/blog-bobika.eu\/index.php?rest_route=\/wp\/v2\/pages\/2674\/revisions"}],"predecessor-version":[{"id":2675,"href":"https:\/\/blog-bobika.eu\/index.php?rest_route=\/wp\/v2\/pages\/2674\/revisions\/2675"}],"up":[{"embeddable":true,"href":"https:\/\/blog-bobika.eu\/index.php?rest_route=\/wp\/v2\/pages\/2571"}],"wp:attachment":[{"href":"https:\/\/blog-bobika.eu\/index.php?rest_route=%2Fwp%2Fv2%2Fmedia&parent=2674"}],"curies":[{"name":"wp","href":"https:\/\/api.w.org\/{rel}","templated":true}]}}