{"id":2649,"date":"2015-08-28T22:35:33","date_gmt":"2015-08-28T20:35:33","guid":{"rendered":"http:\/\/blog-bobika.eu\/?page_id=2649"},"modified":"2015-08-28T22:35:33","modified_gmt":"2015-08-28T20:35:33","slug":"kara-mustafa","status":"publish","type":"page","link":"https:\/\/blog-bobika.eu\/?page_id=2649","title":{"rendered":"Kara Mustafa"},"content":{"rendered":"<p>Kiedy Kara Mustafa, policji w\u00f3dz znany,<br \/>\nod Mongo\u0142\u00f3w z Mostowa przyjmowa\u0142 kubany,<br \/>\na zast\u0119py krzy\u017cackie na skrzyd\u0142ach odwetu<br \/>\nz Komisariatu skrad\u0142y wi\u0119kszo\u015b\u0107 taboret\u00f3w,<br \/>\nnatenczas Komisarza chwyci\u0142a ochota,<br \/>\nby spraw\u0119 jeszcze bardziej &#8211; jak si\u0119 da &#8211; zamota\u0107.<br \/>\nMatko, o\u015bwiadczy\u0142, w lesie jest malin co nieco,<br \/>\nniech w te maliny wszyscy sensu szuka\u0107 lec\u0105,<br \/>\na ja zza biurka b\u0119d\u0119 udawa\u0142 dystrakcj\u0119,<br \/>\nukrywaj\u0105c starannie cich\u0105 satysfakcj\u0119.<br \/>\nJak powiedzia\u0142, tak zrobi\u0142. Publiczno\u015b\u0107 poblad\u0142a<br \/>\ni na czterech literach bez oparcia siad\u0142a,<br \/>\nby nast\u0119pnie ochoczo si\u0119 rozbiec po krzakach,<br \/>\npr\u00f3buj\u0105c w nich odnale\u017a\u0107 skrzyd\u0142o od wiatraka.<br \/>\nKomisarz na to patrzy p\u00f3\u0142 drwi\u0105co, p\u00f3\u0142 serio<br \/>\n(bo a\u017c z tak\u0105 nie liczy\u0142 si\u0119 donkiszoteri\u0105),<br \/>\ni mruczy: chcieli sensu \u015bcie, no to go macie.<br \/>\nA rz\u0105dek taboret\u00f3w na Komisariacie,<br \/>\nco jeszcze z krzy\u017cackiego osta\u0142 si\u0119 pogromu,<br \/>\ndorzuca z korytarza: komu nog\u0119, komu?<\/p>\n","protected":false},"excerpt":{"rendered":"<p>Kiedy Kara Mustafa, policji w\u00f3dz znany, od Mongo\u0142\u00f3w z Mostowa przyjmowa\u0142 kubany, a zast\u0119py krzy\u017cackie na skrzyd\u0142ach odwetu z Komisariatu skrad\u0142y wi\u0119kszo\u015b\u0107 taboret\u00f3w, natenczas Komisarza chwyci\u0142a ochota, by spraw\u0119 jeszcze bardziej &#8211; jak si\u0119 da &#8211; zamota\u0107. Matko, o\u015bwiadczy\u0142, w lesie jest malin co nieco, niech w te maliny wszyscy sensu szuka\u0107 lec\u0105, a ja zza biurka b\u0119d\u0119 udawa\u0142 dystrakcj\u0119, ukrywaj\u0105c starannie cich\u0105 satysfakcj\u0119. Jak powiedzia\u0142, tak zrobi\u0142. Publiczno\u015b\u0107 poblad\u0142a i na czterech literach bez oparcia siad\u0142a, by nast\u0119pnie ochoczo si\u0119 rozbiec po krzakach, pr\u00f3buj\u0105c w nich odnale\u017a\u0107 skrzyd\u0142o od wiatraka. Komisarz na to patrzy p\u00f3\u0142 drwi\u0105co, p\u00f3\u0142 serio (bo [&hellip;]<\/p>\n","protected":false},"author":274,"featured_media":0,"parent":2565,"menu_order":0,"comment_status":"open","ping_status":"open","template":"wiersze_wypisy.php","meta":{"footnotes":""},"class_list":["post-2649","page","type-page","status-publish","hentry"],"_links":{"self":[{"href":"https:\/\/blog-bobika.eu\/index.php?rest_route=\/wp\/v2\/pages\/2649","targetHints":{"allow":["GET"]}}],"collection":[{"href":"https:\/\/blog-bobika.eu\/index.php?rest_route=\/wp\/v2\/pages"}],"about":[{"href":"https:\/\/blog-bobika.eu\/index.php?rest_route=\/wp\/v2\/types\/page"}],"author":[{"embeddable":true,"href":"https:\/\/blog-bobika.eu\/index.php?rest_route=\/wp\/v2\/users\/274"}],"replies":[{"embeddable":true,"href":"https:\/\/blog-bobika.eu\/index.php?rest_route=%2Fwp%2Fv2%2Fcomments&post=2649"}],"version-history":[{"count":1,"href":"https:\/\/blog-bobika.eu\/index.php?rest_route=\/wp\/v2\/pages\/2649\/revisions"}],"predecessor-version":[{"id":2650,"href":"https:\/\/blog-bobika.eu\/index.php?rest_route=\/wp\/v2\/pages\/2649\/revisions\/2650"}],"up":[{"embeddable":true,"href":"https:\/\/blog-bobika.eu\/index.php?rest_route=\/wp\/v2\/pages\/2565"}],"wp:attachment":[{"href":"https:\/\/blog-bobika.eu\/index.php?rest_route=%2Fwp%2Fv2%2Fmedia&parent=2649"}],"curies":[{"name":"wp","href":"https:\/\/api.w.org\/{rel}","templated":true}]}}