{"id":2633,"date":"2015-08-28T22:14:41","date_gmt":"2015-08-28T20:14:41","guid":{"rendered":"http:\/\/blog-bobika.eu\/?page_id=2633"},"modified":"2015-08-28T22:14:41","modified_gmt":"2015-08-28T20:14:41","slug":"bulgarski-slad","status":"publish","type":"page","link":"https:\/\/blog-bobika.eu\/?page_id=2633","title":{"rendered":"Bu\u0142garski \u015blad"},"content":{"rendered":"<p>BU\u0141GARSKI \u015aLAD<br \/>\nczyli<br \/>\nTAJEMNICZA DEMATERIALIZACJA PANI KIEROWNICZKI<\/p>\n<p>Ch\u00f3r Zaniepokojonych:<br \/>\n<i>(dramatycznie)<\/i><br \/>\nPo Kierowniczce ani \u015bladu,<br \/>\nnie gada o niej gadu-gadu<br \/>\ni twitter milczy jak zakl\u0119ty&#8230;<br \/>\nAch, w jakie\u017c wpad\u0142a nam odm\u0119ty,<br \/>\ngdzie znikn\u0105\u0142 jej szlachetny profil,<br \/>\nczy\u017cby si\u0119 utopi\u0142a w Sofii?<\/p>\n<p>Sofia:<br \/>\n<i>(z wyra\u017an\u0105 dum\u0105)<\/i><br \/>\nCzym czerwona, czy te\u017c bia\u0142a,<br \/>\njednakowy budz\u0119 strach,<br \/>\njak trucizna gro\u017ana dzia\u0142am,<br \/>\nalbo jak na gie\u0142dzie krach.<br \/>\nGdy wyduldasz mnie butelk\u0119,<br \/>\nzapa\u015b\u0107 z\u0142apie wkr\u00f3tce ci\u0119,<br \/>\ni \u017co\u0142\u0105dka b\u00f3le wielkie,<br \/>\nz w\u0105trobian\u0105 kolk\u0105 w tle.<br \/>\nSucho\u015b\u0107 w gardle o\u015bci\u0105 stanie,<br \/>\nca\u0142y ci zepsuje dzie\u0144,<br \/>\nnie pomo\u017ce woda w kranie,<br \/>\nraphacholin ni \u017ce\u0144-sze\u0144.<\/p>\n<p>Przypadkowy Bu\u0142garski Mnich:<br \/>\n<i>(na prawos\u0142awn\u0105 nut\u0119)<\/i><br \/>\nDziwny, dziwny ten \u015bwiat bo\u017cy,<br \/>\nprzyjecha\u0142a pojurorzy\u0107<br \/>\ni gdzie\u015b na tutejszych drogach<br \/>\nzapodzia\u0142a si\u0119, nieboga.<br \/>\nTak okropne to, \u017ce w biegu<br \/>\n\u0142ykn\u0119 S\u0142onecznego Brzegu.<br \/>\n<i>(wyci\u0105ga spod habitu butelk\u0119 rzeczonej brandy i \u0142yka)<\/i><\/p>\n<p>Ch\u00f3r Zaniepokojonych:<br \/>\n<i>(jeszcze dramatyczniej)<\/i><br \/>\nTrzy razy ksi\u0119\u017cyc wszed\u0142 i wyszed\u0142 z\u0142oty,<br \/>\nodk\u0105d Bu\u0142garzy wzi\u0119li j\u0105 w obroty.<br \/>\nZnikn\u0119\u0142a jak pies, kt\u00f3ry wlaz\u0142 pod ko\u0142dr\u0119,<br \/>\nco si\u0119 z ni\u0105 dzieje nie wie nawet Snowden.<\/p>\n<p>Przedstawiciel Bu\u0142garskich S\u0142u\u017cb Specjalnych:<br \/>\n<i>(niezadowolony, z gro\u017ab\u0105 w g\u0142osie)<\/i><br \/>\nKto m\u00f3wi\u0142 o Snowdenie, po jak\u0105 choler\u0119?<br \/>\nJeszcze dyplomatyczn\u0105 rozp\u0119ta afer\u0119!<br \/>\nTakich trefnych temat\u00f3w prosz\u0119 nie porusza\u0107,<br \/>\nbo wspomnimy festiwal tego&#8230; Orfeusza.<\/p>\n<p>Bu\u0142garski juror:<br \/>\nNikt jej nie widzia\u0142 noc\u0105,<br \/>\nnikt nie zobaczy\u0142 rankiem,<br \/>\nani w pi\u017camie,<br \/>\nani z ubrankiem.<br \/>\n<i>(z westchnieniem kr\u0119ci g\u0142ow\u0105 w odwrotn\u0105 stron\u0119)<\/i><br \/>\nW kantynie nie zjawi\u0142a si\u0119,<br \/>\nnie by\u0142o na obradach jej, o, nie!<br \/>\nLutos\u0142awskiego jak tu ugry\u017a\u0107 bez niej,<br \/>\nwej\u015b\u0107 w jego bezdnie&#8230;<br \/>\nO, jak \u017ale!<\/p>\n<p>Znawca Muzyki Bu\u0142garskiej:<br \/>\nCzy do Parowa pod\u0105\u017cy\u0142a szybko,<br \/>\nczy oczarowa\u0142 j\u0105 Ljubomir Pipkow,<br \/>\nBadew Atanas omota\u0142 i sp\u0142yn\u0105\u0142,<br \/>\na mo\u017ce uwi\u00f3d\u0142 Marin Goleminow?<\/p>\n<p>Sofia:<br \/>\n<o>(z wredn\u0105 satysfakcj\u0105)<\/i><br \/>\nKa\u017cdy tu PK znikni\u0119cie dr\u0105\u017cy,<br \/>\na moim \u015bladem nikt nie pod\u0105\u017cy\u0142,<br \/>\nwi\u0119c pi\u0119kny mi si\u0119 wydaje \u015bwiat&#8230;<\/p>\n<p>Ch\u00f3r Zaniepokojonych:<br \/>\n<i>(z grobowym smutkiem)<\/i><br \/>\n&#8230;tu si\u0119 urywa bu\u0142garski \u015blad&#8230;<\/p>\n","protected":false},"excerpt":{"rendered":"<p>BU\u0141GARSKI \u015aLAD czyli TAJEMNICZA DEMATERIALIZACJA PANI KIEROWNICZKI Ch\u00f3r Zaniepokojonych: (dramatycznie) Po Kierowniczce ani \u015bladu, nie gada o niej gadu-gadu i twitter milczy jak zakl\u0119ty&#8230; Ach, w jakie\u017c wpad\u0142a nam odm\u0119ty, gdzie znikn\u0105\u0142 jej szlachetny profil, czy\u017cby si\u0119 utopi\u0142a w Sofii? Sofia: (z wyra\u017an\u0105 dum\u0105) Czym czerwona, czy te\u017c bia\u0142a, jednakowy budz\u0119 strach, jak trucizna gro\u017ana dzia\u0142am, albo jak na gie\u0142dzie krach. Gdy wyduldasz mnie butelk\u0119, zapa\u015b\u0107 z\u0142apie wkr\u00f3tce ci\u0119, i \u017co\u0142\u0105dka b\u00f3le wielkie, z w\u0105trobian\u0105 kolk\u0105 w tle. Sucho\u015b\u0107 w gardle o\u015bci\u0105 stanie, ca\u0142y ci zepsuje dzie\u0144, nie pomo\u017ce woda w kranie, raphacholin ni \u017ce\u0144-sze\u0144. Przypadkowy Bu\u0142garski Mnich: (na prawos\u0142awn\u0105 [&hellip;]<\/p>\n","protected":false},"author":274,"featured_media":0,"parent":2571,"menu_order":0,"comment_status":"open","ping_status":"open","template":"wiersze_muzyczne.php","meta":{"footnotes":""},"class_list":["post-2633","page","type-page","status-publish","hentry"],"_links":{"self":[{"href":"https:\/\/blog-bobika.eu\/index.php?rest_route=\/wp\/v2\/pages\/2633","targetHints":{"allow":["GET"]}}],"collection":[{"href":"https:\/\/blog-bobika.eu\/index.php?rest_route=\/wp\/v2\/pages"}],"about":[{"href":"https:\/\/blog-bobika.eu\/index.php?rest_route=\/wp\/v2\/types\/page"}],"author":[{"embeddable":true,"href":"https:\/\/blog-bobika.eu\/index.php?rest_route=\/wp\/v2\/users\/274"}],"replies":[{"embeddable":true,"href":"https:\/\/blog-bobika.eu\/index.php?rest_route=%2Fwp%2Fv2%2Fcomments&post=2633"}],"version-history":[{"count":1,"href":"https:\/\/blog-bobika.eu\/index.php?rest_route=\/wp\/v2\/pages\/2633\/revisions"}],"predecessor-version":[{"id":2634,"href":"https:\/\/blog-bobika.eu\/index.php?rest_route=\/wp\/v2\/pages\/2633\/revisions\/2634"}],"up":[{"embeddable":true,"href":"https:\/\/blog-bobika.eu\/index.php?rest_route=\/wp\/v2\/pages\/2571"}],"wp:attachment":[{"href":"https:\/\/blog-bobika.eu\/index.php?rest_route=%2Fwp%2Fv2%2Fmedia&parent=2633"}],"curies":[{"name":"wp","href":"https:\/\/api.w.org\/{rel}","templated":true}]}}