{"id":2629,"date":"2015-08-28T19:41:33","date_gmt":"2015-08-28T17:41:33","guid":{"rendered":"http:\/\/blog-bobika.eu\/?page_id=2629"},"modified":"2015-08-28T19:41:33","modified_gmt":"2015-08-28T17:41:33","slug":"przeszkadzacze","status":"publish","type":"page","link":"https:\/\/blog-bobika.eu\/?page_id=2629","title":{"rendered":"Przeszkadzacze"},"content":{"rendered":"<p>Raz Bobik w filharmonii<br \/>\ntatusia z ma\u0142ym brzd\u0105cem<br \/>\nposzarpa\u0142 za nogawki<br \/>\npod krzes\u0142em zwisaj\u0105ce.<\/p>\n<p>Zwiedzia\u0142a si\u0119 dyrekcja,<br \/>\nprzynios\u0142a mu kotleta &#8211;<br \/>\nczy chcesz Bobiku mi\u0142y<br \/>\nmie\u0107 u nas sta\u0142y etat?<\/p>\n<p>Na brzd\u0105c\u00f3w i chrapi\u0105c\u00f3w<br \/>\nty bo\u017cym b\u0119dziesz biczem.<br \/>\nB\u0142agamy ci\u0119 Bobiku &#8211;<br \/>\nnie odpraw\u017ce nas z niczem!<\/p>\n<p>No, nie wiem, m\u00f3wi Bobik<br \/>\ni \u015bpiewa im \u201cBubliczki\u201d,<br \/>\nzlecenia ja przyjmuj\u0119<br \/>\ntylko od Kierowniczki\u2026<\/p>\n<p>Gdzie\u017c jest ta Kierowniczka?! &#8211;<br \/>\ndyrekcja g\u0142osem wrza\u015bnie.<br \/>\nA Bobik: jak znam \u017cycie,<br \/>\npewnie wyje\u017cd\u017ca w\u0142a\u015bnie.<\/p>\n<p>Jak nie na jaki\u015b koncert,<br \/>\nto pewnie na MIDEMa,<br \/>\nbo cech\u0105 Kierowniczki<br \/>\njest, \u017ce jej zwykle nie ma.<\/p>\n<p>Tu \u015blozy si\u0119 pola\u0142y<br \/>\nz dyrekcji \u00f3cz zbiorowych,<br \/>\nszef g\u0142\u00f3wny g\u0142o\u015bno \u0142kaj\u0105c<br \/>\nwyg\u0142osi\u0142 trzy przemowy<\/p>\n<p>i nawet Bobik w \u015blepiach<br \/>\nmie\u0107 zacz\u0105\u0142 mokre gwiazdy,<br \/>\nlecz nic poradzi\u0107 nie m\u00f3g\u0142<br \/>\nna Pani K. wyjazdy.<\/p>\n<p>I tak si\u0119 nie uda\u0142o<br \/>\nza\u0142atwi\u0107 przeszkadzaczy,<br \/>\na czy kto\u015b zn\u00f3w spr\u00f3buje &#8211;<br \/>\nB\u00f3g jeden wiedzie\u0107 raczy.<\/p>\n","protected":false},"excerpt":{"rendered":"<p>Raz Bobik w filharmonii tatusia z ma\u0142ym brzd\u0105cem poszarpa\u0142 za nogawki pod krzes\u0142em zwisaj\u0105ce. Zwiedzia\u0142a si\u0119 dyrekcja, przynios\u0142a mu kotleta &#8211; czy chcesz Bobiku mi\u0142y mie\u0107 u nas sta\u0142y etat? Na brzd\u0105c\u00f3w i chrapi\u0105c\u00f3w ty bo\u017cym b\u0119dziesz biczem. B\u0142agamy ci\u0119 Bobiku &#8211; nie odpraw\u017ce nas z niczem! No, nie wiem, m\u00f3wi Bobik i \u015bpiewa im \u201cBubliczki\u201d, zlecenia ja przyjmuj\u0119 tylko od Kierowniczki\u2026 Gdzie\u017c jest ta Kierowniczka?! &#8211; dyrekcja g\u0142osem wrza\u015bnie. A Bobik: jak znam \u017cycie, pewnie wyje\u017cd\u017ca w\u0142a\u015bnie. Jak nie na jaki\u015b koncert, to pewnie na MIDEMa, bo cech\u0105 Kierowniczki jest, \u017ce jej zwykle nie ma. Tu \u015blozy si\u0119 pola\u0142y [&hellip;]<\/p>\n","protected":false},"author":274,"featured_media":0,"parent":2571,"menu_order":0,"comment_status":"open","ping_status":"open","template":"wiersze_muzyczne.php","meta":{"footnotes":""},"class_list":["post-2629","page","type-page","status-publish","hentry"],"_links":{"self":[{"href":"https:\/\/blog-bobika.eu\/index.php?rest_route=\/wp\/v2\/pages\/2629","targetHints":{"allow":["GET"]}}],"collection":[{"href":"https:\/\/blog-bobika.eu\/index.php?rest_route=\/wp\/v2\/pages"}],"about":[{"href":"https:\/\/blog-bobika.eu\/index.php?rest_route=\/wp\/v2\/types\/page"}],"author":[{"embeddable":true,"href":"https:\/\/blog-bobika.eu\/index.php?rest_route=\/wp\/v2\/users\/274"}],"replies":[{"embeddable":true,"href":"https:\/\/blog-bobika.eu\/index.php?rest_route=%2Fwp%2Fv2%2Fcomments&post=2629"}],"version-history":[{"count":1,"href":"https:\/\/blog-bobika.eu\/index.php?rest_route=\/wp\/v2\/pages\/2629\/revisions"}],"predecessor-version":[{"id":2630,"href":"https:\/\/blog-bobika.eu\/index.php?rest_route=\/wp\/v2\/pages\/2629\/revisions\/2630"}],"up":[{"embeddable":true,"href":"https:\/\/blog-bobika.eu\/index.php?rest_route=\/wp\/v2\/pages\/2571"}],"wp:attachment":[{"href":"https:\/\/blog-bobika.eu\/index.php?rest_route=%2Fwp%2Fv2%2Fmedia&parent=2629"}],"curies":[{"name":"wp","href":"https:\/\/api.w.org\/{rel}","templated":true}]}}