{"id":2553,"date":"2015-08-25T00:06:27","date_gmt":"2015-08-24T22:06:27","guid":{"rendered":"http:\/\/blog-bobika.eu\/?page_id=2553"},"modified":"2015-08-25T00:06:27","modified_gmt":"2015-08-24T22:06:27","slug":"wyznania-uzytkownika-sieci","status":"publish","type":"page","link":"https:\/\/blog-bobika.eu\/?page_id=2553","title":{"rendered":"Wyznania u\u017cytkownika sieci"},"content":{"rendered":"<p>Dwaj\u015bcia po czwarty, no, panie tego, dwaj\u015bcia po czwarty,<br \/>\nno co pan, nie ma tutaj \u017cadnego dzikiego party,<br \/>\nja sam tu siedz\u0119 przy komputerze, \u0142eb ca\u0142y w postach,<br \/>\ntak mnie to bierze, panie, ja tak bym chcia\u0142 temu sprosta\u0107&#8230;<\/p>\n<p>Cho\u0107 blogosfera wci\u0105\u017c ci\u0119gi zbiera, cho\u0107 podejrzana,<br \/>\nja nie odbieram w niej Lucyfera, no, prosz\u0119 pana!<br \/>\nCho\u0107 bez krawata, chcia\u0142bym do \u015bwiata przez ten komputer,<br \/>\nbokiem mi \u015bwista, \u017ce tam baptysta albo te\u017c luter&#8230;<\/p>\n<p>Ja, prosz\u0119 pana, jestem w zasadzie spokojny cz\u0142owiek,<br \/>\n\u015bmiej\u0119 si\u0119 z rana, p\u00f3ki co\u015b z\u0142ego kto\u015b mi nie powie,<br \/>\nswoje o ludziach wiem i nie wrobi nikt mnie w co nieco,<br \/>\nchcia\u0142bym bra\u0107 udzia\u0142 i si\u0119 nie przejm\u0119, \u017ce szyby lec\u0105&#8230;<\/p>\n<p>Pan si\u0119 nie dziwi, dla mnie wci\u0105\u017c nowe to ca\u0142e tango,<br \/>\njak owoc kiwi, lub z przeproszeniem, jakie\u015b tam mango,<br \/>\na ja w markecie troch\u0119 jak dzieci\u0119 &#8211; b\u0142\u0105dz\u0119, m\u00f3j Bo\u017ce,<br \/>\nlecz gdy si\u0119 troch\u0119 wyznam w tym necie&#8230;<\/p>\n<p>&#8230;uch, jak do\u0142o\u017c\u0119!<\/p>\n","protected":false},"excerpt":{"rendered":"<p>Dwaj\u015bcia po czwarty, no, panie tego, dwaj\u015bcia po czwarty, no co pan, nie ma tutaj \u017cadnego dzikiego party, ja sam tu siedz\u0119 przy komputerze, \u0142eb ca\u0142y w postach, tak mnie to bierze, panie, ja tak bym chcia\u0142 temu sprosta\u0107&#8230; Cho\u0107 blogosfera wci\u0105\u017c ci\u0119gi zbiera, cho\u0107 podejrzana, ja nie odbieram w niej Lucyfera, no, prosz\u0119 pana! Cho\u0107 bez krawata, chcia\u0142bym do \u015bwiata przez ten komputer, bokiem mi \u015bwista, \u017ce tam baptysta albo te\u017c luter&#8230; Ja, prosz\u0119 pana, jestem w zasadzie spokojny cz\u0142owiek, \u015bmiej\u0119 si\u0119 z rana, p\u00f3ki co\u015b z\u0142ego kto\u015b mi nie powie, swoje o ludziach wiem i nie wrobi nikt [&hellip;]<\/p>\n","protected":false},"author":274,"featured_media":0,"parent":2143,"menu_order":0,"comment_status":"open","ping_status":"open","template":"wiersze_polit.php","meta":{"footnotes":""},"class_list":["post-2553","page","type-page","status-publish","hentry"],"_links":{"self":[{"href":"https:\/\/blog-bobika.eu\/index.php?rest_route=\/wp\/v2\/pages\/2553","targetHints":{"allow":["GET"]}}],"collection":[{"href":"https:\/\/blog-bobika.eu\/index.php?rest_route=\/wp\/v2\/pages"}],"about":[{"href":"https:\/\/blog-bobika.eu\/index.php?rest_route=\/wp\/v2\/types\/page"}],"author":[{"embeddable":true,"href":"https:\/\/blog-bobika.eu\/index.php?rest_route=\/wp\/v2\/users\/274"}],"replies":[{"embeddable":true,"href":"https:\/\/blog-bobika.eu\/index.php?rest_route=%2Fwp%2Fv2%2Fcomments&post=2553"}],"version-history":[{"count":1,"href":"https:\/\/blog-bobika.eu\/index.php?rest_route=\/wp\/v2\/pages\/2553\/revisions"}],"predecessor-version":[{"id":2554,"href":"https:\/\/blog-bobika.eu\/index.php?rest_route=\/wp\/v2\/pages\/2553\/revisions\/2554"}],"up":[{"embeddable":true,"href":"https:\/\/blog-bobika.eu\/index.php?rest_route=\/wp\/v2\/pages\/2143"}],"wp:attachment":[{"href":"https:\/\/blog-bobika.eu\/index.php?rest_route=%2Fwp%2Fv2%2Fmedia&parent=2553"}],"curies":[{"name":"wp","href":"https:\/\/api.w.org\/{rel}","templated":true}]}}