{"id":2551,"date":"2015-08-25T00:03:34","date_gmt":"2015-08-24T22:03:34","guid":{"rendered":"http:\/\/blog-bobika.eu\/?page_id=2551"},"modified":"2015-08-25T00:03:34","modified_gmt":"2015-08-24T22:03:34","slug":"wywiad-z-pijana-poslanka","status":"publish","type":"page","link":"https:\/\/blog-bobika.eu\/?page_id=2551","title":{"rendered":"Wywiad z pijan\u0105 pos\u0142ank\u0105"},"content":{"rendered":"<p>Je\u015bli si\u0119 tylko zmieszcz\u0119 w czasie,<br \/>\nto wszystko teraz powiem!<br \/>\nNie wiem, sk\u0105d na mnie ta nagonka,<br \/>\nto poj\u0105\u0107 wprost nie da si\u0119 &#8211;<br \/>\nsk\u0105d te kalumnie, te spojrzonka,<br \/>\nnie mie\u015bci si\u0119 wprost w g\u0142owie!<\/p>\n<p>Ja za chuch winy nie ponosz\u0119,<br \/>\na kto tu widzi jaki\u015b dramat,<br \/>\nten zdrajca i libera\u0142<br \/>\nz szacunkiem wi\u0119kszym do mnie prosz\u0119,<br \/>\nbo jestem &#8211; cmokn\u0105\u0107 w r\u0105si\u0119 &#8211; dama,<br \/>\nczyli na p\u0142\u00f3d futera\u0142.<\/p>\n<p>Chwiejno\u015bci nikt mi nie zarzuci,<br \/>\nbo zaraz go zaskar\u017c\u0119!<br \/>\nJa umiem trzyma\u0107 pion moralny<br \/>\nw tych czasach rozpasanej chuci,<br \/>\nna liberalizm zbyt nachalny<br \/>\nja narzuci\u0142am mar\u017c\u0119!<\/p>\n<p>A jak mi przed kadencji ko\u0144cem<br \/>\ndziennikarz zacznie knowa\u0107,<br \/>\nto ja pogardy niemilcz\u0105cej<br \/>\npe\u0142nym go wzrokiem sch\u0142ostam,<br \/>\nbo ja potrafi\u0119 dobrze pracowa\u0107,<br \/>\npotrafi\u0119&#8230; co\u015b tam&#8230; co\u015b tam!<\/p>\n","protected":false},"excerpt":{"rendered":"<p>Je\u015bli si\u0119 tylko zmieszcz\u0119 w czasie, to wszystko teraz powiem! Nie wiem, sk\u0105d na mnie ta nagonka, to poj\u0105\u0107 wprost nie da si\u0119 &#8211; sk\u0105d te kalumnie, te spojrzonka, nie mie\u015bci si\u0119 wprost w g\u0142owie! Ja za chuch winy nie ponosz\u0119, a kto tu widzi jaki\u015b dramat, ten zdrajca i libera\u0142 z szacunkiem wi\u0119kszym do mnie prosz\u0119, bo jestem &#8211; cmokn\u0105\u0107 w r\u0105si\u0119 &#8211; dama, czyli na p\u0142\u00f3d futera\u0142. Chwiejno\u015bci nikt mi nie zarzuci, bo zaraz go zaskar\u017c\u0119! Ja umiem trzyma\u0107 pion moralny w tych czasach rozpasanej chuci, na liberalizm zbyt nachalny ja narzuci\u0142am mar\u017c\u0119! A jak mi przed kadencji [&hellip;]<\/p>\n","protected":false},"author":274,"featured_media":0,"parent":2143,"menu_order":0,"comment_status":"open","ping_status":"open","template":"wiersze_polit.php","meta":{"footnotes":""},"class_list":["post-2551","page","type-page","status-publish","hentry"],"_links":{"self":[{"href":"https:\/\/blog-bobika.eu\/index.php?rest_route=\/wp\/v2\/pages\/2551","targetHints":{"allow":["GET"]}}],"collection":[{"href":"https:\/\/blog-bobika.eu\/index.php?rest_route=\/wp\/v2\/pages"}],"about":[{"href":"https:\/\/blog-bobika.eu\/index.php?rest_route=\/wp\/v2\/types\/page"}],"author":[{"embeddable":true,"href":"https:\/\/blog-bobika.eu\/index.php?rest_route=\/wp\/v2\/users\/274"}],"replies":[{"embeddable":true,"href":"https:\/\/blog-bobika.eu\/index.php?rest_route=%2Fwp%2Fv2%2Fcomments&post=2551"}],"version-history":[{"count":1,"href":"https:\/\/blog-bobika.eu\/index.php?rest_route=\/wp\/v2\/pages\/2551\/revisions"}],"predecessor-version":[{"id":2552,"href":"https:\/\/blog-bobika.eu\/index.php?rest_route=\/wp\/v2\/pages\/2551\/revisions\/2552"}],"up":[{"embeddable":true,"href":"https:\/\/blog-bobika.eu\/index.php?rest_route=\/wp\/v2\/pages\/2143"}],"wp:attachment":[{"href":"https:\/\/blog-bobika.eu\/index.php?rest_route=%2Fwp%2Fv2%2Fmedia&parent=2551"}],"curies":[{"name":"wp","href":"https:\/\/api.w.org\/{rel}","templated":true}]}}

Wywiad z pijaną posłanką

<p>Jeśli się tylko zmieszczę w czasie,<br />
to wszystko teraz powiem!<br />
Nie wiem, skąd na mnie ta nagonka,<br />
to pojąć wprost nie da się &#8211;<br />
skąd te kalumnie, te spojrzonka,<br />
nie mieści się wprost w głowie!</p>
<p>Ja za chuch winy nie ponoszę,<br />
a kto tu widzi jakiś dramat,<br />
ten zdrajca i liberał<br />
z szacunkiem większym do mnie proszę,<br />
bo jestem &#8211; cmoknąć w rąsię &#8211; dama,<br />
czyli na płód futerał.</p>
<p>Chwiejności nikt mi nie zarzuci,<br />
bo zaraz go zaskarżę!<br />
Ja umiem trzymać pion moralny<br />
w tych czasach rozpasanej chuci,<br />
na liberalizm zbyt nachalny<br />
ja narzuciłam marżę!</p>
<p>A jak mi przed kadencji końcem<br />
dziennikarz zacznie knować,<br />
to ja pogardy niemilczącej<br />
pełnym go wzrokiem schłostam,<br />
bo ja potrafię dobrze pracować,<br />
potrafię&#8230; coś tam&#8230; coś tam!</p>

<p>Jeśli się tylko zmieszczę w czasie, to wszystko teraz powiem! Nie wiem, skąd na mnie ta nagonka, to pojąć wprost nie da się &#8211; skąd te kalumnie, te spojrzonka, nie mieści się wprost w głowie! Ja za chuch winy nie ponoszę, a kto tu widzi jakiś dramat, ten zdrajca i liberał z szacunkiem większym do mnie proszę, bo jestem &#8211; cmoknąć w rąsię &#8211; dama, czyli na płód futerał. Chwiejności nikt mi nie zarzuci, bo zaraz go zaskarżę! Ja umiem trzymać pion moralny w tych czasach rozpasanej chuci, na liberalizm zbyt nachalny ja narzuciłam marżę! A jak mi przed kadencji [&hellip;]</p>
