{"id":2549,"date":"2015-08-25T00:01:38","date_gmt":"2015-08-24T22:01:38","guid":{"rendered":"http:\/\/blog-bobika.eu\/?page_id=2549"},"modified":"2015-08-25T00:01:38","modified_gmt":"2015-08-24T22:01:38","slug":"wykopki","status":"publish","type":"page","link":"https:\/\/blog-bobika.eu\/?page_id=2549","title":{"rendered":"Wykopki"},"content":{"rendered":"<p>Czy to bajka, czy nie bajka&#8230;<br \/>\nE, nie bajka, raczej zgroza,<br \/>\nkiedy znowu pch\u0142a szachrajka<br \/>\ntwierdzi, \u017ce niewinna brzoza.<\/p>\n<p>Przedziwnymi ni\u0107mi szyta<br \/>\nnasza historyczna racja,<br \/>\ngdy na tyle polskich pyta\u0144<br \/>\nodpowiedzi\u0105 &#8211; ekshumacja.<\/p>\n<p>Mnie to grobownictwo zda si\u0119<br \/>\nniezbyt zdrowe, koniec, kropka.<br \/>\nI ju\u017c marz\u0119 o tym czasie,<br \/>\nkiedy b\u0119dzie po wykopkach.<\/p>\n","protected":false},"excerpt":{"rendered":"<p>Czy to bajka, czy nie bajka&#8230; E, nie bajka, raczej zgroza, kiedy znowu pch\u0142a szachrajka twierdzi, \u017ce niewinna brzoza. Przedziwnymi ni\u0107mi szyta nasza historyczna racja, gdy na tyle polskich pyta\u0144 odpowiedzi\u0105 &#8211; ekshumacja. Mnie to grobownictwo zda si\u0119 niezbyt zdrowe, koniec, kropka. I ju\u017c marz\u0119 o tym czasie, kiedy b\u0119dzie po wykopkach.<\/p>\n","protected":false},"author":274,"featured_media":0,"parent":2143,"menu_order":0,"comment_status":"open","ping_status":"open","template":"wiersze_polit.php","meta":{"footnotes":""},"class_list":["post-2549","page","type-page","status-publish","hentry"],"_links":{"self":[{"href":"https:\/\/blog-bobika.eu\/index.php?rest_route=\/wp\/v2\/pages\/2549","targetHints":{"allow":["GET"]}}],"collection":[{"href":"https:\/\/blog-bobika.eu\/index.php?rest_route=\/wp\/v2\/pages"}],"about":[{"href":"https:\/\/blog-bobika.eu\/index.php?rest_route=\/wp\/v2\/types\/page"}],"author":[{"embeddable":true,"href":"https:\/\/blog-bobika.eu\/index.php?rest_route=\/wp\/v2\/users\/274"}],"replies":[{"embeddable":true,"href":"https:\/\/blog-bobika.eu\/index.php?rest_route=%2Fwp%2Fv2%2Fcomments&post=2549"}],"version-history":[{"count":1,"href":"https:\/\/blog-bobika.eu\/index.php?rest_route=\/wp\/v2\/pages\/2549\/revisions"}],"predecessor-version":[{"id":2550,"href":"https:\/\/blog-bobika.eu\/index.php?rest_route=\/wp\/v2\/pages\/2549\/revisions\/2550"}],"up":[{"embeddable":true,"href":"https:\/\/blog-bobika.eu\/index.php?rest_route=\/wp\/v2\/pages\/2143"}],"wp:attachment":[{"href":"https:\/\/blog-bobika.eu\/index.php?rest_route=%2Fwp%2Fv2%2Fmedia&parent=2549"}],"curies":[{"name":"wp","href":"https:\/\/api.w.org\/{rel}","templated":true}]}}