{"id":2535,"date":"2015-08-24T23:55:06","date_gmt":"2015-08-24T21:55:06","guid":{"rendered":"http:\/\/blog-bobika.eu\/?page_id=2535"},"modified":"2015-08-24T23:55:06","modified_gmt":"2015-08-24T21:55:06","slug":"wartosci-rodzinne","status":"publish","type":"page","link":"https:\/\/blog-bobika.eu\/?page_id=2535","title":{"rendered":"Wartosci rodzinne"},"content":{"rendered":"<p>Mi\u0142o\u015b\u0107 rodzinna rzecz nader zbo\u017cna,<br \/>\nfundamentalna, twierdzi\u0107 by mo\u017cna,<br \/>\nwszak pierwsz\u0105 my\u015bl\u0105 takiego syna<br \/>\njest: kto da papu, jak nie rodzina?<\/p>\n<p>Lecz tutaj druga my\u015bl w pe\u0142nym biegu:<br \/>\nopr\u00f3cz rodziny mam i koleg\u00f3w,<br \/>\nkt\u00f3rzy doprawdy, komu jak komu,<br \/>\nale mnie to chc\u0105 na pewno pom\u00f3c.<\/p>\n<p>Z wiekim zapa\u0142em do tego rw\u0105 si\u0119,<br \/>\n\u017ceby ich r\u0105sia my\u0142a m\u0105 r\u0105si\u0119,<br \/>\nby kolesiowski sen nam si\u0119 zi\u015bci\u0142 &#8211;<br \/>\nsyci, bezpieczni, a przy tym czy\u015bci.<\/p>\n<p>Niejedn\u0105 matk\u0119 ssie cwane ciel\u0119 &#8211;<br \/>\ntutaj rodzina, tu przyjaciele,<br \/>\ntutaj agencja, a tutaj sp\u00f3\u0142ka &#8211;<br \/>\ni ju\u017c do pensji dopisuj k\u00f3\u0142ka.<\/p>\n<p>\u017be lud wyra\u017ca jakie\u015b obiekcje?<br \/>\nNo, to etyki trza mu da\u0107 lekcj\u0119:<br \/>\nprzyja\u017a\u0144, rodzina, wzajemna pomoc,<br \/>\nto\u017c to warto\u015bci s\u0105, jak wiadomo.<\/p>\n<p>I tak warto\u015bci mota si\u0119 siatka&#8230;<br \/>\nKto\u015b co\u015b pyskuje? To si\u0119 go zatka,<br \/>\nA kto w\u0142a\u015bciwie w tej ca\u0142ej matni<br \/>\njest tak naprawd\u0119 ssany? Podatnik.<\/p>\n<p>Niekt\u00f3rym \u017cal jest tego biedaka,<br \/>\nlecz w\u0142adza nad nim nie b\u0119dzie p\u0142aka\u0107,<br \/>\nno bo on przecie\u017c nie z w\u0142adzy winy<br \/>\n\u017cadnej u \u017c\u0142obu nie ma rodziny.<\/p>\n","protected":false},"excerpt":{"rendered":"<p>Mi\u0142o\u015b\u0107 rodzinna rzecz nader zbo\u017cna, fundamentalna, twierdzi\u0107 by mo\u017cna, wszak pierwsz\u0105 my\u015bl\u0105 takiego syna jest: kto da papu, jak nie rodzina? Lecz tutaj druga my\u015bl w pe\u0142nym biegu: opr\u00f3cz rodziny mam i koleg\u00f3w, kt\u00f3rzy doprawdy, komu jak komu, ale mnie to chc\u0105 na pewno pom\u00f3c. Z wiekim zapa\u0142em do tego rw\u0105 si\u0119, \u017ceby ich r\u0105sia my\u0142a m\u0105 r\u0105si\u0119, by kolesiowski sen nam si\u0119 zi\u015bci\u0142 &#8211; syci, bezpieczni, a przy tym czy\u015bci. Niejedn\u0105 matk\u0119 ssie cwane ciel\u0119 &#8211; tutaj rodzina, tu przyjaciele, tutaj agencja, a tutaj sp\u00f3\u0142ka &#8211; i ju\u017c do pensji dopisuj k\u00f3\u0142ka. \u017be lud wyra\u017ca jakie\u015b obiekcje? No, to [&hellip;]<\/p>\n","protected":false},"author":274,"featured_media":0,"parent":2143,"menu_order":0,"comment_status":"open","ping_status":"open","template":"wiersze_polit.php","meta":{"footnotes":""},"class_list":["post-2535","page","type-page","status-publish","hentry"],"_links":{"self":[{"href":"https:\/\/blog-bobika.eu\/index.php?rest_route=\/wp\/v2\/pages\/2535","targetHints":{"allow":["GET"]}}],"collection":[{"href":"https:\/\/blog-bobika.eu\/index.php?rest_route=\/wp\/v2\/pages"}],"about":[{"href":"https:\/\/blog-bobika.eu\/index.php?rest_route=\/wp\/v2\/types\/page"}],"author":[{"embeddable":true,"href":"https:\/\/blog-bobika.eu\/index.php?rest_route=\/wp\/v2\/users\/274"}],"replies":[{"embeddable":true,"href":"https:\/\/blog-bobika.eu\/index.php?rest_route=%2Fwp%2Fv2%2Fcomments&post=2535"}],"version-history":[{"count":1,"href":"https:\/\/blog-bobika.eu\/index.php?rest_route=\/wp\/v2\/pages\/2535\/revisions"}],"predecessor-version":[{"id":2536,"href":"https:\/\/blog-bobika.eu\/index.php?rest_route=\/wp\/v2\/pages\/2535\/revisions\/2536"}],"up":[{"embeddable":true,"href":"https:\/\/blog-bobika.eu\/index.php?rest_route=\/wp\/v2\/pages\/2143"}],"wp:attachment":[{"href":"https:\/\/blog-bobika.eu\/index.php?rest_route=%2Fwp%2Fv2%2Fmedia&parent=2535"}],"curies":[{"name":"wp","href":"https:\/\/api.w.org\/{rel}","templated":true}]}}