{"id":2533,"date":"2015-08-24T23:21:26","date_gmt":"2015-08-24T21:21:26","guid":{"rendered":"http:\/\/blog-bobika.eu\/?page_id=2533"},"modified":"2015-08-24T23:21:26","modified_gmt":"2015-08-24T21:21:26","slug":"w-piwnicy","status":"publish","type":"page","link":"https:\/\/blog-bobika.eu\/?page_id=2533","title":{"rendered":"W piwnicy"},"content":{"rendered":"<p>Siedz\u0105, pij\u0105, medytuj\u0105,<br \/>\nBelzebuba pomocnicy,<br \/>\nrealem si\u0119 nie przejmuj\u0105,<br \/>\nnie si\u0119ga on do piwnicy.<\/p>\n<p>Nie zapu\u015bci tu nikt Oka,<br \/>\nani knajackiego s\u0142\u00f3wka,<br \/>\nnie poleje si\u0119 posoka,<br \/>\ntylko wino lub pigw\u00f3wka.<\/p>\n<p>Nie odchodzi \u017cadna \u015bciema,<br \/>\nw drzwi si\u0119 nie pcha brudny paluch\u2026<br \/>\nAch, jak mi\u0142o do podziemia<br \/>\nczasem urwa\u0107 si\u0119 z realu.<\/p>\n","protected":false},"excerpt":{"rendered":"<p>Siedz\u0105, pij\u0105, medytuj\u0105, Belzebuba pomocnicy, realem si\u0119 nie przejmuj\u0105, nie si\u0119ga on do piwnicy. Nie zapu\u015bci tu nikt Oka, ani knajackiego s\u0142\u00f3wka, nie poleje si\u0119 posoka, tylko wino lub pigw\u00f3wka. Nie odchodzi \u017cadna \u015bciema, w drzwi si\u0119 nie pcha brudny paluch\u2026 Ach, jak mi\u0142o do podziemia czasem urwa\u0107 si\u0119 z realu.<\/p>\n","protected":false},"author":274,"featured_media":0,"parent":2143,"menu_order":0,"comment_status":"open","ping_status":"open","template":"wiersze_polit.php","meta":{"footnotes":""},"class_list":["post-2533","page","type-page","status-publish","hentry"],"_links":{"self":[{"href":"https:\/\/blog-bobika.eu\/index.php?rest_route=\/wp\/v2\/pages\/2533","targetHints":{"allow":["GET"]}}],"collection":[{"href":"https:\/\/blog-bobika.eu\/index.php?rest_route=\/wp\/v2\/pages"}],"about":[{"href":"https:\/\/blog-bobika.eu\/index.php?rest_route=\/wp\/v2\/types\/page"}],"author":[{"embeddable":true,"href":"https:\/\/blog-bobika.eu\/index.php?rest_route=\/wp\/v2\/users\/274"}],"replies":[{"embeddable":true,"href":"https:\/\/blog-bobika.eu\/index.php?rest_route=%2Fwp%2Fv2%2Fcomments&post=2533"}],"version-history":[{"count":1,"href":"https:\/\/blog-bobika.eu\/index.php?rest_route=\/wp\/v2\/pages\/2533\/revisions"}],"predecessor-version":[{"id":2534,"href":"https:\/\/blog-bobika.eu\/index.php?rest_route=\/wp\/v2\/pages\/2533\/revisions\/2534"}],"up":[{"embeddable":true,"href":"https:\/\/blog-bobika.eu\/index.php?rest_route=\/wp\/v2\/pages\/2143"}],"wp:attachment":[{"href":"https:\/\/blog-bobika.eu\/index.php?rest_route=%2Fwp%2Fv2%2Fmedia&parent=2533"}],"curies":[{"name":"wp","href":"https:\/\/api.w.org\/{rel}","templated":true}]}}