{"id":2495,"date":"2015-08-24T20:24:22","date_gmt":"2015-08-24T18:24:22","guid":{"rendered":"http:\/\/blog-bobika.eu\/?page_id=2495"},"modified":"2015-08-24T20:24:22","modified_gmt":"2015-08-24T18:24:22","slug":"spisek-z-knujem","status":"publish","type":"page","link":"https:\/\/blog-bobika.eu\/?page_id=2495","title":{"rendered":"Spisek z Knujem"},"content":{"rendered":"<p>Spisek spiszczy a Knuj knuje:<br \/>\ntemu panu ju\u017c dzi\u0119kuj\u0119,<br \/>\na tamtemu, z bo\u017c\u0105 \u0142ask\u0105,<br \/>\nza\u0142atwimy pi\u0119kne fiasko,<br \/>\na \u00f3w te\u017c jest podejrzany,<br \/>\nwi\u0119c nie przy\u0142\u00f3\u017c go do rany,<br \/>\nbo gangrena w mig gotowa.<br \/>\nSpisku z Knujem ju\u017c w tym g\u0142owa,<br \/>\nby nikt nigdzie nie nabroi\u0142,<br \/>\na zostali &#8211; sami swoi.<\/p>\n","protected":false},"excerpt":{"rendered":"<p>Spisek spiszczy a Knuj knuje: temu panu ju\u017c dzi\u0119kuj\u0119, a tamtemu, z bo\u017c\u0105 \u0142ask\u0105, za\u0142atwimy pi\u0119kne fiasko, a \u00f3w te\u017c jest podejrzany, wi\u0119c nie przy\u0142\u00f3\u017c go do rany, bo gangrena w mig gotowa. Spisku z Knujem ju\u017c w tym g\u0142owa, by nikt nigdzie nie nabroi\u0142, a zostali &#8211; sami swoi.<\/p>\n","protected":false},"author":274,"featured_media":0,"parent":2143,"menu_order":0,"comment_status":"open","ping_status":"open","template":"wiersze_polit.php","meta":{"footnotes":""},"class_list":["post-2495","page","type-page","status-publish","hentry"],"_links":{"self":[{"href":"https:\/\/blog-bobika.eu\/index.php?rest_route=\/wp\/v2\/pages\/2495","targetHints":{"allow":["GET"]}}],"collection":[{"href":"https:\/\/blog-bobika.eu\/index.php?rest_route=\/wp\/v2\/pages"}],"about":[{"href":"https:\/\/blog-bobika.eu\/index.php?rest_route=\/wp\/v2\/types\/page"}],"author":[{"embeddable":true,"href":"https:\/\/blog-bobika.eu\/index.php?rest_route=\/wp\/v2\/users\/274"}],"replies":[{"embeddable":true,"href":"https:\/\/blog-bobika.eu\/index.php?rest_route=%2Fwp%2Fv2%2Fcomments&post=2495"}],"version-history":[{"count":1,"href":"https:\/\/blog-bobika.eu\/index.php?rest_route=\/wp\/v2\/pages\/2495\/revisions"}],"predecessor-version":[{"id":2496,"href":"https:\/\/blog-bobika.eu\/index.php?rest_route=\/wp\/v2\/pages\/2495\/revisions\/2496"}],"up":[{"embeddable":true,"href":"https:\/\/blog-bobika.eu\/index.php?rest_route=\/wp\/v2\/pages\/2143"}],"wp:attachment":[{"href":"https:\/\/blog-bobika.eu\/index.php?rest_route=%2Fwp%2Fv2%2Fmedia&parent=2495"}],"curies":[{"name":"wp","href":"https:\/\/api.w.org\/{rel}","templated":true}]}}