{"id":2489,"date":"2015-08-24T20:17:17","date_gmt":"2015-08-24T18:17:17","guid":{"rendered":"http:\/\/blog-bobika.eu\/?page_id=2489"},"modified":"2015-08-24T20:17:17","modified_gmt":"2015-08-24T18:17:17","slug":"senator","status":"publish","type":"page","link":"https:\/\/blog-bobika.eu\/?page_id=2489","title":{"rendered":"Senator"},"content":{"rendered":"<p>Kiedy pies zosta\u0142 senatorem,<br \/>\nzamieszka\u0142 w rezydencji.<br \/>\nW spi\u017carni mia\u0142 kie\u0142basy worek,<br \/>\ndostojny rys w prezencji,<br \/>\nw ogrodzie dziur wystawnych kup\u0119,<br \/>\nprotok\u00f3\u0142 w budzie sztywny<br \/>\ni wszystko by\u0142o niby super,<br \/>\ntylko pies jaki\u015b dziwny.<br \/>\nOgonem macha\u0142 bez zapa\u0142u,<br \/>\nbez przyjemno\u015bci szczeka\u0142,<br \/>\nnad\u0119ty pysk mu r\u00f3s\u0142 poma\u0142u,<br \/>\nca\u0142kiem jak u cz\u0142owieka,<br \/>\nni w\u0142asny go nie cieszy\u0142 warkot,<br \/>\nni pomruk limuzyny,<br \/>\ns\u0142owem, wra\u017cenie sprawia\u0142 markot-<br \/>\nnej, sfrustrowanej psiny.<\/p>\n<p>Cz\u0142ek si\u0119 na sto\u0142kach ch\u0119tnie sadza,<br \/>\nlecz niekoniecznie pies &#8211;<br \/>\nsenatorzenie, forsa, w\u0142adza<br \/>\nwida\u0107 humanum est.<br \/>\nWi\u0119c mo\u017ce w humanist\u00f3w \u0142apach<br \/>\nniech w\u0142adza lepiej tkwi?<br \/>\nPies tylko skrzywi si\u0119 na zapach<br \/>\ni wska\u017ce sobie drzwi.<\/p>\n","protected":false},"excerpt":{"rendered":"<p>Kiedy pies zosta\u0142 senatorem, zamieszka\u0142 w rezydencji. W spi\u017carni mia\u0142 kie\u0142basy worek, dostojny rys w prezencji, w ogrodzie dziur wystawnych kup\u0119, protok\u00f3\u0142 w budzie sztywny i wszystko by\u0142o niby super, tylko pies jaki\u015b dziwny. Ogonem macha\u0142 bez zapa\u0142u, bez przyjemno\u015bci szczeka\u0142, nad\u0119ty pysk mu r\u00f3s\u0142 poma\u0142u, ca\u0142kiem jak u cz\u0142owieka, ni w\u0142asny go nie cieszy\u0142 warkot, ni pomruk limuzyny, s\u0142owem, wra\u017cenie sprawia\u0142 markot- nej, sfrustrowanej psiny. Cz\u0142ek si\u0119 na sto\u0142kach ch\u0119tnie sadza, lecz niekoniecznie pies &#8211; senatorzenie, forsa, w\u0142adza wida\u0107 humanum est. Wi\u0119c mo\u017ce w humanist\u00f3w \u0142apach niech w\u0142adza lepiej tkwi? Pies tylko skrzywi si\u0119 na zapach i wska\u017ce sobie [&hellip;]<\/p>\n","protected":false},"author":274,"featured_media":0,"parent":2143,"menu_order":0,"comment_status":"open","ping_status":"open","template":"wiersze_polit.php","meta":{"footnotes":""},"class_list":["post-2489","page","type-page","status-publish","hentry"],"_links":{"self":[{"href":"https:\/\/blog-bobika.eu\/index.php?rest_route=\/wp\/v2\/pages\/2489","targetHints":{"allow":["GET"]}}],"collection":[{"href":"https:\/\/blog-bobika.eu\/index.php?rest_route=\/wp\/v2\/pages"}],"about":[{"href":"https:\/\/blog-bobika.eu\/index.php?rest_route=\/wp\/v2\/types\/page"}],"author":[{"embeddable":true,"href":"https:\/\/blog-bobika.eu\/index.php?rest_route=\/wp\/v2\/users\/274"}],"replies":[{"embeddable":true,"href":"https:\/\/blog-bobika.eu\/index.php?rest_route=%2Fwp%2Fv2%2Fcomments&post=2489"}],"version-history":[{"count":1,"href":"https:\/\/blog-bobika.eu\/index.php?rest_route=\/wp\/v2\/pages\/2489\/revisions"}],"predecessor-version":[{"id":2490,"href":"https:\/\/blog-bobika.eu\/index.php?rest_route=\/wp\/v2\/pages\/2489\/revisions\/2490"}],"up":[{"embeddable":true,"href":"https:\/\/blog-bobika.eu\/index.php?rest_route=\/wp\/v2\/pages\/2143"}],"wp:attachment":[{"href":"https:\/\/blog-bobika.eu\/index.php?rest_route=%2Fwp%2Fv2%2Fmedia&parent=2489"}],"curies":[{"name":"wp","href":"https:\/\/api.w.org\/{rel}","templated":true}]}}