{"id":2471,"date":"2015-08-24T20:02:18","date_gmt":"2015-08-24T18:02:18","guid":{"rendered":"http:\/\/blog-bobika.eu\/?page_id=2471"},"modified":"2015-08-24T20:02:18","modified_gmt":"2015-08-24T18:02:18","slug":"wierszyk-prorodzinny","status":"publish","type":"page","link":"https:\/\/blog-bobika.eu\/?page_id=2471","title":{"rendered":"Wierszyk prorodzinny"},"content":{"rendered":"<p>Rodzina s\u0142owem silna,<br \/>\nco z odbiornika p\u0142ynie.<br \/>\nwci\u0105\u017c ono o Maryji,<br \/>\na nigdy o Marynie.<\/p>\n<p>Wi\u0119c wie rodzina dobrze,<br \/>\nbo pasterzowi wierna &#8211;<br \/>\nma w mroku by\u0107 ukryta<br \/>\nMaryni sempiterna.<\/p>\n<p>Nie szepnie o niej ojciec,<br \/>\nnie b\u0105knie o niej matka,<br \/>\nnajlepiej jak w zasadzie<br \/>\nMarynia nie ma zadka.<\/p>\n<p>I przez to, \u017ce pobo\u017cnych<br \/>\nzad uszu nie obra\u017ca,<br \/>\nbez \u017cadnych ogranicze\u0144<br \/>\nrodzina si\u0119 rozmna\u017ca.<\/p>\n<p>Koncepcja to genialna<br \/>\ni nie ma \u017cadnych anty,<br \/>\nbo jak rodzina du\u017ca,<br \/>\nzakryje wszelkie kanty.<\/p>\n<p>A by rodzinne grono<br \/>\nprzypadkiem nie wych\u0142\u00f3d\u0142o,<br \/>\nz radyjka wci\u0105\u017c warto\u015bci<br \/>\ngor\u0105ce bije \u017ar\u00f3d\u0142o.<\/p>\n<p>To patent na moraln\u0105<br \/>\nnajlepszy jest odnow\u0119:<br \/>\nrodziny nie wal kijem,<br \/>\nwystarczy przecie\u017c s\u0142owem.<\/p>\n","protected":false},"excerpt":{"rendered":"<p>Rodzina s\u0142owem silna, co z odbiornika p\u0142ynie. wci\u0105\u017c ono o Maryji, a nigdy o Marynie. Wi\u0119c wie rodzina dobrze, bo pasterzowi wierna &#8211; ma w mroku by\u0107 ukryta Maryni sempiterna. Nie szepnie o niej ojciec, nie b\u0105knie o niej matka, najlepiej jak w zasadzie Marynia nie ma zadka. I przez to, \u017ce pobo\u017cnych zad uszu nie obra\u017ca, bez \u017cadnych ogranicze\u0144 rodzina si\u0119 rozmna\u017ca. Koncepcja to genialna i nie ma \u017cadnych anty, bo jak rodzina du\u017ca, zakryje wszelkie kanty. A by rodzinne grono przypadkiem nie wych\u0142\u00f3d\u0142o, z radyjka wci\u0105\u017c warto\u015bci gor\u0105ce bije \u017ar\u00f3d\u0142o. To patent na moraln\u0105 najlepszy jest odnow\u0119: rodziny [&hellip;]<\/p>\n","protected":false},"author":274,"featured_media":0,"parent":2143,"menu_order":0,"comment_status":"open","ping_status":"open","template":"wiersze_polit.php","meta":{"footnotes":""},"class_list":["post-2471","page","type-page","status-publish","hentry"],"_links":{"self":[{"href":"https:\/\/blog-bobika.eu\/index.php?rest_route=\/wp\/v2\/pages\/2471","targetHints":{"allow":["GET"]}}],"collection":[{"href":"https:\/\/blog-bobika.eu\/index.php?rest_route=\/wp\/v2\/pages"}],"about":[{"href":"https:\/\/blog-bobika.eu\/index.php?rest_route=\/wp\/v2\/types\/page"}],"author":[{"embeddable":true,"href":"https:\/\/blog-bobika.eu\/index.php?rest_route=\/wp\/v2\/users\/274"}],"replies":[{"embeddable":true,"href":"https:\/\/blog-bobika.eu\/index.php?rest_route=%2Fwp%2Fv2%2Fcomments&post=2471"}],"version-history":[{"count":1,"href":"https:\/\/blog-bobika.eu\/index.php?rest_route=\/wp\/v2\/pages\/2471\/revisions"}],"predecessor-version":[{"id":2472,"href":"https:\/\/blog-bobika.eu\/index.php?rest_route=\/wp\/v2\/pages\/2471\/revisions\/2472"}],"up":[{"embeddable":true,"href":"https:\/\/blog-bobika.eu\/index.php?rest_route=\/wp\/v2\/pages\/2143"}],"wp:attachment":[{"href":"https:\/\/blog-bobika.eu\/index.php?rest_route=%2Fwp%2Fv2%2Fmedia&parent=2471"}],"curies":[{"name":"wp","href":"https:\/\/api.w.org\/{rel}","templated":true}]}}