{"id":2467,"date":"2015-08-24T19:54:43","date_gmt":"2015-08-24T17:54:43","guid":{"rendered":"http:\/\/blog-bobika.eu\/?page_id=2467"},"modified":"2015-08-24T19:54:43","modified_gmt":"2015-08-24T17:54:43","slug":"relikwie","status":"publish","type":"page","link":"https:\/\/blog-bobika.eu\/?page_id=2467","title":{"rendered":"Relikwie"},"content":{"rendered":"<p>Dr\u017cyj niedowiarku! \u015awie\u0107 oczyma<br \/>\ni si\u0119 przed prawd\u0105 nie bro\u0144,<br \/>\nnic tak powodzi nie powstrzyma,<br \/>\njak p\u0142ucka albo \u017cebro.<\/p>\n<p>Jak srodze by nam los da\u0142 w kuper<br \/>\nbez tych pomocnych szcz\u0105tk\u00f3w,<br \/>\na tak &#8211; wystawi\u0107 i ju\u017c super,<br \/>\ni wyrwa w nieszcz\u0119\u015b\u0107 w\u0105tku.<\/p>\n<p>Gdy kostka kl\u0119sce zapobiega,<br \/>\nl\u0119k znika i obawa,<br \/>\nbezpiecznie ka\u017cdy \u015bpi lebiega<br \/>\npod resztk\u0105 Stanis\u0142awa.<\/p>\n<p>Wi\u0119c nas, Brukselo, fors\u0105 zalej,<br \/>\ndotacje daj unijne,<br \/>\nby\u015bmy rozwija\u0107 mogli stale<br \/>\nuczucia relikwijne.<\/p>\n","protected":false},"excerpt":{"rendered":"<p>Dr\u017cyj niedowiarku! \u015awie\u0107 oczyma i si\u0119 przed prawd\u0105 nie bro\u0144, nic tak powodzi nie powstrzyma, jak p\u0142ucka albo \u017cebro. Jak srodze by nam los da\u0142 w kuper bez tych pomocnych szcz\u0105tk\u00f3w, a tak &#8211; wystawi\u0107 i ju\u017c super, i wyrwa w nieszcz\u0119\u015b\u0107 w\u0105tku. Gdy kostka kl\u0119sce zapobiega, l\u0119k znika i obawa, bezpiecznie ka\u017cdy \u015bpi lebiega pod resztk\u0105 Stanis\u0142awa. Wi\u0119c nas, Brukselo, fors\u0105 zalej, dotacje daj unijne, by\u015bmy rozwija\u0107 mogli stale uczucia relikwijne.<\/p>\n","protected":false},"author":274,"featured_media":0,"parent":2143,"menu_order":0,"comment_status":"open","ping_status":"open","template":"wiersze_polit.php","meta":{"footnotes":""},"class_list":["post-2467","page","type-page","status-publish","hentry"],"_links":{"self":[{"href":"https:\/\/blog-bobika.eu\/index.php?rest_route=\/wp\/v2\/pages\/2467","targetHints":{"allow":["GET"]}}],"collection":[{"href":"https:\/\/blog-bobika.eu\/index.php?rest_route=\/wp\/v2\/pages"}],"about":[{"href":"https:\/\/blog-bobika.eu\/index.php?rest_route=\/wp\/v2\/types\/page"}],"author":[{"embeddable":true,"href":"https:\/\/blog-bobika.eu\/index.php?rest_route=\/wp\/v2\/users\/274"}],"replies":[{"embeddable":true,"href":"https:\/\/blog-bobika.eu\/index.php?rest_route=%2Fwp%2Fv2%2Fcomments&post=2467"}],"version-history":[{"count":1,"href":"https:\/\/blog-bobika.eu\/index.php?rest_route=\/wp\/v2\/pages\/2467\/revisions"}],"predecessor-version":[{"id":2468,"href":"https:\/\/blog-bobika.eu\/index.php?rest_route=\/wp\/v2\/pages\/2467\/revisions\/2468"}],"up":[{"embeddable":true,"href":"https:\/\/blog-bobika.eu\/index.php?rest_route=\/wp\/v2\/pages\/2143"}],"wp:attachment":[{"href":"https:\/\/blog-bobika.eu\/index.php?rest_route=%2Fwp%2Fv2%2Fmedia&parent=2467"}],"curies":[{"name":"wp","href":"https:\/\/api.w.org\/{rel}","templated":true}]}}