{"id":2429,"date":"2015-08-24T18:16:27","date_gmt":"2015-08-24T16:16:27","guid":{"rendered":"http:\/\/blog-bobika.eu\/?page_id=2429"},"modified":"2015-08-24T18:16:27","modified_gmt":"2015-08-24T16:16:27","slug":"prawo-ojca","status":"publish","type":"page","link":"https:\/\/blog-bobika.eu\/?page_id=2429","title":{"rendered":"Prawo Ojca"},"content":{"rendered":"<p>Ju\u017c si\u0119 Ojciec Derechtor do weekendu szykuje:<br \/>\nw planie drobna podpa\u0142ka, jaki\u015b gwa\u0142t, kilka b\u00f3jek,<br \/>\nfa\u0142szerstw gar\u015b\u0107. A o skutki Ojca g\u0142owa nie boli,<br \/>\nprawo mo\u017ce mie\u0107 w nosie, bo\u0107 jest przecie katolik.<\/p>\n<p>Milion wypra\u0107? O, \u015bwietnie, to za\u0142atwi si\u0119 w pi\u0105tek,<br \/>\na w sobot\u0119 Ojczulek b\u0119dzie dusi\u0142 chom\u0105tem,<br \/>\njakby kto\u015b chcia\u0142 mu skoczy\u0107, zwinie pi\u0119\u015b\u0107, trza\u015bnie w stolik,<br \/>\ns\u0119dzia niechaj pysk zamknie, kiedy przed nim katolik.<\/p>\n<p>Trzy nieletnie panienki? Super, b\u0119dzie balecik,<br \/>\nwszak i tak si\u0119 w niedziel\u0119 do spowiedzi poleci.<br \/>\nTu skarbowe oszustwo, tam poder\u017cn\u0105\u0107 pilnikiem &#8211;<br \/>\nmo\u017cna sobie poszale\u0107, gdy si\u0119 jest katolikiem.<\/p>\n<p>Jeszcze w auto pijany Ojciec wsi\u0105dzie po sumie,<br \/>\nbo \u017ce wszystko mu wolno, to si\u0119 samo rozumie,<br \/>\nna protesty i skargi sobie nikt nie pozwoli,<br \/>\nno bo w Polsce bezkarny ma pozosta\u0107 katolik! <\/p>\n","protected":false},"excerpt":{"rendered":"<p>Ju\u017c si\u0119 Ojciec Derechtor do weekendu szykuje: w planie drobna podpa\u0142ka, jaki\u015b gwa\u0142t, kilka b\u00f3jek, fa\u0142szerstw gar\u015b\u0107. A o skutki Ojca g\u0142owa nie boli, prawo mo\u017ce mie\u0107 w nosie, bo\u0107 jest przecie katolik. Milion wypra\u0107? O, \u015bwietnie, to za\u0142atwi si\u0119 w pi\u0105tek, a w sobot\u0119 Ojczulek b\u0119dzie dusi\u0142 chom\u0105tem, jakby kto\u015b chcia\u0142 mu skoczy\u0107, zwinie pi\u0119\u015b\u0107, trza\u015bnie w stolik, s\u0119dzia niechaj pysk zamknie, kiedy przed nim katolik. Trzy nieletnie panienki? Super, b\u0119dzie balecik, wszak i tak si\u0119 w niedziel\u0119 do spowiedzi poleci. Tu skarbowe oszustwo, tam poder\u017cn\u0105\u0107 pilnikiem &#8211; mo\u017cna sobie poszale\u0107, gdy si\u0119 jest katolikiem. Jeszcze w auto pijany [&hellip;]<\/p>\n","protected":false},"author":274,"featured_media":0,"parent":2143,"menu_order":0,"comment_status":"open","ping_status":"open","template":"wiersze_polit.php","meta":{"footnotes":""},"class_list":["post-2429","page","type-page","status-publish","hentry"],"_links":{"self":[{"href":"https:\/\/blog-bobika.eu\/index.php?rest_route=\/wp\/v2\/pages\/2429","targetHints":{"allow":["GET"]}}],"collection":[{"href":"https:\/\/blog-bobika.eu\/index.php?rest_route=\/wp\/v2\/pages"}],"about":[{"href":"https:\/\/blog-bobika.eu\/index.php?rest_route=\/wp\/v2\/types\/page"}],"author":[{"embeddable":true,"href":"https:\/\/blog-bobika.eu\/index.php?rest_route=\/wp\/v2\/users\/274"}],"replies":[{"embeddable":true,"href":"https:\/\/blog-bobika.eu\/index.php?rest_route=%2Fwp%2Fv2%2Fcomments&post=2429"}],"version-history":[{"count":1,"href":"https:\/\/blog-bobika.eu\/index.php?rest_route=\/wp\/v2\/pages\/2429\/revisions"}],"predecessor-version":[{"id":2430,"href":"https:\/\/blog-bobika.eu\/index.php?rest_route=\/wp\/v2\/pages\/2429\/revisions\/2430"}],"up":[{"embeddable":true,"href":"https:\/\/blog-bobika.eu\/index.php?rest_route=\/wp\/v2\/pages\/2143"}],"wp:attachment":[{"href":"https:\/\/blog-bobika.eu\/index.php?rest_route=%2Fwp%2Fv2%2Fmedia&parent=2429"}],"curies":[{"name":"wp","href":"https:\/\/api.w.org\/{rel}","templated":true}]}}