{"id":2427,"date":"2015-08-24T18:15:30","date_gmt":"2015-08-24T16:15:30","guid":{"rendered":"http:\/\/blog-bobika.eu\/?page_id=2427"},"modified":"2015-08-24T18:15:30","modified_gmt":"2015-08-24T16:15:30","slug":"prawo-naturalne","status":"publish","type":"page","link":"https:\/\/blog-bobika.eu\/?page_id=2427","title":{"rendered":"Prawo naturalne"},"content":{"rendered":"<p>Os\u0142y bliskie s\u0105 kryzysu, bo bez dania racji<br \/>\nchc\u0105 im jakie\u015b panie z PiS-u wzbroni\u0107 kopulacji.<br \/>\nTak si\u0119 osio\u0142 praw natury zawsze pilnie trzyma,<br \/>\na tu pa\u0144cie si\u0119 uwezm\u0105 i ciupciania ni ma.<\/p>\n<p>Mo\u017ce pa\u0144ciom od gor\u0105ca sta\u0142o si\u0119 co\u015b z g\u0142\u00f3wk\u0105?<br \/>\nLub gajowy je nastraszy\u0142 swoj\u0105 dubelt\u00f3wk\u0105?<br \/>\nKto\u015b podszepn\u0105\u0142\u2026? To Michalik z band\u0105 Ryczani\u0105tek!<br \/>\nTeraz jeszcze lwom zabroni\u0105 jada\u0107 mi\u0119so w pi\u0105tek!<\/p>\n<p>Nagle zjawia si\u0119 dyrektor zoo z tak\u0105 gadk\u0105:<br \/>\npa\u0144cie bredz\u0105 co\u015b od rzeczy, \u017ce a\u017c s\u0142ucha\u0107 hadko,<br \/>\nlecz wy, os\u0142y, gdy do seksu si\u0119 we\u017amiecie \u017cwawo,<br \/>\nm\u00f3wcie, \u017ce wspieracie czynem naturalne prawo.<\/p>\n","protected":false},"excerpt":{"rendered":"<p>Os\u0142y bliskie s\u0105 kryzysu, bo bez dania racji chc\u0105 im jakie\u015b panie z PiS-u wzbroni\u0107 kopulacji. Tak si\u0119 osio\u0142 praw natury zawsze pilnie trzyma, a tu pa\u0144cie si\u0119 uwezm\u0105 i ciupciania ni ma. Mo\u017ce pa\u0144ciom od gor\u0105ca sta\u0142o si\u0119 co\u015b z g\u0142\u00f3wk\u0105? Lub gajowy je nastraszy\u0142 swoj\u0105 dubelt\u00f3wk\u0105? Kto\u015b podszepn\u0105\u0142\u2026? To Michalik z band\u0105 Ryczani\u0105tek! Teraz jeszcze lwom zabroni\u0105 jada\u0107 mi\u0119so w pi\u0105tek! Nagle zjawia si\u0119 dyrektor zoo z tak\u0105 gadk\u0105: pa\u0144cie bredz\u0105 co\u015b od rzeczy, \u017ce a\u017c s\u0142ucha\u0107 hadko, lecz wy, os\u0142y, gdy do seksu si\u0119 we\u017amiecie \u017cwawo, m\u00f3wcie, \u017ce wspieracie czynem naturalne prawo.<\/p>\n","protected":false},"author":274,"featured_media":0,"parent":2143,"menu_order":0,"comment_status":"open","ping_status":"open","template":"wiersze_polit.php","meta":{"footnotes":""},"class_list":["post-2427","page","type-page","status-publish","hentry"],"_links":{"self":[{"href":"https:\/\/blog-bobika.eu\/index.php?rest_route=\/wp\/v2\/pages\/2427","targetHints":{"allow":["GET"]}}],"collection":[{"href":"https:\/\/blog-bobika.eu\/index.php?rest_route=\/wp\/v2\/pages"}],"about":[{"href":"https:\/\/blog-bobika.eu\/index.php?rest_route=\/wp\/v2\/types\/page"}],"author":[{"embeddable":true,"href":"https:\/\/blog-bobika.eu\/index.php?rest_route=\/wp\/v2\/users\/274"}],"replies":[{"embeddable":true,"href":"https:\/\/blog-bobika.eu\/index.php?rest_route=%2Fwp%2Fv2%2Fcomments&post=2427"}],"version-history":[{"count":1,"href":"https:\/\/blog-bobika.eu\/index.php?rest_route=\/wp\/v2\/pages\/2427\/revisions"}],"predecessor-version":[{"id":2428,"href":"https:\/\/blog-bobika.eu\/index.php?rest_route=\/wp\/v2\/pages\/2427\/revisions\/2428"}],"up":[{"embeddable":true,"href":"https:\/\/blog-bobika.eu\/index.php?rest_route=\/wp\/v2\/pages\/2143"}],"wp:attachment":[{"href":"https:\/\/blog-bobika.eu\/index.php?rest_route=%2Fwp%2Fv2%2Fmedia&parent=2427"}],"curies":[{"name":"wp","href":"https:\/\/api.w.org\/{rel}","templated":true}]}}