{"id":2423,"date":"2015-08-24T18:02:25","date_gmt":"2015-08-24T16:02:25","guid":{"rendered":"http:\/\/blog-bobika.eu\/?page_id=2423"},"modified":"2015-08-24T18:02:25","modified_gmt":"2015-08-24T16:02:25","slug":"powitanie-biskupa-w-przedszkolu","status":"publish","type":"page","link":"https:\/\/blog-bobika.eu\/?page_id=2423","title":{"rendered":"Powitanie biskupa w przedszkolu"},"content":{"rendered":"<p>Scenariusz powitania Ksi\u0119dza Biskupa w przedszkolu, z mo\u017cliwo\u015bci\u0105 szybkiego przystosowania tekstu dla szk\u00f3\u0142 i zak\u0142ad\u00f3w pracy<\/p>\n<p><em>Przedszkolak 1:<\/em><br \/>\nB\u0105d\u017a pozdrowiony go\u015bciu nasz,<br \/>\nhurra i w g\u00f3r\u0119 czapki!<br \/>\nZaraz ci\u0119 pewnie, kurza twarz,<br \/>\nzasw\u0119dz\u0105 t\u0142uste \u0142apki.<\/p>\n<p><em>Ch\u00f3r dzieci:<\/em><br \/>\nRadujmy si\u0119, dziatki ho\u017ce,<br \/>\n\u015bpiewajmy podnio\u015ble,<br \/>\ngdzie organem ksi\u0105dz nie mo\u017ce,<br \/>\ntam \u0142apeczk\u0119 po\u015ble.<\/p>\n<p><em>Przedszkolak 2:<\/em><br \/>\nJa to si\u0119 a\u017c troch\u0119 boj\u0119,<br \/>\n\u017ce ksi\u0105dz biskup tu si\u0119 zjawi,<br \/>\nb\u0119dzie gada\u0142 \u0107moje-boje,<br \/>\npuszcza\u0142 kup\u0119 s\u0142ownych pawi,<br \/>\na na ko\u0144cu z\u0142apie Olka<br \/>\ni poka\u017ce mu pornolka\u2026<\/p>\n<p><em>Przedszkolak 3:<\/em><br \/>\nTaka u biskupa praca,<br \/>\n\u017ce dziateczki ubogaca!<\/p>\n<p><em>Ch\u00f3r dzieci (z du\u017cym zdziwieniem):<\/em><br \/>\nZaraz, to ten gruby wujek,<br \/>\nco tu lata w r\u00f3\u017cowo\u015bciach,<br \/>\nwciska kit, \u017ce on pracuje?<br \/>\nNo, naprawd\u0119! Z czym do go\u015bcia?<\/p>\n<p><em>Przedszkolak 4 (przebrany za policjanta):<\/em><br \/>\nJa, ma\u0142y ch\u0142opczyk z Warszawy,<br \/>\ndo\u015b\u0107 ju\u017c dobrze znam te sprawy.<br \/>\nGdybym by\u0142 prawdziwym glin\u0105,<br \/>\nkaza\u0142bym cieciowi sp\u0142yn\u0105\u0107.<\/p>\n<p><em>Przedszkolak 5:<\/em><br \/>\nPanie Bo\u017ce, zobacz, jaki jestem s\u0142odki,<br \/>\nod pryszcza na nosku do b\u0105bla na pi\u0119cie,<br \/>\nuwielbiam chichoty, macanki, \u0142askotki,<br \/>\nLubi\u0119 wchodzi\u0107 z ksi\u0119dzem w d\u0142ugie nawet spi\u0119cie,<br \/>\nch\u0119tnie go pog\u0142askam po obwis\u0142ym brzusiu,<br \/>\nza\u015bpiewam co\u015b Abby lub powiem \u201etatusiu!\u201c\u2026<\/p>\n<p><em>Ch\u00f3r dzieci:<\/em><br \/>\nCho\u0107 nam szatan robi zwarcie,<br \/>\ncho\u0107 nam kul\u0105 strzela w p\u0142oty,<br \/>\nmy czujemy jakie\u015b parcie,<br \/>\n\u017ceby \u015bpiewa\u0107 te g\u0142upoty.<br \/>\nNiech si\u0119 dzieje wola nieba<br \/>\ni pust\u2019 wsiegda b\u0119dzie kebab!<\/p>\n<p><em>Ksi\u0105dz Biskup (zaje\u017cd\u017caj\u0105c i wynurzaj\u0105c si\u0119 z wypasionej beemwuchy):<\/em><br \/>\nKto wam stworzy\u0142 ptaszki \u015bliczne jak z obrazka?<br \/>\nSprawi\u0142, \u017ce dziewczynki czuj\u0105 wol\u0119 bo\u017c\u0105?<br \/>\n\u015apiewajcie, rzucaj\u0105c na tac\u0119 co \u0142aska,<br \/>\nbo p\u00f3ki rzucacie, wszy\u015bciutko jest w porzo.<br \/>\nTirli-pirli kumkum, bzibzi puciu-pupa,<br \/>\njak cudnie dzieciaczki witaj\u0105 biskupa!<\/p>\n<p><em>Ksi\u0105dz katecheta:<\/em><br \/>\nTeraz jeszcze przem\u00f3wi kto\u015b w imieniu gminy,<br \/>\nby ksi\u0119dzu biskupowi wle\u017a\u0107 bez wazeliny,<br \/>\na potem ju\u017c nast\u0105pi\u0105 weso\u0142e podskoki,<br \/>\njak nasz kraj chrze\u015bcija\u0144ski d\u0142ugi i szeroki,<br \/>\nbo trudno nie radowa\u0107 si\u0119 wr\u0119cz na wyprz\u00f3dki,<br \/>\ngdy kochani pasterze wizytuj\u0105 trz\u00f3dki.<\/p>\n","protected":false},"excerpt":{"rendered":"<p>Scenariusz powitania Ksi\u0119dza Biskupa w przedszkolu, z mo\u017cliwo\u015bci\u0105 szybkiego przystosowania tekstu dla szk\u00f3\u0142 i zak\u0142ad\u00f3w pracy Przedszkolak 1: B\u0105d\u017a pozdrowiony go\u015bciu nasz, hurra i w g\u00f3r\u0119 czapki! Zaraz ci\u0119 pewnie, kurza twarz, zasw\u0119dz\u0105 t\u0142uste \u0142apki. Ch\u00f3r dzieci: Radujmy si\u0119, dziatki ho\u017ce, \u015bpiewajmy podnio\u015ble, gdzie organem ksi\u0105dz nie mo\u017ce, tam \u0142apeczk\u0119 po\u015ble. Przedszkolak 2: Ja to si\u0119 a\u017c troch\u0119 boj\u0119, \u017ce ksi\u0105dz biskup tu si\u0119 zjawi, b\u0119dzie gada\u0142 \u0107moje-boje, puszcza\u0142 kup\u0119 s\u0142ownych pawi, a na ko\u0144cu z\u0142apie Olka i poka\u017ce mu pornolka\u2026 Przedszkolak 3: Taka u biskupa praca, \u017ce dziateczki ubogaca! Ch\u00f3r dzieci (z du\u017cym zdziwieniem): Zaraz, to ten gruby wujek, [&hellip;]<\/p>\n","protected":false},"author":274,"featured_media":0,"parent":2143,"menu_order":0,"comment_status":"open","ping_status":"open","template":"wiersze_polit.php","meta":{"footnotes":""},"class_list":["post-2423","page","type-page","status-publish","hentry"],"_links":{"self":[{"href":"https:\/\/blog-bobika.eu\/index.php?rest_route=\/wp\/v2\/pages\/2423","targetHints":{"allow":["GET"]}}],"collection":[{"href":"https:\/\/blog-bobika.eu\/index.php?rest_route=\/wp\/v2\/pages"}],"about":[{"href":"https:\/\/blog-bobika.eu\/index.php?rest_route=\/wp\/v2\/types\/page"}],"author":[{"embeddable":true,"href":"https:\/\/blog-bobika.eu\/index.php?rest_route=\/wp\/v2\/users\/274"}],"replies":[{"embeddable":true,"href":"https:\/\/blog-bobika.eu\/index.php?rest_route=%2Fwp%2Fv2%2Fcomments&post=2423"}],"version-history":[{"count":1,"href":"https:\/\/blog-bobika.eu\/index.php?rest_route=\/wp\/v2\/pages\/2423\/revisions"}],"predecessor-version":[{"id":2424,"href":"https:\/\/blog-bobika.eu\/index.php?rest_route=\/wp\/v2\/pages\/2423\/revisions\/2424"}],"up":[{"embeddable":true,"href":"https:\/\/blog-bobika.eu\/index.php?rest_route=\/wp\/v2\/pages\/2143"}],"wp:attachment":[{"href":"https:\/\/blog-bobika.eu\/index.php?rest_route=%2Fwp%2Fv2%2Fmedia&parent=2423"}],"curies":[{"name":"wp","href":"https:\/\/api.w.org\/{rel}","templated":true}]}}