{"id":2417,"date":"2015-08-24T17:47:31","date_gmt":"2015-08-24T15:47:31","guid":{"rendered":"http:\/\/blog-bobika.eu\/?page_id=2417"},"modified":"2015-08-24T17:47:31","modified_gmt":"2015-08-24T15:47:31","slug":"polskezbaw","status":"publish","type":"page","link":"https:\/\/blog-bobika.eu\/?page_id=2417","title":{"rendered":"Polsk\u0119zbaw"},"content":{"rendered":"<p>Jak Jaros\u0142aw, ksywka Prezes, jest dla kraju cenny,<br \/>\nwida\u0107 by\u0142o, gdy wprowadzi\u0142 nam Tusk stan wojenny.<br \/>\nTutaj wojsko, tam zomowcy, gdzie\u015b podobno ruskie,<br \/>\na Jaros\u0142aw od pocz\u0105tku walczy\u0142 tylko z Tuskiem.<\/p>\n<p>Nie Jaruzel mu zagra\u017ca\u0142, nie knowania wronie,<br \/>\nkomuch drobnym by\u0142 mu pryszczem na ojczyzny \u0142onie,<br \/>\nna Siwaka i Grzyb Zofi\u0119 Prezes si\u0119 nie boczy\u0142 &#8211;<br \/>\nwiedzia\u0142, \u017ce z\u0142em s\u0105 najwi\u0119kszym Tuska wilcze oczy.<\/p>\n<p>I gdy kiedy\u015b przed historii s\u0105dem Prezes stanie,<br \/>\n\u015bmia\u0142o powie: najwa\u017cniejszy obroni\u0142em szaniec,<br \/>\nstra\u017c trzymaj\u0105c tam, gdzie wybuch i pancerna brz\u00f3zka,<br \/>\nsw\u0105 mocarn\u0105 piersi\u0105 Polsk\u0119 zbawi\u0142em od Tuska!<\/p>\n","protected":false},"excerpt":{"rendered":"<p>Jak Jaros\u0142aw, ksywka Prezes, jest dla kraju cenny, wida\u0107 by\u0142o, gdy wprowadzi\u0142 nam Tusk stan wojenny. Tutaj wojsko, tam zomowcy, gdzie\u015b podobno ruskie, a Jaros\u0142aw od pocz\u0105tku walczy\u0142 tylko z Tuskiem. Nie Jaruzel mu zagra\u017ca\u0142, nie knowania wronie, komuch drobnym by\u0142 mu pryszczem na ojczyzny \u0142onie, na Siwaka i Grzyb Zofi\u0119 Prezes si\u0119 nie boczy\u0142 &#8211; wiedzia\u0142, \u017ce z\u0142em s\u0105 najwi\u0119kszym Tuska wilcze oczy. I gdy kiedy\u015b przed historii s\u0105dem Prezes stanie, \u015bmia\u0142o powie: najwa\u017cniejszy obroni\u0142em szaniec, stra\u017c trzymaj\u0105c tam, gdzie wybuch i pancerna brz\u00f3zka, sw\u0105 mocarn\u0105 piersi\u0105 Polsk\u0119 zbawi\u0142em od Tuska!<\/p>\n","protected":false},"author":274,"featured_media":0,"parent":2143,"menu_order":0,"comment_status":"open","ping_status":"open","template":"wiersze_polit.php","meta":{"footnotes":""},"class_list":["post-2417","page","type-page","status-publish","hentry"],"_links":{"self":[{"href":"https:\/\/blog-bobika.eu\/index.php?rest_route=\/wp\/v2\/pages\/2417","targetHints":{"allow":["GET"]}}],"collection":[{"href":"https:\/\/blog-bobika.eu\/index.php?rest_route=\/wp\/v2\/pages"}],"about":[{"href":"https:\/\/blog-bobika.eu\/index.php?rest_route=\/wp\/v2\/types\/page"}],"author":[{"embeddable":true,"href":"https:\/\/blog-bobika.eu\/index.php?rest_route=\/wp\/v2\/users\/274"}],"replies":[{"embeddable":true,"href":"https:\/\/blog-bobika.eu\/index.php?rest_route=%2Fwp%2Fv2%2Fcomments&post=2417"}],"version-history":[{"count":1,"href":"https:\/\/blog-bobika.eu\/index.php?rest_route=\/wp\/v2\/pages\/2417\/revisions"}],"predecessor-version":[{"id":2418,"href":"https:\/\/blog-bobika.eu\/index.php?rest_route=\/wp\/v2\/pages\/2417\/revisions\/2418"}],"up":[{"embeddable":true,"href":"https:\/\/blog-bobika.eu\/index.php?rest_route=\/wp\/v2\/pages\/2143"}],"wp:attachment":[{"href":"https:\/\/blog-bobika.eu\/index.php?rest_route=%2Fwp%2Fv2%2Fmedia&parent=2417"}],"curies":[{"name":"wp","href":"https:\/\/api.w.org\/{rel}","templated":true}]}}