{"id":2405,"date":"2015-08-24T17:30:57","date_gmt":"2015-08-24T15:30:57","guid":{"rendered":"http:\/\/blog-bobika.eu\/?page_id=2405"},"modified":"2015-08-24T17:30:57","modified_gmt":"2015-08-24T15:30:57","slug":"piosenka-prezesa","status":"publish","type":"page","link":"https:\/\/blog-bobika.eu\/?page_id=2405","title":{"rendered":"Piosenka Prezesa"},"content":{"rendered":"<p>Bo we mnie jest seks<br \/>\nz charyzm\u0105 z\u0142\u0105czony,<br \/>\nbo we mnie jest seks<br \/>\nwyborczo zbudzony,<br \/>\na charyzma jak \u017cmija spowija mi biust,<br \/>\nna ka\u017cdy-m ja gust!<\/p>\n<p>Komu w\u0142adza zawadza, gdy w r\u0119ku jest mym,<br \/>\nniech znika jak dym,<br \/>\nlub spieprza na Krym!<br \/>\nLecz gdy si\u0119 zgadza,<br \/>\nby ca\u0142a w\u0142adza<br \/>\nwlaz\u0142a w me \u0142apki,<br \/>\ntemu owion\u0119<br \/>\ncharyzm\u0105 \u017con\u0119,<br \/>\nojca i matk\u0119, i dziadk\u00f3w, i babki!<br \/>\nBo we mnie jest czar<br \/>\ni to polityczny,<br \/>\nod tego piar &#8211;<br \/>\npokaza\u0107, \u017cem \u015bliczny.<br \/>\nO wyborcy wci\u0105\u017c marz\u0119, co dosy\u0107 jest durny,<br \/>\nby kartk\u0119 z nazwiskiem<br \/>\nmym wrzuci\u0107 do urny,<br \/>\ntakiemu dam ja, lepszy brat,<br \/>\ncharyzmy mej kwiat!<\/p>\n","protected":false},"excerpt":{"rendered":"<p>Bo we mnie jest seks z charyzm\u0105 z\u0142\u0105czony, bo we mnie jest seks wyborczo zbudzony, a charyzma jak \u017cmija spowija mi biust, na ka\u017cdy-m ja gust! Komu w\u0142adza zawadza, gdy w r\u0119ku jest mym, niech znika jak dym, lub spieprza na Krym! Lecz gdy si\u0119 zgadza, by ca\u0142a w\u0142adza wlaz\u0142a w me \u0142apki, temu owion\u0119 charyzm\u0105 \u017con\u0119, ojca i matk\u0119, i dziadk\u00f3w, i babki! Bo we mnie jest czar i to polityczny, od tego piar &#8211; pokaza\u0107, \u017cem \u015bliczny. O wyborcy wci\u0105\u017c marz\u0119, co dosy\u0107 jest durny, by kartk\u0119 z nazwiskiem mym wrzuci\u0107 do urny, takiemu dam ja, lepszy brat, [&hellip;]<\/p>\n","protected":false},"author":274,"featured_media":0,"parent":2143,"menu_order":0,"comment_status":"open","ping_status":"open","template":"wiersze_polit.php","meta":{"footnotes":""},"class_list":["post-2405","page","type-page","status-publish","hentry"],"_links":{"self":[{"href":"https:\/\/blog-bobika.eu\/index.php?rest_route=\/wp\/v2\/pages\/2405","targetHints":{"allow":["GET"]}}],"collection":[{"href":"https:\/\/blog-bobika.eu\/index.php?rest_route=\/wp\/v2\/pages"}],"about":[{"href":"https:\/\/blog-bobika.eu\/index.php?rest_route=\/wp\/v2\/types\/page"}],"author":[{"embeddable":true,"href":"https:\/\/blog-bobika.eu\/index.php?rest_route=\/wp\/v2\/users\/274"}],"replies":[{"embeddable":true,"href":"https:\/\/blog-bobika.eu\/index.php?rest_route=%2Fwp%2Fv2%2Fcomments&post=2405"}],"version-history":[{"count":1,"href":"https:\/\/blog-bobika.eu\/index.php?rest_route=\/wp\/v2\/pages\/2405\/revisions"}],"predecessor-version":[{"id":2406,"href":"https:\/\/blog-bobika.eu\/index.php?rest_route=\/wp\/v2\/pages\/2405\/revisions\/2406"}],"up":[{"embeddable":true,"href":"https:\/\/blog-bobika.eu\/index.php?rest_route=\/wp\/v2\/pages\/2143"}],"wp:attachment":[{"href":"https:\/\/blog-bobika.eu\/index.php?rest_route=%2Fwp%2Fv2%2Fmedia&parent=2405"}],"curies":[{"name":"wp","href":"https:\/\/api.w.org\/{rel}","templated":true}]}}