{"id":2329,"date":"2015-08-24T12:07:49","date_gmt":"2015-08-24T10:07:49","guid":{"rendered":"http:\/\/blog-bobika.eu\/?page_id=2329"},"modified":"2015-08-24T12:07:49","modified_gmt":"2015-08-24T10:07:49","slug":"matolek-z-martwym-pniem","status":"publish","type":"page","link":"https:\/\/blog-bobika.eu\/?page_id=2329","title":{"rendered":"Mato\u0142ek z martwym pniem"},"content":{"rendered":"<p>\u015amier\u0107 pnia m\u00f3zgu nie istnieje,<br \/>\nwi\u0119c Mato\u0142ek, sprytna rasa,<br \/>\nda\u0142 drapaka z prosektorium,<br \/>\nby z pniem martwym \u017cywo hasa\u0107.<\/p>\n<p>Ba\u0142 si\u0119 bowiem, \u017ce w kostnicy,<br \/>\ntak ni z gruszki, ni z pietruszki,<br \/>\njacy\u015b straszni bezbo\u017cnicy<br \/>\nmu na przeszczep wezm\u0105 r\u00f3\u017cki.<\/p>\n<p>No a kt\u00f3ra ko\u017ala dama<br \/>\npotraktuje z sentymentem<br \/>\nniepe\u0142nego osobnika,<br \/>\nco ma r\u00f3\u017cki w pie\u0144 wyci\u0119te?<\/p>\n<p>Ju\u017c mia\u0142 wybiec poza szpital,<br \/>\nzgubi\u0107 si\u0119 w ulicznym ruchu,<br \/>\nwtem zobaczy\u0142, \u017ce go \u015bciga<br \/>\ngro\u017ana banda \u0142apiduch\u00f3w.<\/p>\n<p>\u201eDawaj r\u00f3\u017cki!\u201c &#8211; g\u0142o\u015bno krzycz\u0105<br \/>\ni puszczaj\u0105 w ruch skalpele.<br \/>\n\u201eO, takiego!\u201c &#8211; bekn\u0105\u0142 Kozio\u0142,<br \/>\n\u201ekr\u00f3jcie sobie jakie\u015b ciel\u0119,<\/p>\n<p>nie Mato\u0142ka, kt\u00f3ry z ultra-<br \/>\nkatolickiej perspektywy<br \/>\nnawet po m\u00f3zgowej \u015bmierci<br \/>\njest jak Lenin, wiecznie \u017cywy\u201c. <\/p>\n<p>\u0141apiduchy coraz bli\u017cej,<br \/>\nKozio\u0142 zakosami zmyka,<br \/>\nnagle widzi jak\u0105\u015b posta\u0107,<br \/>\nwielk\u0105 niby pontyfikat.<\/p>\n<p>Sam Profesor to nadbiega\u0142,<br \/>\nby Mato\u0142ka wzi\u0105\u0107 w obron\u0119<br \/>\ni ocali\u0107 jego r\u00f3\u017cki,<br \/>\na jak B\u00f3g da i ogonek.<\/p>\n<p>Wielka bitwa na skalpele<br \/>\nrozgorza\u0142a pod szpitalem,<br \/>\na Kozio\u0142ek na to patrzy\u0142<br \/>\ni si\u0119 nie przejmowa\u0142 wcale.<\/p>\n<p>Wiedzia\u0142, \u017ce w tej sytuacji<br \/>\nnie tknie jego nikt poro\u017ca,<br \/>\nbo nad Wis\u0142\u0105 z wszelk\u0105 wiedz\u0105<br \/>\nzawsze wygra wola bo\u017ca.<\/p>\n<p>Jak przewidzia\u0142, tak si\u0119 sta\u0142o,<br \/>\nbezbo\u017cnicy uszli w stepy<br \/>\ni nie by\u0142o ju\u017c nikogo,<br \/>\nkto by robi\u0107 chcia\u0142 przeszczepy.<\/p>\n<p>Kozio\u0142 nasz Profesorowi<br \/>\ntrzy talary da\u0142 w podzi\u0119ce,<br \/>\na i ze dwadzie\u015bcia da\u0142by,<br \/>\nlecz Profesor nie chcia\u0142 wi\u0119cej.<\/p>\n<p>\u201eNie maj\u0105tek mnie rajcuje<br \/>\n&#8211; ze znacz\u0105cym rzek\u0142 pomrukiem &#8211;<br \/>\ntylko czysta satysfakcja,<br \/>\n\u017cem pokona\u0107 m\u00f3g\u0142 nauk\u0119\u201c.<\/p>\n<p>Rozanieli\u0142 si\u0119 Kozio\u0142ek,<br \/>\nrozradowa\u0142 si\u0119 szalenie,<br \/>\nwidz\u0105c, \u017ce i profesor\u00f3w<br \/>\ndotkn\u0105\u0107 mo\u017ce zmatolenie.<\/p>\n<p>Po czym szuka\u0107 dalszych przyg\u00f3d<br \/>\nruszy\u0142 w tempie ekspresowym<br \/>\ni do dzi\u015b weso\u0142o bryka,<br \/>\nz ca\u0142kiem martwym pniem m\u00f3zgowym.<\/p>\n","protected":false},"excerpt":{"rendered":"<p>\u015amier\u0107 pnia m\u00f3zgu nie istnieje, wi\u0119c Mato\u0142ek, sprytna rasa, da\u0142 drapaka z prosektorium, by z pniem martwym \u017cywo hasa\u0107. Ba\u0142 si\u0119 bowiem, \u017ce w kostnicy, tak ni z gruszki, ni z pietruszki, jacy\u015b straszni bezbo\u017cnicy mu na przeszczep wezm\u0105 r\u00f3\u017cki. No a kt\u00f3ra ko\u017ala dama potraktuje z sentymentem niepe\u0142nego osobnika, co ma r\u00f3\u017cki w pie\u0144 wyci\u0119te? Ju\u017c mia\u0142 wybiec poza szpital, zgubi\u0107 si\u0119 w ulicznym ruchu, wtem zobaczy\u0142, \u017ce go \u015bciga gro\u017ana banda \u0142apiduch\u00f3w. \u201eDawaj r\u00f3\u017cki!\u201c &#8211; g\u0142o\u015bno krzycz\u0105 i puszczaj\u0105 w ruch skalpele. \u201eO, takiego!\u201c &#8211; bekn\u0105\u0142 Kozio\u0142, \u201ekr\u00f3jcie sobie jakie\u015b ciel\u0119, nie Mato\u0142ka, kt\u00f3ry z ultra- katolickiej perspektywy [&hellip;]<\/p>\n","protected":false},"author":274,"featured_media":0,"parent":2143,"menu_order":0,"comment_status":"open","ping_status":"open","template":"wiersze_polit.php","meta":{"footnotes":""},"class_list":["post-2329","page","type-page","status-publish","hentry"],"_links":{"self":[{"href":"https:\/\/blog-bobika.eu\/index.php?rest_route=\/wp\/v2\/pages\/2329","targetHints":{"allow":["GET"]}}],"collection":[{"href":"https:\/\/blog-bobika.eu\/index.php?rest_route=\/wp\/v2\/pages"}],"about":[{"href":"https:\/\/blog-bobika.eu\/index.php?rest_route=\/wp\/v2\/types\/page"}],"author":[{"embeddable":true,"href":"https:\/\/blog-bobika.eu\/index.php?rest_route=\/wp\/v2\/users\/274"}],"replies":[{"embeddable":true,"href":"https:\/\/blog-bobika.eu\/index.php?rest_route=%2Fwp%2Fv2%2Fcomments&post=2329"}],"version-history":[{"count":1,"href":"https:\/\/blog-bobika.eu\/index.php?rest_route=\/wp\/v2\/pages\/2329\/revisions"}],"predecessor-version":[{"id":2330,"href":"https:\/\/blog-bobika.eu\/index.php?rest_route=\/wp\/v2\/pages\/2329\/revisions\/2330"}],"up":[{"embeddable":true,"href":"https:\/\/blog-bobika.eu\/index.php?rest_route=\/wp\/v2\/pages\/2143"}],"wp:attachment":[{"href":"https:\/\/blog-bobika.eu\/index.php?rest_route=%2Fwp%2Fv2%2Fmedia&parent=2329"}],"curies":[{"name":"wp","href":"https:\/\/api.w.org\/{rel}","templated":true}]}}