{"id":2314,"date":"2015-08-24T11:35:53","date_gmt":"2015-08-24T09:35:53","guid":{"rendered":"http:\/\/blog-bobika.eu\/?page_id=2314"},"modified":"2015-08-24T11:46:18","modified_gmt":"2015-08-24T09:46:18","slug":"ludzki-kosciol","status":"publish","type":"page","link":"https:\/\/blog-bobika.eu\/?page_id=2314","title":{"rendered":"Ludzki Kosci\u00f3\u0142"},"content":{"rendered":"<p>D\u0142ugo nie chcia\u0142em w to uwierzy\u0107,<br \/>\nw swej racjonalnej, ciemnej duszy,<br \/>\n\u017ce w kraju, kt\u00f3ry mia\u0142 papie\u017ca,<br \/>\nchrze\u015bcijan g\u0142os si\u0119 jednak g\u0142uszy.<\/p>\n<p>Cho\u0107 budownictwa sakralnego<br \/>\npe\u0142no na ka\u017cdym ju\u017c \u015bciernisku,<br \/>\nwst\u0119pu do wiary pilnie strzeg\u0105<br \/>\nhierarchia, kuria, arcybiskup.<\/p>\n<p>Chocia\u017c pielgrzymek ci\u0105gn\u0105 sznury,<br \/>\ncho\u0107 s\u0142ycha\u0107 wsz\u0119dzie Anio\u0142 Pa\u0144ski,<br \/>\nnie ma \u015bwi\u0105tyni jednej, w kt\u00f3rej<br \/>\nmsz\u0119 by odprawi\u0107 m\u00f3g\u0142 Lema\u0144ski.<\/p>\n<p>Wi\u0119c nie od rzeczy b\u0119dzie zdanie,<br \/>\n\u017ce przy ko\u015bcio\u0142\u00f3w takim braku<br \/>\nmusz\u0105 si\u0119 uda\u0107 chrze\u015bcijanie<br \/>\ngdzie\u015b indziej. Mo\u017ce do katakumb?<\/p>\n<p>Je\u015bli ten pomys\u0142 znowu kupi\u0105,<br \/>\nzbudowa\u0107 mogliby z pewno\u015bci\u0105<br \/>\nKo\u015bci\u00f3\u0142 na miar\u0119 nie biskupi\u0105,<br \/>\na w\u0142asn\u0105. Ludzko-\u015bwi\u0119ty Ko\u015bci\u00f3\u0142.<\/p>\n","protected":false},"excerpt":{"rendered":"<p>D\u0142ugo nie chcia\u0142em w to uwierzy\u0107, w swej racjonalnej, ciemnej duszy, \u017ce w kraju, kt\u00f3ry mia\u0142 papie\u017ca, chrze\u015bcijan g\u0142os si\u0119 jednak g\u0142uszy. Cho\u0107 budownictwa sakralnego pe\u0142no na ka\u017cdym ju\u017c \u015bciernisku, wst\u0119pu do wiary pilnie strzeg\u0105 hierarchia, kuria, arcybiskup. Chocia\u017c pielgrzymek ci\u0105gn\u0105 sznury, cho\u0107 s\u0142ycha\u0107 wsz\u0119dzie Anio\u0142 Pa\u0144ski, nie ma \u015bwi\u0105tyni jednej, w kt\u00f3rej msz\u0119 by odprawi\u0107 m\u00f3g\u0142 Lema\u0144ski. Wi\u0119c nie od rzeczy b\u0119dzie zdanie, \u017ce przy ko\u015bcio\u0142\u00f3w takim braku musz\u0105 si\u0119 uda\u0107 chrze\u015bcijanie gdzie\u015b indziej. Mo\u017ce do katakumb? Je\u015bli ten pomys\u0142 znowu kupi\u0105, zbudowa\u0107 mogliby z pewno\u015bci\u0105 Ko\u015bci\u00f3\u0142 na miar\u0119 nie biskupi\u0105, a w\u0142asn\u0105. Ludzko-\u015bwi\u0119ty Ko\u015bci\u00f3\u0142.<\/p>\n","protected":false},"author":274,"featured_media":0,"parent":2143,"menu_order":0,"comment_status":"open","ping_status":"open","template":"wiersze_polit.php","meta":{"footnotes":""},"class_list":["post-2314","page","type-page","status-publish","hentry"],"_links":{"self":[{"href":"https:\/\/blog-bobika.eu\/index.php?rest_route=\/wp\/v2\/pages\/2314","targetHints":{"allow":["GET"]}}],"collection":[{"href":"https:\/\/blog-bobika.eu\/index.php?rest_route=\/wp\/v2\/pages"}],"about":[{"href":"https:\/\/blog-bobika.eu\/index.php?rest_route=\/wp\/v2\/types\/page"}],"author":[{"embeddable":true,"href":"https:\/\/blog-bobika.eu\/index.php?rest_route=\/wp\/v2\/users\/274"}],"replies":[{"embeddable":true,"href":"https:\/\/blog-bobika.eu\/index.php?rest_route=%2Fwp%2Fv2%2Fcomments&post=2314"}],"version-history":[{"count":2,"href":"https:\/\/blog-bobika.eu\/index.php?rest_route=\/wp\/v2\/pages\/2314\/revisions"}],"predecessor-version":[{"id":2316,"href":"https:\/\/blog-bobika.eu\/index.php?rest_route=\/wp\/v2\/pages\/2314\/revisions\/2316"}],"up":[{"embeddable":true,"href":"https:\/\/blog-bobika.eu\/index.php?rest_route=\/wp\/v2\/pages\/2143"}],"wp:attachment":[{"href":"https:\/\/blog-bobika.eu\/index.php?rest_route=%2Fwp%2Fv2%2Fmedia&parent=2314"}],"curies":[{"name":"wp","href":"https:\/\/api.w.org\/{rel}","templated":true}]}}