{"id":2278,"date":"2015-08-23T20:24:25","date_gmt":"2015-08-23T18:24:25","guid":{"rendered":"http:\/\/blog-bobika.eu\/?page_id=2278"},"modified":"2015-08-23T20:24:25","modified_gmt":"2015-08-23T18:24:25","slug":"kobieta-i-babok","status":"publish","type":"page","link":"https:\/\/blog-bobika.eu\/?page_id=2278","title":{"rendered":"Kobieta i babok"},"content":{"rendered":"<p>(Kazanie Rydzyka)<\/p>\n<p>Kobieta, panie, to wiadomo &#8211;<br \/>\nfalbanki i macica.<br \/>\nSi\u0119 patrzy\u0107 na ni\u0105 da z oskom\u0105<br \/>\ni p\u0142odno\u015b\u0107 jej zachwyca.<\/p>\n<p>A taki babok, z przeproszeniem,<br \/>\ndo Sejmu wlizie z boku&#8230;<br \/>\nNo, to nie miejsce na rodzenie,<br \/>\nprecz od tych \u0142aw, baboku!<\/p>\n<p>Kobieta pi\u0119knie ubogaca,<br \/>\npodn\u00f3\u017ckiem si\u0119 by\u0107 stara<br \/>\nnie krzyczy, \u017ce za prac\u0119 p\u0142aca,<br \/>\n\u017ce dosy\u0107 ma ju\u017c gara.<\/p>\n<p>Babok, w parytet uzbrojony,<br \/>\nna m\u0119ski r\u00f3d naciera,<br \/>\nznieprawia matki oraz \u017cony,<br \/>\nw \u015bwi\u0119to\u015bciach nawet gmera!<\/p>\n<p>Tu wida\u0107, jak haniebnie blu\u017ani,<br \/>\nkto powie, \u017ce &#8211; niestety,<br \/>\nnie zawsze \u0142atwo jest odr\u00f3\u017cni\u0107<br \/>\nbaboka od kobiety.<\/p>\n","protected":false},"excerpt":{"rendered":"<p>(Kazanie Rydzyka) Kobieta, panie, to wiadomo &#8211; falbanki i macica. Si\u0119 patrzy\u0107 na ni\u0105 da z oskom\u0105 i p\u0142odno\u015b\u0107 jej zachwyca. A taki babok, z przeproszeniem, do Sejmu wlizie z boku&#8230; No, to nie miejsce na rodzenie, precz od tych \u0142aw, baboku! Kobieta pi\u0119knie ubogaca, podn\u00f3\u017ckiem si\u0119 by\u0107 stara nie krzyczy, \u017ce za prac\u0119 p\u0142aca, \u017ce dosy\u0107 ma ju\u017c gara. Babok, w parytet uzbrojony, na m\u0119ski r\u00f3d naciera, znieprawia matki oraz \u017cony, w \u015bwi\u0119to\u015bciach nawet gmera! Tu wida\u0107, jak haniebnie blu\u017ani, kto powie, \u017ce &#8211; niestety, nie zawsze \u0142atwo jest odr\u00f3\u017cni\u0107 baboka od kobiety.<\/p>\n","protected":false},"author":274,"featured_media":0,"parent":2143,"menu_order":0,"comment_status":"open","ping_status":"open","template":"wiersze_polit.php","meta":{"footnotes":""},"class_list":["post-2278","page","type-page","status-publish","hentry"],"_links":{"self":[{"href":"https:\/\/blog-bobika.eu\/index.php?rest_route=\/wp\/v2\/pages\/2278","targetHints":{"allow":["GET"]}}],"collection":[{"href":"https:\/\/blog-bobika.eu\/index.php?rest_route=\/wp\/v2\/pages"}],"about":[{"href":"https:\/\/blog-bobika.eu\/index.php?rest_route=\/wp\/v2\/types\/page"}],"author":[{"embeddable":true,"href":"https:\/\/blog-bobika.eu\/index.php?rest_route=\/wp\/v2\/users\/274"}],"replies":[{"embeddable":true,"href":"https:\/\/blog-bobika.eu\/index.php?rest_route=%2Fwp%2Fv2%2Fcomments&post=2278"}],"version-history":[{"count":1,"href":"https:\/\/blog-bobika.eu\/index.php?rest_route=\/wp\/v2\/pages\/2278\/revisions"}],"predecessor-version":[{"id":2279,"href":"https:\/\/blog-bobika.eu\/index.php?rest_route=\/wp\/v2\/pages\/2278\/revisions\/2279"}],"up":[{"embeddable":true,"href":"https:\/\/blog-bobika.eu\/index.php?rest_route=\/wp\/v2\/pages\/2143"}],"wp:attachment":[{"href":"https:\/\/blog-bobika.eu\/index.php?rest_route=%2Fwp%2Fv2%2Fmedia&parent=2278"}],"curies":[{"name":"wp","href":"https:\/\/api.w.org\/{rel}","templated":true}]}}