{"id":2273,"date":"2015-08-23T20:20:42","date_gmt":"2015-08-23T18:20:42","guid":{"rendered":"http:\/\/blog-bobika.eu\/?page_id=2273"},"modified":"2015-08-23T20:20:42","modified_gmt":"2015-08-23T18:20:42","slug":"klatwa-faraona","status":"publish","type":"page","link":"https:\/\/blog-bobika.eu\/?page_id=2273","title":{"rendered":"Kl\u0105twa faraona"},"content":{"rendered":"<p>Posz\u0142y pos\u0142y pustyni\u0119 przekopywa\u0107 ca\u0142\u0105,<br \/>\nby zyska\u0107 pewno\u015b\u0107, jakiej te\u017c p\u0142ci by\u0142 faraon,<br \/>\nbo rozesz\u0142o si\u0119 w Sejmie lotem b\u0142yskawicy,<br \/>\n\u017ce typ ten paradowa\u0142 bez przerwy w sp\u00f3dnicy<br \/>\ni nie widzia\u0142 ni jeden egipski przechodzie\u0144<br \/>\nfaraona, co cho\u0107 raz w \u017cyciu w\u0142o\u017cy\u0142 spodzie\u0144.<br \/>\nRozbi\u0142y sprawnie pos\u0142y ob\u00f3z w\u015br\u00f3d piramid<br \/>\ni do roboty ra\u017ano wzi\u0119\u0142y si\u0119 \u2013 parami,<br \/>\nbo kiedy zaraz wida\u0107, gdzie kt\u00f3ra, gdzie kt\u00f3ry,<br \/>\n\u0142atwiej prac\u0119 rozdzieli\u0107 wed\u0142ug praw natury.<br \/>\nPrzesiewaj\u0105 okruchy, ryj\u0105 dziury w piachu,<br \/>\nznale\u017ali faraona, krzycz\u0105 \u201etu\u015b nam, brachu!\u201c,<br \/>\na na to jedna z po\u015blic si\u0119 odzywa ostro:<br \/>\ndo mumii, co w sp\u00f3dnicy, chyba raczej \u2013 \u201esiostro\u201c.<br \/>\nOn ma przecie\u017c ma\u0142ego! \u2013 wrzasn\u0105\u0142 inny pose\u0142 &#8211;<br \/>\nwi\u0119c by m\u00f3wi\u0107 mu \u201esiostro\u201c doprawdy nie znios\u0119!<br \/>\nJeszcze inny wyja\u015bni\u0142: w tym ca\u0142a jest bieda,<br \/>\n\u017ce z ma\u0142ym, a w sp\u00f3dnicy, to musowo peda\u0142,<br \/>\nczyli ni pies, ni wydra. Na to pad\u0142a wroga<br \/>\nuwaga \u2013 p\u0142e\u0107 mie\u0107 musi, bo ona od Boga!<br \/>\nTu zacz\u0119li si\u0119 wszyscy k\u0142\u00f3ci\u0107 na komend\u0119,<br \/>\njak poprawnie okre\u015bli\u0107 faraona gender,<br \/>\na\u017c z ust wygrzebanego si\u0119 wyrwa\u0142o ch\u0142opa:<br \/>\nprzeklinam chwil\u0119, w kt\u00f3rej Zesp\u00f3\u0142 mnie odkopa\u0142!<br \/>\nPowia\u0142 hamsin okropny, pociemnia\u0142y chmury,<br \/>\npos\u0142\u00f3w nieznana si\u0142a porwa\u0142a do g\u00f3ry<br \/>\na potem im na Wiejskiej posadzi\u0142a zadki,<br \/>\nprzenosz\u0105c przy okazji wiaderka, \u0142opatki,<br \/>\njak r\u00f3wnie\u017c tyle piasku, by lata i zimy<br \/>\nd\u0142ugie mogli si\u0119 bawi\u0107 w grajdo\u0142ku rodzimym.<br \/>\nI w ten perfidny spos\u00f3b zosta\u0142a spe\u0142niona<br \/>\nstraszliwa, genderowa kl\u0105twa faraona.<\/p>\n","protected":false},"excerpt":{"rendered":"<p>Posz\u0142y pos\u0142y pustyni\u0119 przekopywa\u0107 ca\u0142\u0105, by zyska\u0107 pewno\u015b\u0107, jakiej te\u017c p\u0142ci by\u0142 faraon, bo rozesz\u0142o si\u0119 w Sejmie lotem b\u0142yskawicy, \u017ce typ ten paradowa\u0142 bez przerwy w sp\u00f3dnicy i nie widzia\u0142 ni jeden egipski przechodzie\u0144 faraona, co cho\u0107 raz w \u017cyciu w\u0142o\u017cy\u0142 spodzie\u0144. Rozbi\u0142y sprawnie pos\u0142y ob\u00f3z w\u015br\u00f3d piramid i do roboty ra\u017ano wzi\u0119\u0142y si\u0119 \u2013 parami, bo kiedy zaraz wida\u0107, gdzie kt\u00f3ra, gdzie kt\u00f3ry, \u0142atwiej prac\u0119 rozdzieli\u0107 wed\u0142ug praw natury. Przesiewaj\u0105 okruchy, ryj\u0105 dziury w piachu, znale\u017ali faraona, krzycz\u0105 \u201etu\u015b nam, brachu!\u201c, a na to jedna z po\u015blic si\u0119 odzywa ostro: do mumii, co w sp\u00f3dnicy, chyba raczej \u2013 [&hellip;]<\/p>\n","protected":false},"author":274,"featured_media":0,"parent":2143,"menu_order":0,"comment_status":"open","ping_status":"open","template":"wiersze_polit.php","meta":{"footnotes":""},"class_list":["post-2273","page","type-page","status-publish","hentry"],"_links":{"self":[{"href":"https:\/\/blog-bobika.eu\/index.php?rest_route=\/wp\/v2\/pages\/2273","targetHints":{"allow":["GET"]}}],"collection":[{"href":"https:\/\/blog-bobika.eu\/index.php?rest_route=\/wp\/v2\/pages"}],"about":[{"href":"https:\/\/blog-bobika.eu\/index.php?rest_route=\/wp\/v2\/types\/page"}],"author":[{"embeddable":true,"href":"https:\/\/blog-bobika.eu\/index.php?rest_route=\/wp\/v2\/users\/274"}],"replies":[{"embeddable":true,"href":"https:\/\/blog-bobika.eu\/index.php?rest_route=%2Fwp%2Fv2%2Fcomments&post=2273"}],"version-history":[{"count":1,"href":"https:\/\/blog-bobika.eu\/index.php?rest_route=\/wp\/v2\/pages\/2273\/revisions"}],"predecessor-version":[{"id":2274,"href":"https:\/\/blog-bobika.eu\/index.php?rest_route=\/wp\/v2\/pages\/2273\/revisions\/2274"}],"up":[{"embeddable":true,"href":"https:\/\/blog-bobika.eu\/index.php?rest_route=\/wp\/v2\/pages\/2143"}],"wp:attachment":[{"href":"https:\/\/blog-bobika.eu\/index.php?rest_route=%2Fwp%2Fv2%2Fmedia&parent=2273"}],"curies":[{"name":"wp","href":"https:\/\/api.w.org\/{rel}","templated":true}]}}