{"id":2269,"date":"2015-08-23T20:18:59","date_gmt":"2015-08-23T18:18:59","guid":{"rendered":"http:\/\/blog-bobika.eu\/?page_id=2269"},"modified":"2015-08-23T20:18:59","modified_gmt":"2015-08-23T18:18:59","slug":"klakier","status":"publish","type":"page","link":"https:\/\/blog-bobika.eu\/?page_id=2269","title":{"rendered":"Klakier"},"content":{"rendered":"<p>Siedzi sm\u0119tnie w k\u0105cie zawodowy klakier,<br \/>\nmina co\u015b niet\u0119ga, chocia\u017c klaszcz\u0105 r\u0119ce,<br \/>\nczapk\u0119 z pi\u00f3r, niestety, znowu ma na bakier,<br \/>\ndusza mu si\u0119 wije w bezmiernej udr\u0119ce.<\/p>\n<p>Co by ju\u017c chcia\u0142 sko\u0144czy\u0107 z poparcia przymusem,<br \/>\nzaraz na oklaski samo mu si\u0119 zbiera,<br \/>\npewnie go kto\u015b strasznym zarazi\u0142 wirusem<br \/>\ni ju\u017c si\u0119 nie uda wyleczy\u0107 klakiera.<\/p>\n<p>W szponach mocno dzier\u017cy niepisana w\u0142adza,<br \/>\ntak si\u0119 trudno porwa\u0107 i rzec: &#8222;id\u017a w choler\u0119!<br \/>\nKlaska\u0107 ci nie b\u0119d\u0119, no bo si\u0119 nie zgadzam!&#8221;<br \/>\nStrasznie by\u0107, ach strasznie, z zawodu klakierem.<\/p>\n","protected":false},"excerpt":{"rendered":"<p>Siedzi sm\u0119tnie w k\u0105cie zawodowy klakier, mina co\u015b niet\u0119ga, chocia\u017c klaszcz\u0105 r\u0119ce, czapk\u0119 z pi\u00f3r, niestety, znowu ma na bakier, dusza mu si\u0119 wije w bezmiernej udr\u0119ce. Co by ju\u017c chcia\u0142 sko\u0144czy\u0107 z poparcia przymusem, zaraz na oklaski samo mu si\u0119 zbiera, pewnie go kto\u015b strasznym zarazi\u0142 wirusem i ju\u017c si\u0119 nie uda wyleczy\u0107 klakiera. W szponach mocno dzier\u017cy niepisana w\u0142adza, tak si\u0119 trudno porwa\u0107 i rzec: &#8222;id\u017a w choler\u0119! Klaska\u0107 ci nie b\u0119d\u0119, no bo si\u0119 nie zgadzam!&#8221; Strasznie by\u0107, ach strasznie, z zawodu klakierem.<\/p>\n","protected":false},"author":274,"featured_media":0,"parent":2143,"menu_order":0,"comment_status":"open","ping_status":"open","template":"wiersze_polit.php","meta":{"footnotes":""},"class_list":["post-2269","page","type-page","status-publish","hentry"],"_links":{"self":[{"href":"https:\/\/blog-bobika.eu\/index.php?rest_route=\/wp\/v2\/pages\/2269","targetHints":{"allow":["GET"]}}],"collection":[{"href":"https:\/\/blog-bobika.eu\/index.php?rest_route=\/wp\/v2\/pages"}],"about":[{"href":"https:\/\/blog-bobika.eu\/index.php?rest_route=\/wp\/v2\/types\/page"}],"author":[{"embeddable":true,"href":"https:\/\/blog-bobika.eu\/index.php?rest_route=\/wp\/v2\/users\/274"}],"replies":[{"embeddable":true,"href":"https:\/\/blog-bobika.eu\/index.php?rest_route=%2Fwp%2Fv2%2Fcomments&post=2269"}],"version-history":[{"count":1,"href":"https:\/\/blog-bobika.eu\/index.php?rest_route=\/wp\/v2\/pages\/2269\/revisions"}],"predecessor-version":[{"id":2270,"href":"https:\/\/blog-bobika.eu\/index.php?rest_route=\/wp\/v2\/pages\/2269\/revisions\/2270"}],"up":[{"embeddable":true,"href":"https:\/\/blog-bobika.eu\/index.php?rest_route=\/wp\/v2\/pages\/2143"}],"wp:attachment":[{"href":"https:\/\/blog-bobika.eu\/index.php?rest_route=%2Fwp%2Fv2%2Fmedia&parent=2269"}],"curies":[{"name":"wp","href":"https:\/\/api.w.org\/{rel}","templated":true}]}}