{"id":2251,"date":"2015-08-23T18:51:10","date_gmt":"2015-08-23T16:51:10","guid":{"rendered":"http:\/\/blog-bobika.eu\/?page_id=2251"},"modified":"2015-08-23T18:51:10","modified_gmt":"2015-08-23T16:51:10","slug":"kaganek-oswiaty","status":"publish","type":"page","link":"https:\/\/blog-bobika.eu\/?page_id=2251","title":{"rendered":"Kaganek o\u015bwiaty"},"content":{"rendered":"<p>Zatrudniono ministra w pewien pi\u0119kny ranek,<br \/>\n\u017ceby ni\u00f3s\u0142 przed narodem o\u015bwiaty kaganek.<br \/>\nDajcie miesi\u0105c \u2013 minister rzek\u0142 \u2013 no, ze dwa mo\u017ce,<br \/>\na ja ju\u017c tej o\u015bwiacie kaganiec na\u0142o\u017c\u0119!<\/p>\n","protected":false},"excerpt":{"rendered":"<p>Zatrudniono ministra w pewien pi\u0119kny ranek, \u017ceby ni\u00f3s\u0142 przed narodem o\u015bwiaty kaganek. Dajcie miesi\u0105c \u2013 minister rzek\u0142 \u2013 no, ze dwa mo\u017ce, a ja ju\u017c tej o\u015bwiacie kaganiec na\u0142o\u017c\u0119!<\/p>\n","protected":false},"author":274,"featured_media":0,"parent":2143,"menu_order":0,"comment_status":"open","ping_status":"open","template":"wiersze_polit.php","meta":{"footnotes":""},"class_list":["post-2251","page","type-page","status-publish","hentry"],"_links":{"self":[{"href":"https:\/\/blog-bobika.eu\/index.php?rest_route=\/wp\/v2\/pages\/2251","targetHints":{"allow":["GET"]}}],"collection":[{"href":"https:\/\/blog-bobika.eu\/index.php?rest_route=\/wp\/v2\/pages"}],"about":[{"href":"https:\/\/blog-bobika.eu\/index.php?rest_route=\/wp\/v2\/types\/page"}],"author":[{"embeddable":true,"href":"https:\/\/blog-bobika.eu\/index.php?rest_route=\/wp\/v2\/users\/274"}],"replies":[{"embeddable":true,"href":"https:\/\/blog-bobika.eu\/index.php?rest_route=%2Fwp%2Fv2%2Fcomments&post=2251"}],"version-history":[{"count":1,"href":"https:\/\/blog-bobika.eu\/index.php?rest_route=\/wp\/v2\/pages\/2251\/revisions"}],"predecessor-version":[{"id":2252,"href":"https:\/\/blog-bobika.eu\/index.php?rest_route=\/wp\/v2\/pages\/2251\/revisions\/2252"}],"up":[{"embeddable":true,"href":"https:\/\/blog-bobika.eu\/index.php?rest_route=\/wp\/v2\/pages\/2143"}],"wp:attachment":[{"href":"https:\/\/blog-bobika.eu\/index.php?rest_route=%2Fwp%2Fv2%2Fmedia&parent=2251"}],"curies":[{"name":"wp","href":"https:\/\/api.w.org\/{rel}","templated":true}]}}