{"id":2247,"date":"2015-08-23T18:49:27","date_gmt":"2015-08-23T16:49:27","guid":{"rendered":"http:\/\/blog-bobika.eu\/?page_id=2247"},"modified":"2015-08-23T18:49:27","modified_gmt":"2015-08-23T16:49:27","slug":"jmr-show","status":"publish","type":"page","link":"https:\/\/blog-bobika.eu\/?page_id=2247","title":{"rendered":"JMR-show"},"content":{"rendered":"<p>J&#8217;accuse!<br \/>\nA ze mn\u0105 moja c\u00f3ra,<br \/>\nco imi\u0119 ma Literatura.<br \/>\nC\u00f3\u017c, \u017ce ojcostwo dzieli\u0107 musz\u0119<br \/>\nz Osipem oraz Owidiuszem<br \/>\n(a jeszcze Gucio, kawa\u0142 pawia,<br \/>\ntu na czwartego si\u0119 podstawia)?<br \/>\nMyd\u0142k\u00f3w pobij\u0119 tych na g\u0142ow\u0119,<br \/>\nkiedy wyg\u0142osz\u0119 moj\u0105 Mow\u0119.<br \/>\nPo niej ju\u017c faktem b\u0119dzie pewnym,<br \/>\nkto Ojcem, kto dalekim krewnym,<br \/>\npo niej redaktor pewien (dupek!)<br \/>\nb\u0119dzie si\u0119 tarza\u0142 u mych st\u00f3pek,<br \/>\n\u017cebrz\u0105c: lito\u015bci, Jaros\u0142awie&#8230;<\/p>\n<p>Ha! Dobre sobie! W tej rozprawie<br \/>\ntwierdz\u0105 mi b\u0119dzie ka\u017cde zdanie,<br \/>\nlito\u015bci \u017cadnej nie mam w planie,<br \/>\nsiec b\u0119d\u0119 mieczem obna\u017conym,<br \/>\np\u00f3ki nie krzyknie &#8222;jam sko\u0144czony!&#8221;<br \/>\nten parch z formacj\u0105 jego ca\u0142\u0105.<br \/>\nNa romantyczne wst\u0105pi\u0119 dzia\u0142o,<br \/>\nmarsowo czkn\u0119 w okopach Woli,<br \/>\nsobaczy\u0107 b\u0119d\u0119 i pi&#8230;toli\u0107,<br \/>\npi\u0119tnowa\u0107, zdj\u0119ty wieszczym dreszczem,<br \/>\na\u017c ca\u0142y nar\u00f3d krzyknie: jeszcze!<br \/>\nNiech Michnik szybko st\u0105d spiernicza,<br \/>\nmy chcemy wielbi\u0107 Rymkiewicza,<br \/>\non nasz\u0105 chlub\u0105 i nadziej\u0105!<br \/>\nChocia\u017c si\u0119 w necie z niego \u015bmiej\u0105,<br \/>\non sobie nie da wsadzi\u0107 knebla,<br \/>\ntylko do skutku b\u0119dzie blebla\u0107.<br \/>\nOn to, poeta i bohater,<br \/>\npotrafi r\u0105bn\u0105\u0107 noster pater<br \/>\ntaki, \u017ce wstyd jak gejzer tryska,<br \/>\nna liberalnych siej\u0105c pyskach<br \/>\nwysypk\u0119 ha\u0144by&#8230;&#8221; <\/p>\n<p>Tak, narodzie,<br \/>\nme s\u0142owa w domu i w zagrodzie<br \/>\nwygraj\u0105, zanim je wykrztusz\u0119,<br \/>\na oligarch\u00f3w na katusze<br \/>\nnara\u017c\u0105, bo w\u015br\u00f3d trwo\u017cnej dr\u017c\u0105czki,<br \/>\nod moich zda\u0144 im uschn\u0105 r\u0105czki.<\/p>\n<p>M\u00f3g\u0142bym s\u0142\u00f3w wi\u0119cej w spi\u017cu wyku\u0107,<br \/>\nlecz skromnie, jak to mam w nawyku,<br \/>\nnie\u015bmiertelno\u015bci\u0105 cz\u00f3\u0142ko zdobi\u0119<br \/>\ni do procesu znikam sobie.<br \/>\nLiteratura! Chod\u017a do taty!<br \/>\nChcesz by ci Michnik sprawi\u0142 baty?<br \/>\nUwa\u017caj lepiej ty z tym czortem<br \/>\ni trzymaj si\u0119 ojcowskich portek,<br \/>\ncho\u0107by &#8222;elita&#8221; pyskowa\u0142a,<br \/>\na dobrze na tym wyjdziesz, ma\u0142a.<\/p>\n","protected":false},"excerpt":{"rendered":"<p>J&#8217;accuse! A ze mn\u0105 moja c\u00f3ra, co imi\u0119 ma Literatura. C\u00f3\u017c, \u017ce ojcostwo dzieli\u0107 musz\u0119 z Osipem oraz Owidiuszem (a jeszcze Gucio, kawa\u0142 pawia, tu na czwartego si\u0119 podstawia)? Myd\u0142k\u00f3w pobij\u0119 tych na g\u0142ow\u0119, kiedy wyg\u0142osz\u0119 moj\u0105 Mow\u0119. Po niej ju\u017c faktem b\u0119dzie pewnym, kto Ojcem, kto dalekim krewnym, po niej redaktor pewien (dupek!) b\u0119dzie si\u0119 tarza\u0142 u mych st\u00f3pek, \u017cebrz\u0105c: lito\u015bci, Jaros\u0142awie&#8230; Ha! Dobre sobie! W tej rozprawie twierdz\u0105 mi b\u0119dzie ka\u017cde zdanie, lito\u015bci \u017cadnej nie mam w planie, siec b\u0119d\u0119 mieczem obna\u017conym, p\u00f3ki nie krzyknie &#8222;jam sko\u0144czony!&#8221; ten parch z formacj\u0105 jego ca\u0142\u0105. Na romantyczne wst\u0105pi\u0119 dzia\u0142o, marsowo [&hellip;]<\/p>\n","protected":false},"author":274,"featured_media":0,"parent":2143,"menu_order":0,"comment_status":"open","ping_status":"open","template":"wiersze_polit.php","meta":{"footnotes":""},"class_list":["post-2247","page","type-page","status-publish","hentry"],"_links":{"self":[{"href":"https:\/\/blog-bobika.eu\/index.php?rest_route=\/wp\/v2\/pages\/2247","targetHints":{"allow":["GET"]}}],"collection":[{"href":"https:\/\/blog-bobika.eu\/index.php?rest_route=\/wp\/v2\/pages"}],"about":[{"href":"https:\/\/blog-bobika.eu\/index.php?rest_route=\/wp\/v2\/types\/page"}],"author":[{"embeddable":true,"href":"https:\/\/blog-bobika.eu\/index.php?rest_route=\/wp\/v2\/users\/274"}],"replies":[{"embeddable":true,"href":"https:\/\/blog-bobika.eu\/index.php?rest_route=%2Fwp%2Fv2%2Fcomments&post=2247"}],"version-history":[{"count":1,"href":"https:\/\/blog-bobika.eu\/index.php?rest_route=\/wp\/v2\/pages\/2247\/revisions"}],"predecessor-version":[{"id":2248,"href":"https:\/\/blog-bobika.eu\/index.php?rest_route=\/wp\/v2\/pages\/2247\/revisions\/2248"}],"up":[{"embeddable":true,"href":"https:\/\/blog-bobika.eu\/index.php?rest_route=\/wp\/v2\/pages\/2143"}],"wp:attachment":[{"href":"https:\/\/blog-bobika.eu\/index.php?rest_route=%2Fwp%2Fv2%2Fmedia&parent=2247"}],"curies":[{"name":"wp","href":"https:\/\/api.w.org\/{rel}","templated":true}]}}