{"id":2229,"date":"2015-08-23T18:18:13","date_gmt":"2015-08-23T16:18:13","guid":{"rendered":"http:\/\/blog-bobika.eu\/?page_id=2229"},"modified":"2015-08-23T18:18:13","modified_gmt":"2015-08-23T16:18:13","slug":"ideal","status":"publish","type":"page","link":"https:\/\/blog-bobika.eu\/?page_id=2229","title":{"rendered":"Idea\u0142"},"content":{"rendered":"<p>Niby nie strzyka mnie to w og\u00f3le,<br \/>\n\u017ce Tusk &#8211; a nie ja &#8211; \u017cycia jest kr\u00f3lem,<br \/>\nlecz musz\u0119 zgani\u0107 to picie miod\u00f3w,<br \/>\nzamiast cierpienia w imi\u0119 Narodu.<\/p>\n<p>Kt\u00f3\u017c z moich ludzi by si\u0119 o\u015bmieli\u0142<br \/>\npod ruski kawior szampana kielich<br \/>\ns\u0105czy\u0107 wytwornie i limuzyn\u0105<br \/>\npo autostradach do Belgii p\u0142yn\u0105\u0107?<\/p>\n<p>Kt\u00f3\u017c by pi\u0142 wina, pali\u0142 cygara<br \/>\ni si\u0119 bezwstydnie tarza\u0142 w pi-arach,<br \/>\nlub si\u0119 w rz\u0105dowych leczy\u0142 klinikach,<br \/>\nna koszt nie w\u0142asny, a podatnika?<\/p>\n<p>Ja bym ju\u017c pr\u0119dzej ta\u0144czy\u0142 na rurze,<br \/>\nni\u017ali pokaza\u0142 si\u0119 w garniturze<br \/>\ndobrze skrojonym, od Armaniego,<br \/>\na Tusk? Nie widzia\u0142by w tym nic z\u0142ego <\/p>\n<p>Z\u0142o\u015b\u0107 mnie chwilami okropna zbiera,<br \/>\n\u017ce kraj skazany jest na premiera,<br \/>\nkt\u00f3ry do moich pi\u0119t nie dorasta,<br \/>\nto jest po prostu skandal i basta!<\/p>\n<p>Ja ch\u0119tnie zasiad\u0142bym w rz\u0119dzie drugim,<br \/>\nnie bacz\u0105c na me wielkie zas\u0142ugi,<br \/>\nlecz brak nast\u0119pcy&#8230; Bo sprawa g\u0142\u00f3wna<br \/>\njest ta: mnie \u017caden cz\u0142ek nie dor\u00f3wna. <\/p>\n<p>Kto wzrok obr\u00f3ci na mnie spokojny,<br \/>\nwidzi, po pierwsze, \u017cem jest przystojny,<br \/>\nurod\u0105, kt\u00f3ra za serce chwyta,<br \/>\njak Valentina, czy tego&#8230; PIT-a.<\/p>\n<p>Druga zaleta, obok urody:<br \/>\nanim za stary, ani za m\u0142ody,<br \/>\ni &#8211; mijaj\u0105cym latom na przek\u00f3r &#8211;<br \/>\nzawszem do w\u0142adzy w najlepszym wieku.<\/p>\n<p>\u017bem umys\u0142 wielki, jasny, nie mglisty,<br \/>\nm\u00f3wi\u0107 nie musz\u0119. Fakt oczywisty<br \/>\nzbytniej reklamy si\u0119 nie domaga,<br \/>\nca\u0142kiem wystarczy mu prawda naga.<\/p>\n<p>Przy tym dostrze\u017ce ka\u017cdy przytomny,<br \/>\n\u017cem &#8211; w przeciwie\u0144stwie do Tuska &#8211; skromny<br \/>\ni w\u0142adz\u0119 odda\u0107 od r\u0119ki got\u00f3w<br \/>\nkomu\u015b wysokich jak moje lot\u00f3w.<\/p>\n<p>Komu\u015b, kto cudny jak wieszcza s\u0142owo,<br \/>\nponadto bliski mi ideowo&#8230;<br \/>\nNo, Panie Bo\u017ce, ruszaj do dzie\u0142a<br \/>\ni stw\u00f3rz nareszcie taki idea\u0142!<\/p>\n","protected":false},"excerpt":{"rendered":"<p>Niby nie strzyka mnie to w og\u00f3le, \u017ce Tusk &#8211; a nie ja &#8211; \u017cycia jest kr\u00f3lem, lecz musz\u0119 zgani\u0107 to picie miod\u00f3w, zamiast cierpienia w imi\u0119 Narodu. Kt\u00f3\u017c z moich ludzi by si\u0119 o\u015bmieli\u0142 pod ruski kawior szampana kielich s\u0105czy\u0107 wytwornie i limuzyn\u0105 po autostradach do Belgii p\u0142yn\u0105\u0107? Kt\u00f3\u017c by pi\u0142 wina, pali\u0142 cygara i si\u0119 bezwstydnie tarza\u0142 w pi-arach, lub si\u0119 w rz\u0105dowych leczy\u0142 klinikach, na koszt nie w\u0142asny, a podatnika? Ja bym ju\u017c pr\u0119dzej ta\u0144czy\u0142 na rurze, ni\u017ali pokaza\u0142 si\u0119 w garniturze dobrze skrojonym, od Armaniego, a Tusk? Nie widzia\u0142by w tym nic z\u0142ego Z\u0142o\u015b\u0107 mnie chwilami [&hellip;]<\/p>\n","protected":false},"author":274,"featured_media":0,"parent":2143,"menu_order":0,"comment_status":"open","ping_status":"open","template":"wiersze_polit.php","meta":{"footnotes":""},"class_list":["post-2229","page","type-page","status-publish","hentry"],"_links":{"self":[{"href":"https:\/\/blog-bobika.eu\/index.php?rest_route=\/wp\/v2\/pages\/2229","targetHints":{"allow":["GET"]}}],"collection":[{"href":"https:\/\/blog-bobika.eu\/index.php?rest_route=\/wp\/v2\/pages"}],"about":[{"href":"https:\/\/blog-bobika.eu\/index.php?rest_route=\/wp\/v2\/types\/page"}],"author":[{"embeddable":true,"href":"https:\/\/blog-bobika.eu\/index.php?rest_route=\/wp\/v2\/users\/274"}],"replies":[{"embeddable":true,"href":"https:\/\/blog-bobika.eu\/index.php?rest_route=%2Fwp%2Fv2%2Fcomments&post=2229"}],"version-history":[{"count":1,"href":"https:\/\/blog-bobika.eu\/index.php?rest_route=\/wp\/v2\/pages\/2229\/revisions"}],"predecessor-version":[{"id":2230,"href":"https:\/\/blog-bobika.eu\/index.php?rest_route=\/wp\/v2\/pages\/2229\/revisions\/2230"}],"up":[{"embeddable":true,"href":"https:\/\/blog-bobika.eu\/index.php?rest_route=\/wp\/v2\/pages\/2143"}],"wp:attachment":[{"href":"https:\/\/blog-bobika.eu\/index.php?rest_route=%2Fwp%2Fv2%2Fmedia&parent=2229"}],"curies":[{"name":"wp","href":"https:\/\/api.w.org\/{rel}","templated":true}]}}