{"id":2210,"date":"2015-08-23T18:01:51","date_gmt":"2015-08-23T16:01:51","guid":{"rendered":"http:\/\/blog-bobika.eu\/?page_id=2210"},"modified":"2015-08-23T18:01:51","modified_gmt":"2015-08-23T16:01:51","slug":"feministki","status":"publish","type":"page","link":"https:\/\/blog-bobika.eu\/?page_id=2210","title":{"rendered":"Feministki"},"content":{"rendered":"<p>Strze\u017ccie si\u0119 feministek!<br \/>\nOne figowy listek<br \/>\nmog\u0105 zerwa\u0107 z organ\u00f3w,<br \/>\nco wy\u0142\u0105cznie dla pan\u00f3w.<\/p>\n<p>Mog\u0105 w szklanym suficie<br \/>\nwybi\u0107 dziur\u0119 stanikiem,<br \/>\nza gwa\u0142t zwyk\u0142y jak \u017cycie<br \/>\npod s\u0105d wlec z wielkim krzykiem.<\/p>\n<p>\u015awi\u0119to\u015b\u0107 mog\u0105 rodziny<br \/>\nwdepta\u0107 w bagno rozpusty<br \/>\ndzieciom wm\u00f3wi\u0107 niewinnym,<br \/>\n\u017ce nie wysz\u0142y z kapusty,<\/p>\n<p>zabra\u0107 m\u0119\u017com posady,<br \/>\nkarty, gin, portmonetki<br \/>\ni wyg\u0142asza\u0107 tyrady,<br \/>\nzamiast dzierga\u0107 serwetki.<\/p>\n<p>One nie spoczn\u0105 a\u017c nie<br \/>\nscze\u017anie nar\u00f3d nasz wszystek&#8230;<br \/>\nJa wam radz\u0119 powa\u017cnie &#8211;<br \/>\nstrze\u017ccie si\u0119 feministek!<\/p>\n","protected":false},"excerpt":{"rendered":"<p>Strze\u017ccie si\u0119 feministek! One figowy listek mog\u0105 zerwa\u0107 z organ\u00f3w, co wy\u0142\u0105cznie dla pan\u00f3w. Mog\u0105 w szklanym suficie wybi\u0107 dziur\u0119 stanikiem, za gwa\u0142t zwyk\u0142y jak \u017cycie pod s\u0105d wlec z wielkim krzykiem. \u015awi\u0119to\u015b\u0107 mog\u0105 rodziny wdepta\u0107 w bagno rozpusty dzieciom wm\u00f3wi\u0107 niewinnym, \u017ce nie wysz\u0142y z kapusty, zabra\u0107 m\u0119\u017com posady, karty, gin, portmonetki i wyg\u0142asza\u0107 tyrady, zamiast dzierga\u0107 serwetki. One nie spoczn\u0105 a\u017c nie scze\u017anie nar\u00f3d nasz wszystek&#8230; Ja wam radz\u0119 powa\u017cnie &#8211; strze\u017ccie si\u0119 feministek!<\/p>\n","protected":false},"author":274,"featured_media":0,"parent":2143,"menu_order":0,"comment_status":"open","ping_status":"open","template":"wiersze_polit.php","meta":{"footnotes":""},"class_list":["post-2210","page","type-page","status-publish","hentry"],"_links":{"self":[{"href":"https:\/\/blog-bobika.eu\/index.php?rest_route=\/wp\/v2\/pages\/2210","targetHints":{"allow":["GET"]}}],"collection":[{"href":"https:\/\/blog-bobika.eu\/index.php?rest_route=\/wp\/v2\/pages"}],"about":[{"href":"https:\/\/blog-bobika.eu\/index.php?rest_route=\/wp\/v2\/types\/page"}],"author":[{"embeddable":true,"href":"https:\/\/blog-bobika.eu\/index.php?rest_route=\/wp\/v2\/users\/274"}],"replies":[{"embeddable":true,"href":"https:\/\/blog-bobika.eu\/index.php?rest_route=%2Fwp%2Fv2%2Fcomments&post=2210"}],"version-history":[{"count":1,"href":"https:\/\/blog-bobika.eu\/index.php?rest_route=\/wp\/v2\/pages\/2210\/revisions"}],"predecessor-version":[{"id":2211,"href":"https:\/\/blog-bobika.eu\/index.php?rest_route=\/wp\/v2\/pages\/2210\/revisions\/2211"}],"up":[{"embeddable":true,"href":"https:\/\/blog-bobika.eu\/index.php?rest_route=\/wp\/v2\/pages\/2143"}],"wp:attachment":[{"href":"https:\/\/blog-bobika.eu\/index.php?rest_route=%2Fwp%2Fv2%2Fmedia&parent=2210"}],"curies":[{"name":"wp","href":"https:\/\/api.w.org\/{rel}","templated":true}]}}