{"id":215,"date":"2009-05-15T17:44:36","date_gmt":"2009-05-15T15:44:36","guid":{"rendered":"http:\/\/blog-bobika.eu\/?page_id=215"},"modified":"2009-05-15T17:44:36","modified_gmt":"2009-05-15T15:44:36","slug":"pierniczek","status":"publish","type":"page","link":"https:\/\/blog-bobika.eu\/?page_id=215","title":{"rendered":"Pierniczek"},"content":{"rendered":"<p>Jak ci\u0119\u017cki pierniczka jest \u017cywot,<br \/>\ngdy o tym pomy\u015ble\u0107 powa\u017cnie.<br \/>\nCzy mrok mu rozja\u015bnia \u0142uczywo?<br \/>\nCzy trzyma pu\u0142k wojsk przy nim stra\u017c? Nie!<\/p>\n<p>Na siebie wy\u0142\u0105cznie jest zdana<br \/>\nta drobna, nieszcz\u0119sna istota,<br \/>\nprzez wszystkich by\u0107 mo\u017ce zjadana,<br \/>\nod matki przez dziecko po kota!<\/p>\n<p>Sylwestra nie ujrzy zapewne,<br \/>\n\u015awi\u0105t te\u017c nie doczeka w ca\u0142o\u015bci.<br \/>\nw milczeniu wi\u0119c \u0142zy roni rzewne<br \/>\ni praw sobie \u017cadnych nie ro\u015bci.<\/p>\n","protected":false},"excerpt":{"rendered":"<p>Jak ci\u0119\u017cki pierniczka jest \u017cywot, gdy o tym pomy\u015ble\u0107 powa\u017cnie. Czy mrok mu rozja\u015bnia \u0142uczywo? Czy trzyma pu\u0142k wojsk przy nim stra\u017c? Nie! Na siebie wy\u0142\u0105cznie jest zdana ta drobna, nieszcz\u0119sna istota, przez wszystkich by\u0107 mo\u017ce zjadana, od matki przez dziecko po kota! Sylwestra nie ujrzy zapewne, \u015awi\u0105t te\u017c nie doczeka w ca\u0142o\u015bci. w milczeniu wi\u0119c \u0142zy roni rzewne i praw sobie \u017cadnych nie ro\u015bci.<\/p>\n","protected":false},"author":274,"featured_media":0,"parent":3,"menu_order":0,"comment_status":"open","ping_status":"open","template":"wiersze1.php","meta":{"footnotes":""},"class_list":["post-215","page","type-page","status-publish","hentry"],"_links":{"self":[{"href":"https:\/\/blog-bobika.eu\/index.php?rest_route=\/wp\/v2\/pages\/215","targetHints":{"allow":["GET"]}}],"collection":[{"href":"https:\/\/blog-bobika.eu\/index.php?rest_route=\/wp\/v2\/pages"}],"about":[{"href":"https:\/\/blog-bobika.eu\/index.php?rest_route=\/wp\/v2\/types\/page"}],"author":[{"embeddable":true,"href":"https:\/\/blog-bobika.eu\/index.php?rest_route=\/wp\/v2\/users\/274"}],"replies":[{"embeddable":true,"href":"https:\/\/blog-bobika.eu\/index.php?rest_route=%2Fwp%2Fv2%2Fcomments&post=215"}],"version-history":[{"count":0,"href":"https:\/\/blog-bobika.eu\/index.php?rest_route=\/wp\/v2\/pages\/215\/revisions"}],"up":[{"embeddable":true,"href":"https:\/\/blog-bobika.eu\/index.php?rest_route=\/wp\/v2\/pages\/3"}],"wp:attachment":[{"href":"https:\/\/blog-bobika.eu\/index.php?rest_route=%2Fwp%2Fv2%2Fmedia&parent=215"}],"curies":[{"name":"wp","href":"https:\/\/api.w.org\/{rel}","templated":true}]}}