{"id":2147,"date":"2015-08-23T17:03:38","date_gmt":"2015-08-23T15:03:38","guid":{"rendered":"http:\/\/blog-bobika.eu\/?page_id=2147"},"modified":"2015-08-23T17:06:54","modified_gmt":"2015-08-23T15:06:54","slug":"ani-guzika","status":"publish","type":"page","link":"https:\/\/blog-bobika.eu\/?page_id=2147","title":{"rendered":"Ani guzika"},"content":{"rendered":"<p>Na naszym niebie Italianiec<br \/>\nnie b\u0119dzie lata\u0142 i odchmurza\u0142!<br \/>\nJak co\u015b  &#8211; mu w\u0142o\u017cy si\u0119 kaganiec,<br \/>\nniech czuje respekt dla przedmurza!<\/p>\n<p>Na naszym niebie obcy orze\u0142<br \/>\nnie \u015bmie wydawa\u0107 swoich wrzask\u00f3w!<br \/>\nJak co\u015b &#8211; mu w\u0142o\u017cy si\u0119 obro\u017c\u0119,<br \/>\nniech uczy chodzi\u0107 si\u0119 na pasku!<\/p>\n<p>Ani guzika, ani chmurki,<br \/>\nani r\u00f3\u017ca\u0144ca, pomnij wasze\u0107!<br \/>\nBo tylko wtedy p\u00f3jdzie z g\u00f3rki,<br \/>\njak niebo b\u0119dzie ca\u0142kiem nasze.<\/p>\n","protected":false},"excerpt":{"rendered":"<p>Na naszym niebie Italianiec nie b\u0119dzie lata\u0142 i odchmurza\u0142! Jak co\u015b &#8211; mu w\u0142o\u017cy si\u0119 kaganiec, niech czuje respekt dla przedmurza! Na naszym niebie obcy orze\u0142 nie \u015bmie wydawa\u0107 swoich wrzask\u00f3w! Jak co\u015b &#8211; mu w\u0142o\u017cy si\u0119 obro\u017c\u0119, niech uczy chodzi\u0107 si\u0119 na pasku! Ani guzika, ani chmurki, ani r\u00f3\u017ca\u0144ca, pomnij wasze\u0107! Bo tylko wtedy p\u00f3jdzie z g\u00f3rki, jak niebo b\u0119dzie ca\u0142kiem nasze.<\/p>\n","protected":false},"author":274,"featured_media":0,"parent":2143,"menu_order":0,"comment_status":"open","ping_status":"open","template":"wiersze_polit.php","meta":{"footnotes":""},"class_list":["post-2147","page","type-page","status-publish","hentry"],"_links":{"self":[{"href":"https:\/\/blog-bobika.eu\/index.php?rest_route=\/wp\/v2\/pages\/2147","targetHints":{"allow":["GET"]}}],"collection":[{"href":"https:\/\/blog-bobika.eu\/index.php?rest_route=\/wp\/v2\/pages"}],"about":[{"href":"https:\/\/blog-bobika.eu\/index.php?rest_route=\/wp\/v2\/types\/page"}],"author":[{"embeddable":true,"href":"https:\/\/blog-bobika.eu\/index.php?rest_route=\/wp\/v2\/users\/274"}],"replies":[{"embeddable":true,"href":"https:\/\/blog-bobika.eu\/index.php?rest_route=%2Fwp%2Fv2%2Fcomments&post=2147"}],"version-history":[{"count":1,"href":"https:\/\/blog-bobika.eu\/index.php?rest_route=\/wp\/v2\/pages\/2147\/revisions"}],"predecessor-version":[{"id":2148,"href":"https:\/\/blog-bobika.eu\/index.php?rest_route=\/wp\/v2\/pages\/2147\/revisions\/2148"}],"up":[{"embeddable":true,"href":"https:\/\/blog-bobika.eu\/index.php?rest_route=\/wp\/v2\/pages\/2143"}],"wp:attachment":[{"href":"https:\/\/blog-bobika.eu\/index.php?rest_route=%2Fwp%2Fv2%2Fmedia&parent=2147"}],"curies":[{"name":"wp","href":"https:\/\/api.w.org\/{rel}","templated":true}]}}