{"id":214,"date":"2009-05-15T17:42:31","date_gmt":"2009-05-15T15:42:31","guid":{"rendered":"http:\/\/blog-bobika.eu\/?page_id=214"},"modified":"2009-05-15T17:42:31","modified_gmt":"2009-05-15T15:42:31","slug":"nalesnik","status":"publish","type":"page","link":"https:\/\/blog-bobika.eu\/?page_id=214","title":{"rendered":"Nale\u015bnik"},"content":{"rendered":"<p>Gdy co\u015b z talerza migiem,<br \/>\ndos\u0142ownie w oczach znika,<br \/>\nb\u0105d\u017a pewien, \u017ce trafi\u0142e\u015b<br \/>\nna \u015blady nale\u015bnika.<\/p>\n<p>Nie przeocz takiej gratki,<br \/>\ni nie lekcewa\u017c raczej,<br \/>\nfart w ko\u0144cu mia\u0142e\u015b rzadki,<br \/>\na mog\u0142o by\u0107 inaczej!<\/p>\n<p>S\u0105 tacy, co bez przerwy<br \/>\npo nale\u015bnika \u015bladach<br \/>\nkr\u0105\u017c\u0105, zdzieraj\u0105c nerwy,<br \/>\nczatuj\u0105c u s\u0105siada,<\/p>\n<p>babrz\u0105c si\u0119 w twardych faktach,<br \/>\nw melinie robi\u0105c nalot,<br \/>\nalbo gromadz\u0105c akta<br \/>\nogromne jak kaszalot&#8230;<\/p>\n<p>I nic. I przer\u0105bane.<br \/>\nI pusto jest we wnykach,<br \/>\nbo nie ka\u017cdemu dane<br \/>\nwpa\u015b\u0107 na trop nale\u015bnika!<\/p>\n","protected":false},"excerpt":{"rendered":"<p>Gdy co\u015b z talerza migiem, dos\u0142ownie w oczach znika, b\u0105d\u017a pewien, \u017ce trafi\u0142e\u015b na \u015blady nale\u015bnika. Nie przeocz takiej gratki, i nie lekcewa\u017c raczej, fart w ko\u0144cu mia\u0142e\u015b rzadki, a mog\u0142o by\u0107 inaczej! S\u0105 tacy, co bez przerwy po nale\u015bnika \u015bladach kr\u0105\u017c\u0105, zdzieraj\u0105c nerwy, czatuj\u0105c u s\u0105siada, babrz\u0105c si\u0119 w twardych faktach, w melinie robi\u0105c nalot, albo gromadz\u0105c akta ogromne jak kaszalot&#8230; I nic. I przer\u0105bane. I pusto jest we wnykach, bo nie ka\u017cdemu dane wpa\u015b\u0107 na trop nale\u015bnika!<\/p>\n","protected":false},"author":274,"featured_media":0,"parent":3,"menu_order":0,"comment_status":"open","ping_status":"open","template":"wiersze1.php","meta":{"footnotes":""},"class_list":["post-214","page","type-page","status-publish","hentry"],"_links":{"self":[{"href":"https:\/\/blog-bobika.eu\/index.php?rest_route=\/wp\/v2\/pages\/214","targetHints":{"allow":["GET"]}}],"collection":[{"href":"https:\/\/blog-bobika.eu\/index.php?rest_route=\/wp\/v2\/pages"}],"about":[{"href":"https:\/\/blog-bobika.eu\/index.php?rest_route=\/wp\/v2\/types\/page"}],"author":[{"embeddable":true,"href":"https:\/\/blog-bobika.eu\/index.php?rest_route=\/wp\/v2\/users\/274"}],"replies":[{"embeddable":true,"href":"https:\/\/blog-bobika.eu\/index.php?rest_route=%2Fwp%2Fv2%2Fcomments&post=214"}],"version-history":[{"count":0,"href":"https:\/\/blog-bobika.eu\/index.php?rest_route=\/wp\/v2\/pages\/214\/revisions"}],"up":[{"embeddable":true,"href":"https:\/\/blog-bobika.eu\/index.php?rest_route=\/wp\/v2\/pages\/3"}],"wp:attachment":[{"href":"https:\/\/blog-bobika.eu\/index.php?rest_route=%2Fwp%2Fv2%2Fmedia&parent=214"}],"curies":[{"name":"wp","href":"https:\/\/api.w.org\/{rel}","templated":true}]}}