{"id":211,"date":"2009-05-15T17:33:00","date_gmt":"2009-05-15T15:33:00","guid":{"rendered":"http:\/\/blog-bobika.eu\/?page_id=211"},"modified":"2009-05-15T17:33:00","modified_gmt":"2009-05-15T15:33:00","slug":"na-jadlo","status":"publish","type":"page","link":"https:\/\/blog-bobika.eu\/?page_id=211","title":{"rendered":"Na jad\u0142o"},"content":{"rendered":"<p>A c\u00f3\u017c je\u015b\u0107, gdy si\u0119 kawior ju\u017c md\u0142y zdaje taki,<br \/>\ni ostrygi te\u017c nudne jak z olejem flaki,<br \/>\na nadzieje te\u017c nie masz na m\u00f3\u017cd\u017cek z prionami,<br \/>\nbo zbyt nar\u00f3d przestraszon Creutzfeldt-Jakobami?<br \/>\nWy tedy co kto lubi, drodzy blogowicze,<br \/>\njedzcie, a ja kaszank\u0119 spokojnie zalicz\u0119.<\/p>\n","protected":false},"excerpt":{"rendered":"<p>A c\u00f3\u017c je\u015b\u0107, gdy si\u0119 kawior ju\u017c md\u0142y zdaje taki, i ostrygi te\u017c nudne jak z olejem flaki, a nadzieje te\u017c nie masz na m\u00f3\u017cd\u017cek z prionami, bo zbyt nar\u00f3d przestraszon Creutzfeldt-Jakobami? Wy tedy co kto lubi, drodzy blogowicze, jedzcie, a ja kaszank\u0119 spokojnie zalicz\u0119.<\/p>\n","protected":false},"author":274,"featured_media":0,"parent":3,"menu_order":0,"comment_status":"open","ping_status":"open","template":"wiersze1.php","meta":{"footnotes":""},"class_list":["post-211","page","type-page","status-publish","hentry"],"_links":{"self":[{"href":"https:\/\/blog-bobika.eu\/index.php?rest_route=\/wp\/v2\/pages\/211","targetHints":{"allow":["GET"]}}],"collection":[{"href":"https:\/\/blog-bobika.eu\/index.php?rest_route=\/wp\/v2\/pages"}],"about":[{"href":"https:\/\/blog-bobika.eu\/index.php?rest_route=\/wp\/v2\/types\/page"}],"author":[{"embeddable":true,"href":"https:\/\/blog-bobika.eu\/index.php?rest_route=\/wp\/v2\/users\/274"}],"replies":[{"embeddable":true,"href":"https:\/\/blog-bobika.eu\/index.php?rest_route=%2Fwp%2Fv2%2Fcomments&post=211"}],"version-history":[{"count":0,"href":"https:\/\/blog-bobika.eu\/index.php?rest_route=\/wp\/v2\/pages\/211\/revisions"}],"up":[{"embeddable":true,"href":"https:\/\/blog-bobika.eu\/index.php?rest_route=\/wp\/v2\/pages\/3"}],"wp:attachment":[{"href":"https:\/\/blog-bobika.eu\/index.php?rest_route=%2Fwp%2Fv2%2Fmedia&parent=211"}],"curies":[{"name":"wp","href":"https:\/\/api.w.org\/{rel}","templated":true}]}}