{"id":210,"date":"2009-05-15T17:30:53","date_gmt":"2009-05-15T15:30:53","guid":{"rendered":"http:\/\/blog-bobika.eu\/?page_id=210"},"modified":"2009-05-15T17:30:53","modified_gmt":"2009-05-15T15:30:53","slug":"brokul","status":"publish","type":"page","link":"https:\/\/blog-bobika.eu\/?page_id=210","title":{"rendered":"Broku\u0142"},"content":{"rendered":"<p>Gdy przyja\u017ani z broku\u0142em swej czasy wspominam,<br \/>\nblednie przy nim i wi\u0119dnie szczypiorek, szczaw, szpinak,<br \/>\nma\u0142o kt\u00f3re warzywo z nim r\u00f3wna\u0107 si\u0119 mo\u017ce,<br \/>\na ju\u017c wcale ananas, pieczarka lub orzech.<\/p>\n<p>Bo czy pod beszamelem, czy te\u017c pod bearne\u0144skim,<br \/>\npopijany evianem, herbat\u0105, czy re\u0144skim,<br \/>\non by\u0142 zawsze w pobli\u017cu, m\u00f3j druh niezawodny,<br \/>\nw\u0142asnym cia\u0142em karmi\u0105cy spragnionych i g\u0142odnych!<\/p>\n<p>Bohater\u00f3w tak skromnych nie kupisz za rogiem,<br \/>\nwi\u0119c gdy gruz\u0142y zielone gdzie\u015b zocz\u0119 me drogie,<br \/>\nbaobabi\u0105 postur\u0119, \u0142za kr\u0119ci si\u0119 w oku&#8230;<br \/>\nEch, broku\u0142!<\/p>\n","protected":false},"excerpt":{"rendered":"<p>Gdy przyja\u017ani z broku\u0142em swej czasy wspominam, blednie przy nim i wi\u0119dnie szczypiorek, szczaw, szpinak, ma\u0142o kt\u00f3re warzywo z nim r\u00f3wna\u0107 si\u0119 mo\u017ce, a ju\u017c wcale ananas, pieczarka lub orzech. Bo czy pod beszamelem, czy te\u017c pod bearne\u0144skim, popijany evianem, herbat\u0105, czy re\u0144skim, on by\u0142 zawsze w pobli\u017cu, m\u00f3j druh niezawodny, w\u0142asnym cia\u0142em karmi\u0105cy spragnionych i g\u0142odnych! Bohater\u00f3w tak skromnych nie kupisz za rogiem, wi\u0119c gdy gruz\u0142y zielone gdzie\u015b zocz\u0119 me drogie, baobabi\u0105 postur\u0119, \u0142za kr\u0119ci si\u0119 w oku&#8230; Ech, broku\u0142!<\/p>\n","protected":false},"author":274,"featured_media":0,"parent":3,"menu_order":0,"comment_status":"open","ping_status":"open","template":"wiersze1.php","meta":{"footnotes":""},"class_list":["post-210","page","type-page","status-publish","hentry"],"_links":{"self":[{"href":"https:\/\/blog-bobika.eu\/index.php?rest_route=\/wp\/v2\/pages\/210","targetHints":{"allow":["GET"]}}],"collection":[{"href":"https:\/\/blog-bobika.eu\/index.php?rest_route=\/wp\/v2\/pages"}],"about":[{"href":"https:\/\/blog-bobika.eu\/index.php?rest_route=\/wp\/v2\/types\/page"}],"author":[{"embeddable":true,"href":"https:\/\/blog-bobika.eu\/index.php?rest_route=\/wp\/v2\/users\/274"}],"replies":[{"embeddable":true,"href":"https:\/\/blog-bobika.eu\/index.php?rest_route=%2Fwp%2Fv2%2Fcomments&post=210"}],"version-history":[{"count":0,"href":"https:\/\/blog-bobika.eu\/index.php?rest_route=\/wp\/v2\/pages\/210\/revisions"}],"up":[{"embeddable":true,"href":"https:\/\/blog-bobika.eu\/index.php?rest_route=\/wp\/v2\/pages\/3"}],"wp:attachment":[{"href":"https:\/\/blog-bobika.eu\/index.php?rest_route=%2Fwp%2Fv2%2Fmedia&parent=210"}],"curies":[{"name":"wp","href":"https:\/\/api.w.org\/{rel}","templated":true}]}}