{"id":2,"date":"2008-10-25T16:10:51","date_gmt":"2008-10-25T14:10:51","guid":{"rendered":"http:\/\/www.wowil.coldlight.pl\/bobik\/?page_id=6"},"modified":"2014-03-07T01:42:37","modified_gmt":"2014-03-07T00:42:37","slug":"instrukcja-blogu","status":"publish","type":"page","link":"https:\/\/blog-bobika.eu\/?page_id=2","title":{"rendered":"Dyktatura PSOletariatu"},"content":{"rendered":"<ol>\n<li>Ustrojem panuj\u0105cym na blogu jest dyktatura psoletariatu, a jej organem wykonawczym jest Bobik.<\/li>\n<li>\nDob\u00f3r temat\u00f3w i os\u00f3b na blogu jest nielimitowany, za wyj\u0105tkiem wyj\u0105tk\u00f3w zawartych w poni\u017cszych punktach.<\/li>\n<li>Odwiedzaj\u0105cy blog zobowi\u0105zani s\u0105 do wniesienia kapita\u0142u w\u0142asnego w postaci \u017cyczliwo\u015bci i zrozumienia dla wsp\u00f3\u0142blogowicz\u00f3w oraz poczucia humoru &#8211; zar\u00f3wno w sytuacjach skrajnych, jak i w banalnych.<\/li>\n<li>Blogowicze nieprzestrzegaj\u0105cy netykiety, trolle, wredoty, oszo\u0142omy i pod\u017cegacze* b\u0119d\u0105 bezlito\u015bnie banowani. Zaliczenie do kt\u00f3rej\u015b z w\/w kategorii odbywa si\u0119 na podstawie decyzji Bobika, kieruj\u0105cego si\u0119 s\u0105dami Go\u015bci i w\u0142asnym zdrowym rozs\u0105dkiem.<\/li>\n<li>Cenzura prewencyjna nie istnieje, ale komentarze, kt\u00f3re Bobik uzna za niedopuszczalne mog\u0105 ulec skasowaniu w dowolnym momencie. W szczeg\u00f3lno\u015bci dotyczy to komentarzy rasistowskich, antysemickich, homofobicznych i w og\u00f3le pogardliwie lub dyskryminuj\u0105co traktuj\u0105cych mniejszo\u015bci.<\/li>\n<li>Nieszkodliwe zaczepki, drobne a dowcipne z\u0142o\u015bliwostki, tudzie\u017c ostre, ale nie obra\u017caj\u0105ce nikogo polemiki s\u0105 sol\u0105 blogu i jako takie podlegaj\u0105 szczeg\u00f3lnej ochronie. Z\u0142o\u015bliwo\u015bci grube, rani\u0105ce i zamierzone b\u0119d\u0105 skutkowa\u0142y pokazaniem \u017c\u00f3\u0142tej lub czerwonej kartki.<\/li>\n<li>Niezamierzone nadepni\u0119cie innemu na odcisk nale\u017cy skwitowa\u0107 mniej lub bardziej formalnymi przeprosinami**, zw\u0142aszcza po zg\u0142oszeniu dolegliwo\u015bci z tytu\u0142u nadepni\u0119cia przez nadepni\u0119tego.<br \/>\nNieprzeproszenie b\u0105d\u017a nieprzyj\u0119cie przeprosin i dalsze wa\u0142kowanie sprawy b\u0119dzie bardzo \u017ale widziane przez Bobika i mo\u017ce prowadzi\u0107 do pokazania kartki!<\/li>\n<li>Ostateczne decyzje w kwestiach spornych nale\u017c\u0105 do Bobika, kt\u00f3ry ze swojej strony zobowi\u0105zany jest do zadawania k\u0142amu przekonaniu, \u017ce w\u0142adza absolutna demoralizuje absolutnie.\n<\/li>\n<\/ol>\n<p>* nie dot. nieuk\u00f3w, ulepszaczy i garkot\u0142uk\u00f3w<br \/>\n**  pocz\u0105wszy od &#8222;sorry, nie chcia\u0142em\/-am&#8221;, do padania na kolana i posypywania g\u0142owy popio\u0142em <\/p>\n","protected":false},"excerpt":{"rendered":"<p>Ustrojem panuj\u0105cym na blogu jest dyktatura psoletariatu, a jej organem wykonawczym jest Bobik. Dob\u00f3r temat\u00f3w i os\u00f3b na blogu jest nielimitowany, za wyj\u0105tkiem wyj\u0105tk\u00f3w zawartych w poni\u017cszych punktach. Odwiedzaj\u0105cy blog zobowi\u0105zani s\u0105 do wniesienia kapita\u0142u w\u0142asnego w postaci \u017cyczliwo\u015bci i zrozumienia dla wsp\u00f3\u0142blogowicz\u00f3w oraz poczucia humoru &#8211; zar\u00f3wno w sytuacjach skrajnych, jak i w banalnych. Blogowicze nieprzestrzegaj\u0105cy netykiety, trolle, wredoty, oszo\u0142omy i pod\u017cegacze* b\u0119d\u0105 bezlito\u015bnie banowani. Zaliczenie do kt\u00f3rej\u015b z w\/w kategorii odbywa si\u0119 na podstawie decyzji Bobika, kieruj\u0105cego si\u0119 s\u0105dami Go\u015bci i w\u0142asnym zdrowym rozs\u0105dkiem. Cenzura prewencyjna nie istnieje, ale komentarze, kt\u00f3re Bobik uzna za niedopuszczalne mog\u0105 ulec skasowaniu [&hellip;]<\/p>\n","protected":false},"author":274,"featured_media":0,"parent":0,"menu_order":2,"comment_status":"open","ping_status":"open","template":"","meta":{"footnotes":""},"class_list":["post-2","page","type-page","status-publish","hentry"],"_links":{"self":[{"href":"https:\/\/blog-bobika.eu\/index.php?rest_route=\/wp\/v2\/pages\/2","targetHints":{"allow":["GET"]}}],"collection":[{"href":"https:\/\/blog-bobika.eu\/index.php?rest_route=\/wp\/v2\/pages"}],"about":[{"href":"https:\/\/blog-bobika.eu\/index.php?rest_route=\/wp\/v2\/types\/page"}],"author":[{"embeddable":true,"href":"https:\/\/blog-bobika.eu\/index.php?rest_route=\/wp\/v2\/users\/274"}],"replies":[{"embeddable":true,"href":"https:\/\/blog-bobika.eu\/index.php?rest_route=%2Fwp%2Fv2%2Fcomments&post=2"}],"version-history":[{"count":5,"href":"https:\/\/blog-bobika.eu\/index.php?rest_route=\/wp\/v2\/pages\/2\/revisions"}],"predecessor-version":[{"id":1791,"href":"https:\/\/blog-bobika.eu\/index.php?rest_route=\/wp\/v2\/pages\/2\/revisions\/1791"}],"wp:attachment":[{"href":"https:\/\/blog-bobika.eu\/index.php?rest_route=%2Fwp%2Fv2%2Fmedia&parent=2"}],"curies":[{"name":"wp","href":"https:\/\/api.w.org\/{rel}","templated":true}]}}